{"id":27930,"date":"2025-09-26T11:02:02","date_gmt":"2025-09-26T09:02:02","guid":{"rendered":"https:\/\/concellodezas.gal\/programas\/enrique-labarta-pose\/"},"modified":"2025-11-24T21:17:38","modified_gmt":"2025-11-24T20:17:38","slug":"enrique-labarta-pose","status":"publish","type":"programas","link":"https:\/\/concellodezas.gal\/es\/programas\/enrique-labarta-pose\/","title":{"rendered":"Actividades sobre Enrique Labarta Pose"},"content":{"rendered":"\n<p>Enrique Labarta Pose (Baio, 1863 \u2013 Barcelona, 1925) es una figura esencial de las letras gallegas: poeta, narrador, dramaturgo, jornalista y pionero de la fotograf\u00eda y de la publicidad en Galicia. Conocido como <em>el Quevedo gallego<\/em>, cultiv\u00f3 poes\u00eda, narrativa y teatro en gallego y en castellano con un estilo lleno de humor, s\u00e1tira, iron\u00eda y compromiso social, dejando una fonda pegada en la Costa de la Muerte y en el conjunto de Galicia. <\/p>\n\n<p>El Ayuntamiento de Zas trabaja desde hace a\u00f1os para recuperar y difundir su legado mediante un folleto informativo, la jornada \u00abLas pegadas de Enrique Labarta Pose\u00bb, un rotero literario integrado en el Proyecto Roteiros del Consejo de la Cultura Gallega, una exposici\u00f3n itinerante y una muestra permanente en el Centro Sociocultural de Bayo. Toda la informaci\u00f3n ampliada, recursos did\u00e1cticos, v\u00eddeos y detalles del rotero pueden consultarse en la web espec\u00edfica adicional al autor: <a href=\"https:\/\/enriquelabartapose.concellodezas.gal\/\">https:\/\/enriquelabartapose.concellodezas.gal\/<\/a> impulsando el reconocimiento institucional que merece y facilitando a la vecinanza el acceso a su patrimonio cultural. <\/p>\n","protected":false},"featured_media":9061,"template":"","class_list":["post-27930","programas","type-programas","status-publish","has-post-thumbnail","hentry"],"_links":{"self":[{"href":"https:\/\/concellodezas.gal\/es\/wp-json\/wp\/v2\/programas\/27930","targetHints":{"allow":["GET"]}}],"collection":[{"href":"https:\/\/concellodezas.gal\/es\/wp-json\/wp\/v2\/programas"}],"about":[{"href":"https:\/\/concellodezas.gal\/es\/wp-json\/wp\/v2\/types\/programas"}],"wp:featuredmedia":[{"embeddable":true,"href":"https:\/\/concellodezas.gal\/es\/wp-json\/wp\/v2\/media\/9061"}],"wp:attachment":[{"href":"https:\/\/concellodezas.gal\/es\/wp-json\/wp\/v2\/media?parent=27930"}],"curies":[{"name":"wp","href":"https:\/\/api.w.org\/{rel}","templated":true}]}}

<p>Enrique Labarta Pose (Baio, 1863 – Barcelona, 1925) es una figura esencial de las letras gallegas: poeta, narrador, dramaturgo, jornalista y pionero de la fotografía y de la publicidad en Galicia. Conocido como <em>el Quevedo gallego</em>, cultivó poesía, narrativa y teatro en gallego y en castellano con un estilo lleno de humor, sátira, ironía y compromiso social, dejando una fonda pegada en la Costa de la Muerte y en el conjunto de Galicia. </p>

<p>El Ayuntamiento de Zas trabaja desde hace años para recuperar y difundir su legado mediante un folleto informativo, la jornada «Las pegadas de Enrique Labarta Pose», un rotero literario integrado en el Proyecto Roteiros del Consejo de la Cultura Gallega, una exposición itinerante y una muestra permanente en el Centro Sociocultural de Bayo. Toda la información ampliada, recursos didácticos, vídeos y detalles del rotero pueden consultarse en la web específica adicional al autor: <a href="https://enriquelabartapose.concellodezas.gal/">https://enriquelabartapose.concellodezas.gal/</a> impulsando el reconocimiento institucional que merece y facilitando a la vecinanza el acceso a su patrimonio cultural. </p>
