{"id":27908,"date":"2025-09-26T11:15:59","date_gmt":"2025-09-26T09:15:59","guid":{"rendered":"https:\/\/concellodezas.gal\/programas\/zas-no-entroido\/"},"modified":"2025-11-24T20:59:48","modified_gmt":"2025-11-24T19:59:48","slug":"zas-en-el-entroido","status":"publish","type":"programas","link":"https:\/\/concellodezas.gal\/es\/programas\/zas-en-el-entroido\/","title":{"rendered":"Zas en el Entroido"},"content":{"rendered":"\n<p>El Ayuntamiento de Zas celebra cada <strong>a\u00f1o el Entroido<\/strong> con un amplio programa de actividades que combina tradici\u00f3n, diversi\u00f3n y participaci\u00f3n ciudadana. Las calles se tienen de color y ledicia con los desfiles de disfraces protagonizados por el alumnado de los centros educativos, que marcan el inicio de las fiestas. <\/p>\n\n<p>Los m\u00e1s peque\u00f1os disfrutan de <strong>talleres creativos y juegos de entroido<\/strong>, mientras que el punto \u00e1lgido llega <strong>con la gran fiesta en el pabell\u00f3n municipal<\/strong>, donde no faltan las hijas a la piedra ni el tradicional <strong>concurso de disfraces<\/strong>, en el que se reparten importantes premios en diferentes categor\u00edas: infantil, juvenil, adulto y grupos o comparsas.<\/p>\n\n<p>La programaci\u00f3n se completa con propuestas de ocio para todas las edades, reforzando el car\u00e1cter comunitario de estas fechas. <em>En el Entroido es<\/em> , as\u00ed, una cita que mantiene viva la esencia del carnaval gallego, promoviendo la creatividad, la convivencia y la identidad cultural del municipio.<\/p>\n","protected":false},"featured_media":27909,"template":"","class_list":["post-27908","programas","type-programas","status-publish","has-post-thumbnail","hentry"],"_links":{"self":[{"href":"https:\/\/concellodezas.gal\/es\/wp-json\/wp\/v2\/programas\/27908","targetHints":{"allow":["GET"]}}],"collection":[{"href":"https:\/\/concellodezas.gal\/es\/wp-json\/wp\/v2\/programas"}],"about":[{"href":"https:\/\/concellodezas.gal\/es\/wp-json\/wp\/v2\/types\/programas"}],"wp:featuredmedia":[{"embeddable":true,"href":"https:\/\/concellodezas.gal\/es\/wp-json\/wp\/v2\/media\/27909"}],"wp:attachment":[{"href":"https:\/\/concellodezas.gal\/es\/wp-json\/wp\/v2\/media?parent=27908"}],"curies":[{"name":"wp","href":"https:\/\/api.w.org\/{rel}","templated":true}]}}

<p>El Ayuntamiento de Zas celebra cada <strong>año el Entroido</strong> con un amplio programa de actividades que combina tradición, diversión y participación ciudadana. Las calles se tienen de color y ledicia con los desfiles de disfraces protagonizados por el alumnado de los centros educativos, que marcan el inicio de las fiestas. </p>

<p>Los más pequeños disfrutan de <strong>talleres creativos y juegos de entroido</strong>, mientras que el punto álgido llega <strong>con la gran fiesta en el pabellón municipal</strong>, donde no faltan las hijas a la piedra ni el tradicional <strong>concurso de disfraces</strong>, en el que se reparten importantes premios en diferentes categorías: infantil, juvenil, adulto y grupos o comparsas.</p>

<p>La programación se completa con propuestas de ocio para todas las edades, reforzando el carácter comunitario de estas fechas. <em>En el Entroido es</em> , así, una cita que mantiene viva la esencia del carnaval gallego, promoviendo la creatividad, la convivencia y la identidad cultural del municipio.</p>
