{"id":27905,"date":"2025-09-26T11:17:20","date_gmt":"2025-09-26T09:17:20","guid":{"rendered":"https:\/\/concellodezas.gal\/programas\/premios-foucino\/"},"modified":"2025-11-24T20:56:51","modified_gmt":"2025-11-24T19:56:51","slug":"premios-foucino","status":"publish","type":"programas","link":"https:\/\/concellodezas.gal\/es\/programas\/premios-foucino\/","title":{"rendered":"Premios Fouci\u00f1o"},"content":{"rendered":"\n<p>Os <strong><a href=\"https:\/\/premiosfoucino.concellodezas.gal\/\" target=\"_blank\" rel=\"noopener\" title=\"\">Premios Fouci\u00f1o<\/a><\/strong> naceron como un certame de curtametraxes que converte a Baio nun punto de encontro do sector audiovisual galego. Organizados polo Concello de Zas coa colaboraci\u00f3n da Deputaci\u00f3n da Coru\u00f1a e dun grupo de mozos e mozas da localidade, os premios buscan reco\u00f1ecer o talento creativo e t\u00e9cnico das novas xeraci\u00f3ns e dar maior visibilidade \u00e1 lingua galega na rede. <\/p>\n\n<p>El festival combina la proyecci\u00f3n de las cortas finalistas con un <strong>programa de actividades paralelas<\/strong>: talleres infantiles y para adultos, mesas redondas con profesionales del audiovisual, proyecciones de filmes de autor y un festival musical de cierre con bandas gallegas emergentes. Todo el programa es de acceso libre y gratuito, favoreciendo la participaci\u00f3n de p\u00fablicos diversos. <\/p>\n\n<p>La participaci\u00f3n est\u00e1 abierta tanto a <strong>centros educativos<\/strong> como al p\u00fablico en general, con una tem\u00e1tica libre y piezas de hasta cinco minutos en gallego o subtituladas. El jurado, integrado por profesionales de la cultura, del teatro y del audiovisual, selecciona las cortas finalistas, mientras que el p\u00fablico tambi\u00e9n tiene la oportunidad de escoger su favorita. <\/p>\n\n<p>En cada edici\u00f3n se reparten varios premios econ\u00f3micos y trofeos, destacando las categor\u00edas de <strong>mejor cortametraje abierta, mejor corta escolar y premio del p\u00fablico<\/strong>. De esta forma, el certamen afianza su objetivo: <strong>promover la creaci\u00f3n audiovisual en gallego, apoyar nuevos talentos y consolidar la Costa de la Muerte como un referente cultural en el panorama audiovisual gallego<\/strong>. <\/p>\n","protected":false},"featured_media":20144,"template":"","class_list":["post-27905","programas","type-programas","status-publish","has-post-thumbnail","hentry"],"_links":{"self":[{"href":"https:\/\/concellodezas.gal\/es\/wp-json\/wp\/v2\/programas\/27905","targetHints":{"allow":["GET"]}}],"collection":[{"href":"https:\/\/concellodezas.gal\/es\/wp-json\/wp\/v2\/programas"}],"about":[{"href":"https:\/\/concellodezas.gal\/es\/wp-json\/wp\/v2\/types\/programas"}],"wp:featuredmedia":[{"embeddable":true,"href":"https:\/\/concellodezas.gal\/es\/wp-json\/wp\/v2\/media\/20144"}],"wp:attachment":[{"href":"https:\/\/concellodezas.gal\/es\/wp-json\/wp\/v2\/media?parent=27905"}],"curies":[{"name":"wp","href":"https:\/\/api.w.org\/{rel}","templated":true}]}}

Premios Fouciño

<p>Os <strong><a href="https://premiosfoucino.concellodezas.gal/" target="_blank" rel="noopener" title="">Premios Fouciño</a></strong> naceron como un certame de curtametraxes que converte a Baio nun punto de encontro do sector audiovisual galego. Organizados polo Concello de Zas coa colaboración da Deputación da Coruña e dun grupo de mozos e mozas da localidade, os premios buscan recoñecer o talento creativo e técnico das novas xeracións e dar maior visibilidade á lingua galega na rede. </p>

<p>El festival combina la proyección de las cortas finalistas con un <strong>programa de actividades paralelas</strong>: talleres infantiles y para adultos, mesas redondas con profesionales del audiovisual, proyecciones de filmes de autor y un festival musical de cierre con bandas gallegas emergentes. Todo el programa es de acceso libre y gratuito, favoreciendo la participación de públicos diversos. </p>

<p>La participación está abierta tanto a <strong>centros educativos</strong> como al público en general, con una temática libre y piezas de hasta cinco minutos en gallego o subtituladas. El jurado, integrado por profesionales de la cultura, del teatro y del audiovisual, selecciona las cortas finalistas, mientras que el público también tiene la oportunidad de escoger su favorita. </p>

<p>En cada edición se reparten varios premios económicos y trofeos, destacando las categorías de <strong>mejor cortametraje abierta, mejor corta escolar y premio del público</strong>. De esta forma, el certamen afianza su objetivo: <strong>promover la creación audiovisual en gallego, apoyar nuevos talentos y consolidar la Costa de la Muerte como un referente cultural en el panorama audiovisual gallego</strong>. </p>
