{"id":27743,"date":"2025-09-26T11:31:21","date_gmt":"2025-09-26T09:31:21","guid":{"rendered":"https:\/\/concellodezas.gal\/programas\/programa-de-insercion-social\/"},"modified":"2025-11-24T13:51:16","modified_gmt":"2025-11-24T12:51:16","slug":"programa-de-insercion-social","status":"publish","type":"programas","link":"https:\/\/concellodezas.gal\/es\/programas\/programa-de-insercion-social\/","title":{"rendered":"Programa de inserci\u00f3n social"},"content":{"rendered":"\n<p>Este conjunto de acciones responde a la necesidad de prevenir la marginaci\u00f3n y sus causas as\u00ed como de promover procesos de participaci\u00f3n e integraci\u00f3n social de las personas y colectivos m\u00e1s desfavorecidos, cumpliendo as\u00ed los principios que deben guiar toda intervenci\u00f3n social.<\/p>\n\n<p>Tienen como objetivo prevenir la aparici\u00f3n o eliminar factores potencialmente capaces de generar procesos de marginaci\u00f3n y exclusi\u00f3n social, favoreciendo la promoci\u00f3n de actitudes de tolerancia, respeto y solidaridad.<\/p>\n\n<p>En este sentido, las acciones a desarrollar tender\u00e1n b\u00e1sicamente al fomento de la participaci\u00f3n, la animaci\u00f3n comunitaria, la ocupaci\u00f3n del ocio y del tiempo libre, campa\u00f1as de informaci\u00f3n y sensibilizaci\u00f3n, etc.; todo ello partiendo del objetivo espec\u00edfico de fortalecer el tejido social de la comunidad.<\/p>\n\n<h2 class=\"wp-block-heading\">1. AYUDAS DE URGENCIA SOCIAL<\/h2>\n\n<p>Las situaciones de emergencia existen y deben resolverse cuando surge la necesidad. La pr\u00e1ctica aconseja abordar estas situaciones con medidas econ\u00f3micas concretas e inmediatas. <\/p>\n\n<p>Hay que tener presente que esta zona presenta graves desequilibrios sociales, como una alta incidencia del desempleo entre los j\u00f3venes y una alta tasa de envejecimiento de la poblaci\u00f3n, gran parte de la cual presenta deficientes condiciones de cobertura para solucionar aquellas necesidades que se generan en caso de accidente.<\/p>\n\n<p>Tambi\u00e9n debemos destacar la importancia de la existencia y concesi\u00f3n de estas ayudas, ya que supone disponer de recursos que nos permiten atender a aquellos usuarios que necesitan respuestas inmediatas.<\/p>\n\n<p>Esta protecci\u00f3n econ\u00f3mica supone que la resoluci\u00f3n de las demandas m\u00e1s urgentes no est\u00e9 sujeta a convocatorias de ayudas individuales de los diferentes Organismos P\u00fablicos, con plazos y posibilidades de no concesi\u00f3n.<\/p>\n\n<h2 class=\"wp-block-heading\">2. REHABILITACI\u00d3N PSICOSOCIAL Y LABORAL<\/h2>\n\n<p>La rehabilitaci\u00f3n psicosocial tiene como objetivo general ayudar a las personas a reintegrarse a la comunidad y mejorar su funcionamiento psicosocial para que puedan permanecer en su entorno social y familiar en las condiciones m\u00e1s normalizadas e independientes posibles.<\/p>\n\n<p>Los objetivos de este servicio fueron:<\/p>\n\n<ul class=\"wp-block-list\">\n<li>Mejorar la interacci\u00f3n con los dem\u00e1s.<\/li>\n\n\n\n<li>Aumentar la capacidad para resolver y abordar problemas.<\/li>\n\n\n\n<li>Obtener una mayor autoafirmaci\u00f3n y mejorar la asertividad.<\/li>\n\n\n\n<li>Facilitar la expresi\u00f3n de sentimientos.<\/li>\n<\/ul>\n\n<h2 class=\"wp-block-heading\">3. PROGRAMA DE PREVENCI\u00d3N E INSERCI\u00d3N DE PERSONAS CON DISCAPACIDAD<\/h2>\n\n<p>Dentro de este programa se realizaron las siguientes actividades:<\/p>\n\n<h3 class=\"wp-block-heading\"><strong><em>CAMPA\u00d1A DE PREVENCI\u00d3N DE DISCAPACIDADES.<\/em><\/strong><\/h3>\n\n<p>Esta campa\u00f1a se realiz\u00f3 conjuntamente con la asociaci\u00f3n de discapacitados <em>INTEGRO<\/em>.<\/p>\n\n<p>Esta campa\u00f1a estuvo dirigida a la poblaci\u00f3n juvenil del Municipio de Zas y se llev\u00f3 a cabo en las escuelas p\u00fablicas de Zas y Baio.<\/p>\n\n<ul class=\"wp-block-list\">\n<li>Sus objetivos espec\u00edficos fueron los siguientes:<\/li>\n\n\n\n<li>Concienciar sobre las discapacidades y sus causas<\/li>\n\n\n\n<li>Sensibilizar sobre c\u00f3mo prevenir accidentes y sus principales causas.<\/li>\n\n\n\n<li>Informar sobre la actuaci\u00f3n en caso de accidentes.<\/li>\n<\/ul>\n\n<h3 class=\"wp-block-heading\"><strong><em>CURSO DE INFORM\u00c1TICA<\/em><\/strong><\/h3>\n\n<p>Este curso se imparti\u00f3 en colaboraci\u00f3n con la asociaci\u00f3n de discapacitados <em>INTEGRO<\/em>.<\/p>\n\n<p>Estuvo dirigido a la poblaci\u00f3n con discapacidad del Municipio de Zas y el contenido fue introductorio a la inform\u00e1tica, asistieron 10 personas.<\/p>\n\n<h2 class=\"wp-block-heading\">4. PROGRAMA DE INTERVENCI\u00d3N CON COLECTIVOS EN SITUACIONES DE NECESIDAD<\/h2>\n\n<p>Dentro de este programa se realiz\u00f3 una intervenci\u00f3n t\u00e9cnica para apoyar a familias en situaci\u00f3n de necesidad donde hay menores en riesgo, buscando reducir los problemas psicosociales que afectan negativamente a los menores.<\/p>\n\n<p>Familias desorganizadas, sospechosas de abuso, abandono de menores y crisis en las relaciones padres\/hijos, fueron objeto de intervenci\u00f3n dentro de este programa.<\/p>\n\n<p>A estas familias tambi\u00e9n se les brind\u00f3 un taller educativo donde se abordaron los siguientes temas:<\/p>\n\n<ul class=\"wp-block-list\">\n<li>Conductas adictivas.<\/li>\n\n\n\n<li>Habilidades de comunicaci\u00f3n.<\/li>\n\n\n\n<li>Pautas educativas.<\/li>\n\n\n\n<li>Transtornos de la alimentaci\u00f3n.<\/li>\n\n\n\n<li>Presi\u00f3n de grupo.<\/li>\n<\/ul>\n","protected":false},"featured_media":25126,"template":"","class_list":["post-27743","programas","type-programas","status-publish","has-post-thumbnail","hentry"],"_links":{"self":[{"href":"https:\/\/concellodezas.gal\/es\/wp-json\/wp\/v2\/programas\/27743","targetHints":{"allow":["GET"]}}],"collection":[{"href":"https:\/\/concellodezas.gal\/es\/wp-json\/wp\/v2\/programas"}],"about":[{"href":"https:\/\/concellodezas.gal\/es\/wp-json\/wp\/v2\/types\/programas"}],"wp:featuredmedia":[{"embeddable":true,"href":"https:\/\/concellodezas.gal\/es\/wp-json\/wp\/v2\/media\/25126"}],"wp:attachment":[{"href":"https:\/\/concellodezas.gal\/es\/wp-json\/wp\/v2\/media?parent=27743"}],"curies":[{"name":"wp","href":"https:\/\/api.w.org\/{rel}","templated":true}]}}

Programa de inserción social

<p>Este conjunto de acciones responde a la necesidad de prevenir la marginación y sus causas así como de promover procesos de participación e integración social de las personas y colectivos más desfavorecidos, cumpliendo así los principios que deben guiar toda intervención social.</p>

<p>Tienen como objetivo prevenir la aparición o eliminar factores potencialmente capaces de generar procesos de marginación y exclusión social, favoreciendo la promoción de actitudes de tolerancia, respeto y solidaridad.</p>

<p>En este sentido, las acciones a desarrollar tenderán básicamente al fomento de la participación, la animación comunitaria, la ocupación del ocio y del tiempo libre, campañas de información y sensibilización, etc.; todo ello partiendo del objetivo específico de fortalecer el tejido social de la comunidad.</p>

<h2 class="wp-block-heading">1. AYUDAS DE URGENCIA SOCIAL</h2>

<p>Las situaciones de emergencia existen y deben resolverse cuando surge la necesidad. La práctica aconseja abordar estas situaciones con medidas económicas concretas e inmediatas. </p>

<p>Hay que tener presente que esta zona presenta graves desequilibrios sociales, como una alta incidencia del desempleo entre los jóvenes y una alta tasa de envejecimiento de la población, gran parte de la cual presenta deficientes condiciones de cobertura para solucionar aquellas necesidades que se generan en caso de accidente.</p>

<p>También debemos destacar la importancia de la existencia y concesión de estas ayudas, ya que supone disponer de recursos que nos permiten atender a aquellos usuarios que necesitan respuestas inmediatas.</p>

<p>Esta protección económica supone que la resolución de las demandas más urgentes no esté sujeta a convocatorias de ayudas individuales de los diferentes Organismos Públicos, con plazos y posibilidades de no concesión.</p>

<h2 class="wp-block-heading">2. REHABILITACIÓN PSICOSOCIAL Y LABORAL</h2>

<p>La rehabilitación psicosocial tiene como objetivo general ayudar a las personas a reintegrarse a la comunidad y mejorar su funcionamiento psicosocial para que puedan permanecer en su entorno social y familiar en las condiciones más normalizadas e independientes posibles.</p>

<p>Los objetivos de este servicio fueron:</p>

<ul class="wp-block-list">
<li>Mejorar la interacción con los demás.</li>



<li>Aumentar la capacidad para resolver y abordar problemas.</li>



<li>Obtener una mayor autoafirmación y mejorar la asertividad.</li>



<li>Facilitar la expresión de sentimientos.</li>
</ul>

<h2 class="wp-block-heading">3. PROGRAMA DE PREVENCIÓN E INSERCIÓN DE PERSONAS CON DISCAPACIDAD</h2>

<p>Dentro de este programa se realizaron las siguientes actividades:</p>

<h3 class="wp-block-heading"><strong><em>CAMPAÑA DE PREVENCIÓN DE DISCAPACIDADES.</em></strong></h3>

<p>Esta campaña se realizó conjuntamente con la asociación de discapacitados <em>INTEGRO</em>.</p>

<p>Esta campaña estuvo dirigida a la población juvenil del Municipio de Zas y se llevó a cabo en las escuelas públicas de Zas y Baio.</p>

<ul class="wp-block-list">
<li>Sus objetivos específicos fueron los siguientes:</li>



<li>Concienciar sobre las discapacidades y sus causas</li>



<li>Sensibilizar sobre cómo prevenir accidentes y sus principales causas.</li>



<li>Informar sobre la actuación en caso de accidentes.</li>
</ul>

<h3 class="wp-block-heading"><strong><em>CURSO DE INFORMÁTICA</em></strong></h3>

<p>Este curso se impartió en colaboración con la asociación de discapacitados <em>INTEGRO</em>.</p>

<p>Estuvo dirigido a la población con discapacidad del Municipio de Zas y el contenido fue introductorio a la informática, asistieron 10 personas.</p>

<h2 class="wp-block-heading">4. PROGRAMA DE INTERVENCIÓN CON COLECTIVOS EN SITUACIONES DE NECESIDAD</h2>

<p>Dentro de este programa se realizó una intervención técnica para apoyar a familias en situación de necesidad donde hay menores en riesgo, buscando reducir los problemas psicosociales que afectan negativamente a los menores.</p>

<p>Familias desorganizadas, sospechosas de abuso, abandono de menores y crisis en las relaciones padres/hijos, fueron objeto de intervención dentro de este programa.</p>

<p>A estas familias también se les brindó un taller educativo donde se abordaron los siguientes temas:</p>

<ul class="wp-block-list">
<li>Conductas adictivas.</li>



<li>Habilidades de comunicación.</li>



<li>Pautas educativas.</li>



<li>Transtornos de la alimentación.</li>



<li>Presión de grupo.</li>
</ul>
