{"id":27741,"date":"2025-09-26T11:32:34","date_gmt":"2025-09-26T09:32:34","guid":{"rendered":"https:\/\/concellodezas.gal\/programas\/programa-de-cooperacion-social\/"},"modified":"2025-11-24T13:41:54","modified_gmt":"2025-11-24T12:41:54","slug":"programa-de-cooperacion-social","status":"publish","type":"programas","link":"https:\/\/concellodezas.gal\/es\/programas\/programa-de-cooperacion-social\/","title":{"rendered":"Programa de cooperaci\u00f3n social"},"content":{"rendered":"\n<p>A trav\u00e9s del fomento de la cooperaci\u00f3n pretende el Ayuntamiento de Zas potenciar la participaci\u00f3n de personas y grupos en la vida comunitaria fomentando la iniciativa social, la solidaridad, el asociacionismo, as\u00ed como favorecer la toma de conciencia de los ciudadanos sobre sus problemas.<\/p>\n\n<p>Ya son varios los a\u00f1os en los que el Ayuntamiento colabora con la asociaci\u00f3n <a href=\"http:\/\/www.neria.es\/\">NERIA<\/a>.<\/p>\n\n<p>Concretamente para este a\u00f1o se pretende colaborar con ella para el desarrollo del programa de prevenci\u00f3n y reinserci\u00f3n de drogodependencias.<\/p>\n","protected":false},"featured_media":25120,"template":"","class_list":["post-27741","programas","type-programas","status-publish","has-post-thumbnail","hentry"],"_links":{"self":[{"href":"https:\/\/concellodezas.gal\/es\/wp-json\/wp\/v2\/programas\/27741","targetHints":{"allow":["GET"]}}],"collection":[{"href":"https:\/\/concellodezas.gal\/es\/wp-json\/wp\/v2\/programas"}],"about":[{"href":"https:\/\/concellodezas.gal\/es\/wp-json\/wp\/v2\/types\/programas"}],"wp:featuredmedia":[{"embeddable":true,"href":"https:\/\/concellodezas.gal\/es\/wp-json\/wp\/v2\/media\/25120"}],"wp:attachment":[{"href":"https:\/\/concellodezas.gal\/es\/wp-json\/wp\/v2\/media?parent=27741"}],"curies":[{"name":"wp","href":"https:\/\/api.w.org\/{rel}","templated":true}]}}

Programa de cooperación social

<p>A través del fomento de la cooperación pretende el Ayuntamiento de Zas potenciar la participación de personas y grupos en la vida comunitaria fomentando la iniciativa social, la solidaridad, el asociacionismo, así como favorecer la toma de conciencia de los ciudadanos sobre sus problemas.</p>

<p>Ya son varios los años en los que el Ayuntamiento colabora con la asociación <a href="http://www.neria.es/">NERIA</a>.</p>

<p>Concretamente para este año se pretende colaborar con ella para el desarrollo del programa de prevención y reinserción de drogodependencias.</p>
