{"id":27737,"date":"2025-09-26T11:34:14","date_gmt":"2025-09-26T09:34:14","guid":{"rendered":"https:\/\/concellodezas.gal\/programas\/servicio-de-atencion-temprana\/"},"modified":"2025-11-24T13:30:31","modified_gmt":"2025-11-24T12:30:31","slug":"servicio-de-atencion-temprana","status":"publish","type":"programas","link":"https:\/\/concellodezas.gal\/es\/programas\/servicio-de-atencion-temprana\/","title":{"rendered":"Servicio de atenci\u00f3n temprana"},"content":{"rendered":"\n<p><strong>\u00bfQue es la atenci\u00f3n temprana?<\/strong><\/p>\n\n<p>Se entendiera la atenci\u00f3n temprana como un conjunto de intervenciones dirigidas a la poblaci\u00f3n infantil de 0 a 6 a\u00f1os.<\/p>\n\n<p>Su objetivo es dar respuesta lo antes posible a las necesidades transitorias o permanentes de los ni\u00f1os y ni\u00f1as con trastornos en el desarrollo o en riesgo de padecerlos. La clave es que cuanto m\u00e1s agita si detecten las posibles dificultades los resultados de la atenci\u00f3n profesional pueden ser mejores. <\/p>\n\n<p><strong>A quien se dirige la atenci\u00f3n temprana?<\/strong><\/p>\n\n<p>El Servicio de Atenci\u00f3n Temprana digiera a los ni\u00f1os y ni\u00f1as de 0 a 6 a\u00f1os con trastornos en el desarrollo o en situaci\u00f3n de riesgo de padecerlos, a las familias y su entorno empadronados en los Ayuntamientos de Dumbr\u00eda, Camari\u00f1as, Carnota, Cee, Corcubi\u00f3n, Fisterra, Mazaricos, Mux\u00eda, Zas y Vimianzo.<\/p>\n\n<p><strong>Quien puede informar de una sospecha de trastorno del desarrollo de un ni\u00f1o?<\/strong><\/p>\n\n<p>Las propias familias, las escuelas infantiles, los servicios sociales comunitarios u otras instancias que traten con el menor y con la familia.<\/p>\n\n<p>En el caso de que la sospecha sea fuera de la familia, debe informarse a la misma para que acudan al servicio de pediatr\u00eda.<\/p>\n\n<p><strong>\u00bfA donde debo de dirigirme para obtener m\u00e1s informaci\u00f3n?<\/strong><\/p>\n\n<ul class=\"wp-block-list\">\n<li>Al servicio de pediatr\u00eda que derivar\u00e1 ,en el caso de que considere, a la unidad de AT.<\/li>\n\n\n\n<li>A los servicios sociales de los Ayuntamientos de Dumbr\u00eda, Camari\u00f1as, Carnota, Cee, Corcubi\u00f3n, Fisterra, Mazaricos, Mux\u00eda, Vimianzo y Zas.<\/li>\n\n\n\n<li>Al servicio de orietaci\u00f3n del centro educativo en el que est\u00e9 matriculado el ni\u00f1o o ni\u00f1a<\/li>\n\n\n\n<li>Al servicio de la agrupaci\u00f3n de los ayuntamientos anteriormente indicados del Servicio de Atenci\u00f3n<\/li>\n<\/ul>\n\n<p><strong>Contacto del Servicio de Atenci\u00f3n Temprana Costa de la Muerte<\/strong><\/p>\n\n<ul class=\"wp-block-list\">\n<li>Piedra Mayor, n\u00ba 97 El \u00c9zaro \u2013 Dumbr\u00eda (696 55 77 82)<\/li>\n\n\n\n<li>Fisterre, 12-1\u00ba. Vimianzo (669 51 40 76) <\/li>\n\n\n\n<li><a href=\"mailto:atenciontemprana@satcostadamorte.org\">atenciontemprana@satcostadamorte.org<\/a><\/li>\n<\/ul>\n","protected":false},"featured_media":7605,"template":"","class_list":["post-27737","programas","type-programas","status-publish","has-post-thumbnail","hentry"],"_links":{"self":[{"href":"https:\/\/concellodezas.gal\/es\/wp-json\/wp\/v2\/programas\/27737","targetHints":{"allow":["GET"]}}],"collection":[{"href":"https:\/\/concellodezas.gal\/es\/wp-json\/wp\/v2\/programas"}],"about":[{"href":"https:\/\/concellodezas.gal\/es\/wp-json\/wp\/v2\/types\/programas"}],"wp:featuredmedia":[{"embeddable":true,"href":"https:\/\/concellodezas.gal\/es\/wp-json\/wp\/v2\/media\/7605"}],"wp:attachment":[{"href":"https:\/\/concellodezas.gal\/es\/wp-json\/wp\/v2\/media?parent=27737"}],"curies":[{"name":"wp","href":"https:\/\/api.w.org\/{rel}","templated":true}]}}

Servicio de atención temprana

<p><strong>¿Que es la atención temprana?</strong></p>

<p>Se entendiera la atención temprana como un conjunto de intervenciones dirigidas a la población infantil de 0 a 6 años.</p>

<p>Su objetivo es dar respuesta lo antes posible a las necesidades transitorias o permanentes de los niños y niñas con trastornos en el desarrollo o en riesgo de padecerlos. La clave es que cuanto más agita si detecten las posibles dificultades los resultados de la atención profesional pueden ser mejores. </p>

<p><strong>A quien se dirige la atención temprana?</strong></p>

<p>El Servicio de Atención Temprana digiera a los niños y niñas de 0 a 6 años con trastornos en el desarrollo o en situación de riesgo de padecerlos, a las familias y su entorno empadronados en los Ayuntamientos de Dumbría, Camariñas, Carnota, Cee, Corcubión, Fisterra, Mazaricos, Muxía, Zas y Vimianzo.</p>

<p><strong>Quien puede informar de una sospecha de trastorno del desarrollo de un niño?</strong></p>

<p>Las propias familias, las escuelas infantiles, los servicios sociales comunitarios u otras instancias que traten con el menor y con la familia.</p>

<p>En el caso de que la sospecha sea fuera de la familia, debe informarse a la misma para que acudan al servicio de pediatría.</p>

<p><strong>¿A donde debo de dirigirme para obtener más información?</strong></p>

<ul class="wp-block-list">
<li>Al servicio de pediatría que derivará ,en el caso de que considere, a la unidad de AT.</li>



<li>A los servicios sociales de los Ayuntamientos de Dumbría, Camariñas, Carnota, Cee, Corcubión, Fisterra, Mazaricos, Muxía, Vimianzo y Zas.</li>



<li>Al servicio de orietación del centro educativo en el que esté matriculado el niño o niña</li>



<li>Al servicio de la agrupación de los ayuntamientos anteriormente indicados del Servicio de Atención</li>
</ul>

<p><strong>Contacto del Servicio de Atención Temprana Costa de la Muerte</strong></p>

<ul class="wp-block-list">
<li>Piedra Mayor, nº 97 El Ézaro – Dumbría (696 55 77 82)</li>



<li>Fisterre, 12-1º. Vimianzo (669 51 40 76) </li>



<li><a href="mailto:atenciontemprana@satcostadamorte.org">atenciontemprana@satcostadamorte.org</a></li>
</ul>
