{"id":27716,"date":"2025-10-01T11:56:32","date_gmt":"2025-10-01T09:56:32","guid":{"rendered":"https:\/\/concellodezas.gal\/programas\/bolsa-de-empleo\/"},"modified":"2025-11-24T12:54:50","modified_gmt":"2025-11-24T11:54:50","slug":"bolsa-de-empleo","status":"publish","type":"programas","link":"https:\/\/concellodezas.gal\/es\/programas\/bolsa-de-empleo\/","title":{"rendered":"Bolsa de empleo"},"content":{"rendered":"\n<p>El objetivo de la creaci\u00f3n de esta beca de empleo es la mediaci\u00f3n laboral entre las empresas y los trabajadores a trav\u00e9s de la gesti\u00f3n de las ofertas de empleo que se presenten.<\/p>\n\n<p>Este servicio se pone a disposici\u00f3n tanto de las empresas como de los demandantes de empleo que lo soliciten.<\/p>\n\n<p>La inscripci\u00f3n en la bolsa de empleo se formaliza mediante la elaboraci\u00f3n del curr\u00edculum vitae por parte de la persona demandante de empleo, que deber\u00e1 traer toda la documentaci\u00f3n que garantice la veracidad de los datos que se introduzcan.<\/p>\n\n<p>Cuando un empresario oferte un puesto de trabajo, se presentar\u00e1 un listado de las personas demandantes que se ajusten al perfil que se busca.<\/p>\n\n<p>En todo caso ser\u00e1 siempre la empresa la que seleccione al candidato m\u00e1s id\u00f3neo.<\/p>\n\n<p>Adem\u00e1s las personas que se inscriban en esta beca ser\u00e1n informadas permanentemente de actividades de formaci\u00f3n que se desarrollen en el \u00e1mbito del Ayuntamiento de Zas.<\/p>\n","protected":false},"featured_media":4107,"template":"","class_list":["post-27716","programas","type-programas","status-publish","has-post-thumbnail","hentry"],"_links":{"self":[{"href":"https:\/\/concellodezas.gal\/es\/wp-json\/wp\/v2\/programas\/27716","targetHints":{"allow":["GET"]}}],"collection":[{"href":"https:\/\/concellodezas.gal\/es\/wp-json\/wp\/v2\/programas"}],"about":[{"href":"https:\/\/concellodezas.gal\/es\/wp-json\/wp\/v2\/types\/programas"}],"wp:featuredmedia":[{"embeddable":true,"href":"https:\/\/concellodezas.gal\/es\/wp-json\/wp\/v2\/media\/4107"}],"wp:attachment":[{"href":"https:\/\/concellodezas.gal\/es\/wp-json\/wp\/v2\/media?parent=27716"}],"curies":[{"name":"wp","href":"https:\/\/api.w.org\/{rel}","templated":true}]}}

<p>El objetivo de la creación de esta beca de empleo es la mediación laboral entre las empresas y los trabajadores a través de la gestión de las ofertas de empleo que se presenten.</p>

<p>Este servicio se pone a disposición tanto de las empresas como de los demandantes de empleo que lo soliciten.</p>

<p>La inscripción en la bolsa de empleo se formaliza mediante la elaboración del currículum vitae por parte de la persona demandante de empleo, que deberá traer toda la documentación que garantice la veracidad de los datos que se introduzcan.</p>

<p>Cuando un empresario oferte un puesto de trabajo, se presentará un listado de las personas demandantes que se ajusten al perfil que se busca.</p>

<p>En todo caso será siempre la empresa la que seleccione al candidato más idóneo.</p>

<p>Además las personas que se inscriban en esta beca serán informadas permanentemente de actividades de formación que se desarrollen en el ámbito del Ayuntamiento de Zas.</p>
