{"id":28236,"date":"2025-08-26T13:13:15","date_gmt":"2025-08-26T11:13:15","guid":{"rendered":"https:\/\/concellodezas.gal\/?post_type=parroquias&#038;p=28236"},"modified":"2025-11-26T07:31:55","modified_gmt":"2025-11-26T06:31:55","slug":"brandomil","status":"publish","type":"parroquias","link":"https:\/\/concellodezas.gal\/es\/parroquia\/brandomil\/","title":{"rendered":"Brandomil"},"content":{"rendered":"\n<p>Con un nombre de origen celta (casi con total seguridad seg\u00fan los estudios m\u00e1s recientes) y situada al sureste del municipio, a orillas del r\u00edo Xallas, est\u00e1 formada por los lugares de Acalabanda, Brandomil, A Lagoa, Limideiro, Padreiro, Pudenza y Quint\u00e1ns.<\/p>\n\n\n\n<p>Con 246 habitantes en 2016, cuenta con yacimientos arqueol\u00f3gicos de gran relevancia, entre los que destacan varios castros, el puente viejo (Ponte Vella) situado sobre el r\u00edo Xallas (que probablemente data del siglo XVI, aunque sobre una base romana) y una posible v\u00eda romana que ir\u00eda entre Brandomil y Brigantium (A Coru\u00f1a), junto con un asentamiento tambi\u00e9n de esta \u00e9poca situado bajo el actual n\u00facleo de Brandomil, en el que se encontraron numerosos elementos arquitect\u00f3nicos (reutilizados por la vecindad para sus construcciones), adem\u00e1s de numerosos grabados, restos cer\u00e1micos, vidrios y piezas met\u00e1licas.<\/p>\n\n\n\n<p>El periodo de ocupaci\u00f3n parece haber sido prolongado: los vestigios romanos abarcan del siglo I al IV, aunque el arco cronol\u00f3gico podr\u00eda ser a\u00fan m\u00e1s amplio.<\/p>\n\n\n\n<p>Tras las prospecciones y excavaciones llevadas a cabo en 2007 por Naveiro L\u00f3pez, se revaloriz\u00f3 en gran medida la relevancia hist\u00f3rica del yacimiento, que pas\u00f3 a convertirse en uno de los m\u00e1s importantes de la provincia de A Coru\u00f1a, tras la propia ciudad de A Coru\u00f1a, Iria\/Padr\u00f3n y Ciadella (Naveiro, 2008).<\/p>\n\n\n\n<p>La aldea de Brandomil sirvi\u00f3 al poeta gallego Eduardo Pondal para dar nombre al h\u00e9roe celta que protagoniza varios de sus textos.<\/p>\n\n","protected":false},"featured_media":27022,"template":"","class_list":["post-28236","parroquias","type-parroquias","status-publish","has-post-thumbnail","hentry"],"_links":{"self":[{"href":"https:\/\/concellodezas.gal\/es\/wp-json\/wp\/v2\/parroquias\/28236","targetHints":{"allow":["GET"]}}],"collection":[{"href":"https:\/\/concellodezas.gal\/es\/wp-json\/wp\/v2\/parroquias"}],"about":[{"href":"https:\/\/concellodezas.gal\/es\/wp-json\/wp\/v2\/types\/parroquias"}],"version-history":[{"count":1,"href":"https:\/\/concellodezas.gal\/es\/wp-json\/wp\/v2\/parroquias\/28236\/revisions"}],"predecessor-version":[{"id":28237,"href":"https:\/\/concellodezas.gal\/es\/wp-json\/wp\/v2\/parroquias\/28236\/revisions\/28237"}],"wp:featuredmedia":[{"embeddable":true,"href":"https:\/\/concellodezas.gal\/es\/wp-json\/wp\/v2\/media\/27022"}],"wp:attachment":[{"href":"https:\/\/concellodezas.gal\/es\/wp-json\/wp\/v2\/media?parent=28236"}],"curies":[{"name":"wp","href":"https:\/\/api.w.org\/{rel}","templated":true}]}}

<p>Con un nombre de origen celta (casi con total seguridad según los estudios más recientes) y situada al sureste del municipio, a orillas del río Xallas, está formada por los lugares de Acalabanda, Brandomil, A Lagoa, Limideiro, Padreiro, Pudenza y Quintáns.</p>



<p>Con 246 habitantes en 2016, cuenta con yacimientos arqueológicos de gran relevancia, entre los que destacan varios castros, el puente viejo (Ponte Vella) situado sobre el río Xallas (que probablemente data del siglo XVI, aunque sobre una base romana) y una posible vía romana que iría entre Brandomil y Brigantium (A Coruña), junto con un asentamiento también de esta época situado bajo el actual núcleo de Brandomil, en el que se encontraron numerosos elementos arquitectónicos (reutilizados por la vecindad para sus construcciones), además de numerosos grabados, restos cerámicos, vidrios y piezas metálicas.</p>



<p>El periodo de ocupación parece haber sido prolongado: los vestigios romanos abarcan del siglo I al IV, aunque el arco cronológico podría ser aún más amplio.</p>



<p>Tras las prospecciones y excavaciones llevadas a cabo en 2007 por Naveiro López, se revalorizó en gran medida la relevancia histórica del yacimiento, que pasó a convertirse en uno de los más importantes de la provincia de A Coruña, tras la propia ciudad de A Coruña, Iria/Padrón y Ciadella (Naveiro, 2008).</p>



<p>La aldea de Brandomil sirvió al poeta gallego Eduardo Pondal para dar nombre al héroe celta que protagoniza varios de sus textos.</p>
