{"id":28227,"date":"2025-08-27T07:52:39","date_gmt":"2025-08-27T05:52:39","guid":{"rendered":"https:\/\/concellodezas.gal\/?post_type=parroquias&#038;p=28227"},"modified":"2025-11-26T07:22:32","modified_gmt":"2025-11-26T06:22:32","slug":"meanos","status":"publish","type":"parroquias","link":"https:\/\/concellodezas.gal\/es\/parroquia\/meanos\/","title":{"rendered":"Meanos"},"content":{"rendered":"\n<p>San Marti\u00f1o de M\u00e9anos es la parroquia m\u00e1s extensa del Ayuntamiento de Zas y cuenta con los siguientes n\u00facleos de poblaci\u00f3n: A Atalaia, As Edreiras (que civilmente pertenece a Meanos y eclesi\u00e1sticamente a Santo Adri\u00e1n de Castro), Frox\u00e1n, Langueir\u00f3n, A M\u00e1moa, Max\u00edn, Meanos, Rial de Arriba, San Marti\u00f1o, Vila y Vilar de Lamas, que en el a\u00f1o 2016 sumaban un total de 489 habitantes.<\/p>\n\n\n\n<p>Su iglesia parroquial, cuyas formas responden a la arquitectura barroca del siglo XVIII,&nbsp;se encuentra en el centro de la parroquia y llama la atenci\u00f3n por su fachada, que es toda de canter\u00eda, por su presbiterio y por su retablo barroco-rococ\u00f3. En su exterior se descubri\u00f3 en el a\u00f1o 1990, durante unas obras de restauraci\u00f3n, un Santo Cristo gigantesco que hab\u00eda sido enterrado, posiblemente al ser retirado del culto, bajo el suelo de una de las construcciones adosadas a la iglesia, seguramente con motivo de una transformaci\u00f3n que sufri\u00f3 el templo en los a\u00f1os finales del siglo XVIII. Se trata de una imagen p\u00e9trea de 1,43 m de altura, de Cristo crucificado con tres clavos sobre una cruz que ya no se conserva.<\/p>\n\n\n\n<p>Consideramos que esta figura fue esculpida a mediados del siglo XVII y puede encuadrarse dentro del estilo barroco, a pesar de que todav\u00eda se aprecian en ella caracter\u00edsticas muy marcadas del estilo anterior.&nbsp;Es una pieza \u00fanica en la Terra de Soneira que destaca sobre todo por su tama\u00f1o.<\/p>\n\n\n\n<p>El hallazgo fue recibido con mucha alegr\u00eda y cari\u00f1o por las vecinas y vecinos de Meanos, que lo tomaron como algo propio de la parroquia, destinando para su culto el mismo lugar donde se encontr\u00f3 (una caseta) e incluso cre\u00e1ndole una fiesta popular, que se celebra el domingo siguiente al 5 de junio.<\/p>\n\n\n\n<p>Menci\u00f3n especial merece tambi\u00e9n el coto y pazo de As Edreiras, donde confluyeron los apellidos hidalgos de los&nbsp;<em>Berm\u00fadez<\/em>&nbsp;y de los&nbsp;<em>Leis<\/em>. Presenta una aparente planta en \u201cL\u201d y, en su interior, destaca la cocina, con su lareira, y la antigua \u201ctulla\u201d, hoy reconvertida en sala de estar.<\/p>\n\n\n\n<p>Un hecho hist\u00f3rico curioso en Meanos fue el pleito que origin\u00f3 el ma\u00edz tra\u00eddo de Am\u00e9rica entre dos vecinos \u201cinnovadores\u201d y otros 28 que se sienten perjudicados, hecho del que se habla en un curioso documento de 1684 y que fue publicado por el historiador xalleiro B. Barreiro Mall\u00f3n en su libro&nbsp;<em>La Jurisdicci\u00f3n de Xallas en el siglo XVIII<\/em>&nbsp;(1978).<\/p>\n\n\n\n<p>Conviene recordar la popular banda de m\u00fasica que hubo en Meanos (en las d\u00e9cadas de los cuarenta y cincuenta), formada por vecinos de esta parroquia y de las de los alrededores, casi todos labradores de profesi\u00f3n, y que ameniz\u00f3 muchas de las fiestas de la contorna.<\/p>\n\n","protected":false},"featured_media":20773,"template":"","class_list":["post-28227","parroquias","type-parroquias","status-publish","has-post-thumbnail","hentry"],"_links":{"self":[{"href":"https:\/\/concellodezas.gal\/es\/wp-json\/wp\/v2\/parroquias\/28227","targetHints":{"allow":["GET"]}}],"collection":[{"href":"https:\/\/concellodezas.gal\/es\/wp-json\/wp\/v2\/parroquias"}],"about":[{"href":"https:\/\/concellodezas.gal\/es\/wp-json\/wp\/v2\/types\/parroquias"}],"version-history":[{"count":1,"href":"https:\/\/concellodezas.gal\/es\/wp-json\/wp\/v2\/parroquias\/28227\/revisions"}],"predecessor-version":[{"id":28229,"href":"https:\/\/concellodezas.gal\/es\/wp-json\/wp\/v2\/parroquias\/28227\/revisions\/28229"}],"wp:featuredmedia":[{"embeddable":true,"href":"https:\/\/concellodezas.gal\/es\/wp-json\/wp\/v2\/media\/20773"}],"wp:attachment":[{"href":"https:\/\/concellodezas.gal\/es\/wp-json\/wp\/v2\/media?parent=28227"}],"curies":[{"name":"wp","href":"https:\/\/api.w.org\/{rel}","templated":true}]}}

<p>San Martiño de Méanos es la parroquia más extensa del Ayuntamiento de Zas y cuenta con los siguientes núcleos de población: A Atalaia, As Edreiras (que civilmente pertenece a Meanos y eclesiásticamente a Santo Adrián de Castro), Froxán, Langueirón, A Mámoa, Maxín, Meanos, Rial de Arriba, San Martiño, Vila y Vilar de Lamas, que en el año 2016 sumaban un total de 489 habitantes.</p>



<p>Su iglesia parroquial, cuyas formas responden a la arquitectura barroca del siglo XVIII,&nbsp;se encuentra en el centro de la parroquia y llama la atención por su fachada, que es toda de cantería, por su presbiterio y por su retablo barroco-rococó. En su exterior se descubrió en el año 1990, durante unas obras de restauración, un Santo Cristo gigantesco que había sido enterrado, posiblemente al ser retirado del culto, bajo el suelo de una de las construcciones adosadas a la iglesia, seguramente con motivo de una transformación que sufrió el templo en los años finales del siglo XVIII. Se trata de una imagen pétrea de 1,43 m de altura, de Cristo crucificado con tres clavos sobre una cruz que ya no se conserva.</p>



<p>Consideramos que esta figura fue esculpida a mediados del siglo XVII y puede encuadrarse dentro del estilo barroco, a pesar de que todavía se aprecian en ella características muy marcadas del estilo anterior.&nbsp;Es una pieza única en la Terra de Soneira que destaca sobre todo por su tamaño.</p>



<p>El hallazgo fue recibido con mucha alegría y cariño por las vecinas y vecinos de Meanos, que lo tomaron como algo propio de la parroquia, destinando para su culto el mismo lugar donde se encontró (una caseta) e incluso creándole una fiesta popular, que se celebra el domingo siguiente al 5 de junio.</p>



<p>Mención especial merece también el coto y pazo de As Edreiras, donde confluyeron los apellidos hidalgos de los&nbsp;<em>Bermúdez</em>&nbsp;y de los&nbsp;<em>Leis</em>. Presenta una aparente planta en “L” y, en su interior, destaca la cocina, con su lareira, y la antigua “tulla”, hoy reconvertida en sala de estar.</p>



<p>Un hecho histórico curioso en Meanos fue el pleito que originó el maíz traído de América entre dos vecinos “innovadores” y otros 28 que se sienten perjudicados, hecho del que se habla en un curioso documento de 1684 y que fue publicado por el historiador xalleiro B. Barreiro Mallón en su libro&nbsp;<em>La Jurisdicción de Xallas en el siglo XVIII</em>&nbsp;(1978).</p>



<p>Conviene recordar la popular banda de música que hubo en Meanos (en las décadas de los cuarenta y cincuenta), formada por vecinos de esta parroquia y de las de los alrededores, casi todos labradores de profesión, y que amenizó muchas de las fiestas de la contorna.</p>
