{"id":28222,"date":"2025-08-27T08:19:39","date_gmt":"2025-08-27T06:19:39","guid":{"rendered":"https:\/\/concellodezas.gal\/?post_type=parroquias&#038;p=28222"},"modified":"2025-11-26T07:15:00","modified_gmt":"2025-11-26T06:15:00","slug":"santa-sia-de-roma","status":"publish","type":"parroquias","link":"https:\/\/concellodezas.gal\/es\/parroquia\/santa-sia-de-roma\/","title":{"rendered":"Santa S\u00eda de Roma"},"content":{"rendered":"\n<p>Se trata de una parroquia situada en la zona oeste del concello; solo tiene dos lugares (Santa S\u00eda y Rus) y contaba con 79 habitantes en el a\u00f1o 2016.<\/p>\n\n\n\n<p>Santa S\u00eda de Roma es uno de los haxiotop\u00f3nimos \u2014nombres de lugar originados por el nombre de un santo o santa\u2014 del Concello de Zas. Conviene aclarar que el haxiotop\u00f3nimo es solo Santa S\u00eda, pues, contrariamente a lo que se pensaba, este&nbsp;<strong>Roma<\/strong>&nbsp;que acompa\u00f1a al nombre de la santa no es un top\u00f3nimo, no es un nombre de lugar, sino simplemente un complemento que, hacia 1570, se a\u00f1adi\u00f3 a la patrona de la parroquia por orden de alguna autoridad eclesi\u00e1stica (quiz\u00e1 el propio arzobispo de Santiago). Esta es una de las sorpresas o novedades que se presentan en esta nueva entrega de \u201cZas polo mi\u00fado\u201d. Hasta esa fecha del \u00faltimo tercio del siglo XVI la parroquia solo figura en los documentos (en lat\u00edn, en gallego y despu\u00e9s en castellano) con el nombre de la santa a secas: Santa Cecilia, Santa Cec\u00eda, Santa C\u00eda o Santa S\u00eda. A partir de 1570 ya aparece con el a\u00f1adido \u201cde Roma\u201d, que sin duda pretend\u00eda hacer referencia al origen de la santa venerada en la iglesia: la m\u00e1rtir romana del siglo III, que despu\u00e9s ser\u00eda escogida como patrona de la m\u00fasica. En cuanto al top\u00f3nimo Rus, seg\u00fan F. Cabeza, es posible que proceda de *(<em>villa<\/em>)&nbsp;<em>Ruderici<\/em> o de&nbsp;<em>Rudericus<\/em>&nbsp;(\u2018villa, mansi\u00f3n rural de Rodrigo\u2019).<\/p>\n\n\n\n<p>Su iglesia parroquial es de estilo barroco, construida en el siglo XVIII, y est\u00e1 perfectamente integrada entre las casas, donde destaca su alta torre campanario, que preside el conjunto. En su interior cabe resaltar el retablo mayor, hecho en piedra de granito. Su principal inter\u00e9s reside en el material de construcci\u00f3n, ya que no son muchos los retablos p\u00e9treos en el barroco gallego de comienzos del siglo XVIII.<\/p>\n\n\n\n<p>Hay tambi\u00e9n dos cruceiros: el de la iglesia, situado hoy en la parte sur del atrio (de 1930, seg\u00fan la inscripci\u00f3n del pedestal), y el que se encuentra en una peque\u00f1a plaza en medio del lugar.<\/p>\n\n\n\n<p>La aldea de Santa S\u00eda es uno de los lugares m\u00e1s hermosos del t\u00e9rmino municipal. Es uno de los pocos n\u00facleos que en estas comarcas occidentales de Galicia presenta un h\u00e1bitat agrupado, pues son pocas las casas construidas fuera del n\u00facleo. Conservan, salvo excepciones, su estructura tradicional: casas rectangulares de piedra y tejado a dos aguas, algunas de buena canter\u00eda, y las restantes de mamposter\u00eda, reservando la canter\u00eda para los vanos y las esquinas.<\/p>\n\n\n\n<p>Esta parroquia perteneci\u00f3 durante el Antiguo R\u00e9gimen a la jurisdicci\u00f3n de Vimianzo, gobernada por los condes de Altamira y, en el a\u00f1o 1842, Santa S\u00eda estuvo a punto de ser capital del Concello de Roma, que abarcaba todas las parroquias de Zas y buena parte de Vimianzo, tras el acuerdo de reducci\u00f3n de concellos adoptado por la Diputaci\u00f3n. El proyecto nunca lleg\u00f3 a realizarse.<\/p>\n\n","protected":false},"featured_media":20656,"template":"","class_list":["post-28222","parroquias","type-parroquias","status-publish","has-post-thumbnail","hentry"],"_links":{"self":[{"href":"https:\/\/concellodezas.gal\/es\/wp-json\/wp\/v2\/parroquias\/28222","targetHints":{"allow":["GET"]}}],"collection":[{"href":"https:\/\/concellodezas.gal\/es\/wp-json\/wp\/v2\/parroquias"}],"about":[{"href":"https:\/\/concellodezas.gal\/es\/wp-json\/wp\/v2\/types\/parroquias"}],"version-history":[{"count":1,"href":"https:\/\/concellodezas.gal\/es\/wp-json\/wp\/v2\/parroquias\/28222\/revisions"}],"predecessor-version":[{"id":28223,"href":"https:\/\/concellodezas.gal\/es\/wp-json\/wp\/v2\/parroquias\/28222\/revisions\/28223"}],"wp:featuredmedia":[{"embeddable":true,"href":"https:\/\/concellodezas.gal\/es\/wp-json\/wp\/v2\/media\/20656"}],"wp:attachment":[{"href":"https:\/\/concellodezas.gal\/es\/wp-json\/wp\/v2\/media?parent=28222"}],"curies":[{"name":"wp","href":"https:\/\/api.w.org\/{rel}","templated":true}]}}

Santa Sía de Roma

<p>Se trata de una parroquia situada en la zona oeste del concello; solo tiene dos lugares (Santa Sía y Rus) y contaba con 79 habitantes en el año 2016.</p>



<p>Santa Sía de Roma es uno de los haxiotopónimos —nombres de lugar originados por el nombre de un santo o santa— del Concello de Zas. Conviene aclarar que el haxiotopónimo es solo Santa Sía, pues, contrariamente a lo que se pensaba, este&nbsp;<strong>Roma</strong>&nbsp;que acompaña al nombre de la santa no es un topónimo, no es un nombre de lugar, sino simplemente un complemento que, hacia 1570, se añadió a la patrona de la parroquia por orden de alguna autoridad eclesiástica (quizá el propio arzobispo de Santiago). Esta es una de las sorpresas o novedades que se presentan en esta nueva entrega de “Zas polo miúdo”. Hasta esa fecha del último tercio del siglo XVI la parroquia solo figura en los documentos (en latín, en gallego y después en castellano) con el nombre de la santa a secas: Santa Cecilia, Santa Cecía, Santa Cía o Santa Sía. A partir de 1570 ya aparece con el añadido “de Roma”, que sin duda pretendía hacer referencia al origen de la santa venerada en la iglesia: la mártir romana del siglo III, que después sería escogida como patrona de la música. En cuanto al topónimo Rus, según F. Cabeza, es posible que proceda de *(<em>villa</em>)&nbsp;<em>Ruderici</em> o de&nbsp;<em>Rudericus</em>&nbsp;(‘villa, mansión rural de Rodrigo’).</p>



<p>Su iglesia parroquial es de estilo barroco, construida en el siglo XVIII, y está perfectamente integrada entre las casas, donde destaca su alta torre campanario, que preside el conjunto. En su interior cabe resaltar el retablo mayor, hecho en piedra de granito. Su principal interés reside en el material de construcción, ya que no son muchos los retablos pétreos en el barroco gallego de comienzos del siglo XVIII.</p>



<p>Hay también dos cruceiros: el de la iglesia, situado hoy en la parte sur del atrio (de 1930, según la inscripción del pedestal), y el que se encuentra en una pequeña plaza en medio del lugar.</p>



<p>La aldea de Santa Sía es uno de los lugares más hermosos del término municipal. Es uno de los pocos núcleos que en estas comarcas occidentales de Galicia presenta un hábitat agrupado, pues son pocas las casas construidas fuera del núcleo. Conservan, salvo excepciones, su estructura tradicional: casas rectangulares de piedra y tejado a dos aguas, algunas de buena cantería, y las restantes de mampostería, reservando la cantería para los vanos y las esquinas.</p>



<p>Esta parroquia perteneció durante el Antiguo Régimen a la jurisdicción de Vimianzo, gobernada por los condes de Altamira y, en el año 1842, Santa Sía estuvo a punto de ser capital del Concello de Roma, que abarcaba todas las parroquias de Zas y buena parte de Vimianzo, tras el acuerdo de reducción de concellos adoptado por la Diputación. El proyecto nunca llegó a realizarse.</p>
