{"id":28215,"date":"2025-08-27T08:31:29","date_gmt":"2025-08-27T06:31:29","guid":{"rendered":"https:\/\/concellodezas.gal\/?post_type=parroquias&#038;p=28215"},"modified":"2025-11-26T07:06:23","modified_gmt":"2025-11-26T06:06:23","slug":"santo-adrian-de-castro","status":"publish","type":"parroquias","link":"https:\/\/concellodezas.gal\/es\/parroquia\/santo-adrian-de-castro\/","title":{"rendered":"Santo Adri\u00e1n de Castro"},"content":{"rendered":"\n<p>La parroquia de&nbsp;<strong>Santo Adri\u00e1n de Castro<\/strong>&nbsp;(nombre completo para designar la parroquia) cuenta con unos 4,6 km<sup>2<\/sup>&nbsp;y est\u00e1 formada por los lugares o aldeas de Santo Adri\u00e1n, Berbia, Caberte, A Devesa y Rial de Abaixo.<\/p>\n\n\n\n<p>Domina su territorio el&nbsp;<strong>Monte do Castro<\/strong>, con 317 m de altitud, junto al cual se celebra la Festa da Carballeira de Zas, una fiesta folk conocida en toda Galicia. En \u00e9l a\u00fan se conservan restos de uno de los castros m\u00e1s importantes del Ayuntamiento de Zas y, a sus pies, por el este, discurre el&nbsp;<strong>r\u00edo de Meanos<\/strong>, al que algunos llaman<strong>&nbsp;Troit\u00edn<\/strong> y que, a partir de aqu\u00ed, pasar\u00e1 a denominarse&nbsp;<strong>r\u00edo de Zas<\/strong>. Se trata de un r\u00edo que nace cerca de la aldea de Chur\u00eda y que, pese a su escaso caudal pero con buenos desniveles, fue aprovechado para instalar una peque\u00f1a minicentral hidroel\u00e9ctrica que suministr\u00f3 durante alg\u00fan tiempo, hace ya bastantes a\u00f1os, electricidad al n\u00facleo de Zas y sus alrededores; era la llamada Presa de Enrique.<\/p>\n\n\n\n<p>Casi toda la parroquia es una zona de transici\u00f3n entre las tierras m\u00e1s elevadas de las parroquias del sur del municipio, prolongaci\u00f3n de la meseta del Xallas, y los l\u00edmites con las tierras m\u00e1s bajas y llanas del Val de Soneira, regadas principalmente por los r\u00edos Zas y Sisto.<\/p>\n\n\n\n<p>En cuanto a su evoluci\u00f3n demogr\u00e1fica, la parroquia contaba, por ejemplo, con 20 vecinos en 1607 y con&nbsp;315 habitantes en 1970; a partir de este a\u00f1o se produce una inflexi\u00f3n brusca y el n\u00famero de habitantes comienza a descender de manera acelerada. Esta tendencia se mantiene y se acent\u00faa en lo que llevamos de siglo. Si a comienzos del mismo ten\u00eda 170 habitantes, a 1 de enero de 2016 solo contaba con 136 (un 20&nbsp;% menos que 16 a\u00f1os antes).<\/p>\n\n\n\n<p>En cuanto a su toponimia,&nbsp;<strong>Santo Adri\u00e1n<\/strong>&nbsp;es el nombre del lugar donde se encuentra la iglesia parroquial; es otro de los cuatro hagiotop\u00f3nimos (\u201cnombre de lugar originado por el culto a un santo o a una santa\u201d) del Ayuntamiento de Zas.&nbsp;<strong>Berbia<\/strong>&nbsp;posiblemente sea de origen prerromano.&nbsp;<strong>Caberte<\/strong>&nbsp;podr\u00eda ser una alteraci\u00f3n de&nbsp;<em>Casberte &lt; Casa Berti<\/em>&nbsp;(<em>Berti<\/em>&nbsp;ser\u00eda el genitivo de un nombre germ\u00e1nico&nbsp;<em>Bertus<\/em>).&nbsp;<strong>A Devesa<\/strong>&nbsp;procede del lat\u00edn&nbsp;<em>defensa<\/em>; la funci\u00f3n de las devesas en Galicia era producir madera para distintos fines.&nbsp;<strong>Rial<\/strong>&nbsp;procede de una palabra latina medieval,&nbsp;<em>regale<\/em>, derivada tambi\u00e9n del verbo latino&nbsp;<em>rigare<\/em>&nbsp;\u2018regar\u2019 (posiblemente tal nombre se deba a un curso de agua para regar las fincas).<\/p>\n\n\n\n<p>La iglesia parroquial cuenta con un bonito cruceiro, quiz\u00e1s de finales del siglo XVIII, que en el anverso muestra un Cristo crucificado con tres clavos y los brazos muy estirados, y en el reverso, una Inmaculada. Las caracter\u00edsticas arquitect\u00f3nicas del templo responden casi por completo al estilo barroco de la segunda mitad del siglo XVIII: tanto en la fachada, con su ventana lobulada, como en la hermosa torre-campanario \u2013descentrada, que se alza en el lateral norte\u2013. Su retablo mayor es de buena calidad art\u00edstica y presenta im\u00e1genes de Santo Adri\u00e1n, san Blas y san Roque; responde a las caracter\u00edsticas del estilo neocl\u00e1sico y se realiz\u00f3 a finales del siglo XVIII. Su autor tal vez fuera, asimismo, alg\u00fan importante artista de Santiago. Adem\u00e1s, cuenta con otros dos retablos, el de la Virgen del Rosario y el de San Antonio, sin olvidar la&nbsp;<strong>cruz parroquial<\/strong>, fechada en la segunda mitad del siglo XVI y seguramente obra de Jorge Cedeira o Mozo, importante orfebre compostelano.<\/p>\n\n","protected":false},"featured_media":28217,"template":"","class_list":["post-28215","parroquias","type-parroquias","status-publish","has-post-thumbnail","hentry"],"_links":{"self":[{"href":"https:\/\/concellodezas.gal\/es\/wp-json\/wp\/v2\/parroquias\/28215","targetHints":{"allow":["GET"]}}],"collection":[{"href":"https:\/\/concellodezas.gal\/es\/wp-json\/wp\/v2\/parroquias"}],"about":[{"href":"https:\/\/concellodezas.gal\/es\/wp-json\/wp\/v2\/types\/parroquias"}],"version-history":[{"count":1,"href":"https:\/\/concellodezas.gal\/es\/wp-json\/wp\/v2\/parroquias\/28215\/revisions"}],"predecessor-version":[{"id":28220,"href":"https:\/\/concellodezas.gal\/es\/wp-json\/wp\/v2\/parroquias\/28215\/revisions\/28220"}],"wp:featuredmedia":[{"embeddable":true,"href":"https:\/\/concellodezas.gal\/es\/wp-json\/wp\/v2\/media\/28217"}],"wp:attachment":[{"href":"https:\/\/concellodezas.gal\/es\/wp-json\/wp\/v2\/media?parent=28215"}],"curies":[{"name":"wp","href":"https:\/\/api.w.org\/{rel}","templated":true}]}}

Santo Adrián de Castro

<p>La parroquia de&nbsp;<strong>Santo Adrián de Castro</strong>&nbsp;(nombre completo para designar la parroquia) cuenta con unos 4,6 km<sup>2</sup>&nbsp;y está formada por los lugares o aldeas de Santo Adrián, Berbia, Caberte, A Devesa y Rial de Abaixo.</p>



<p>Domina su territorio el&nbsp;<strong>Monte do Castro</strong>, con 317 m de altitud, junto al cual se celebra la Festa da Carballeira de Zas, una fiesta folk conocida en toda Galicia. En él aún se conservan restos de uno de los castros más importantes del Ayuntamiento de Zas y, a sus pies, por el este, discurre el&nbsp;<strong>río de Meanos</strong>, al que algunos llaman<strong>&nbsp;Troitín</strong> y que, a partir de aquí, pasará a denominarse&nbsp;<strong>río de Zas</strong>. Se trata de un río que nace cerca de la aldea de Churía y que, pese a su escaso caudal pero con buenos desniveles, fue aprovechado para instalar una pequeña minicentral hidroeléctrica que suministró durante algún tiempo, hace ya bastantes años, electricidad al núcleo de Zas y sus alrededores; era la llamada Presa de Enrique.</p>



<p>Casi toda la parroquia es una zona de transición entre las tierras más elevadas de las parroquias del sur del municipio, prolongación de la meseta del Xallas, y los límites con las tierras más bajas y llanas del Val de Soneira, regadas principalmente por los ríos Zas y Sisto.</p>



<p>En cuanto a su evolución demográfica, la parroquia contaba, por ejemplo, con 20 vecinos en 1607 y con&nbsp;315 habitantes en 1970; a partir de este año se produce una inflexión brusca y el número de habitantes comienza a descender de manera acelerada. Esta tendencia se mantiene y se acentúa en lo que llevamos de siglo. Si a comienzos del mismo tenía 170 habitantes, a 1 de enero de 2016 solo contaba con 136 (un 20&nbsp;% menos que 16 años antes).</p>



<p>En cuanto a su toponimia,&nbsp;<strong>Santo Adrián</strong>&nbsp;es el nombre del lugar donde se encuentra la iglesia parroquial; es otro de los cuatro hagiotopónimos (“nombre de lugar originado por el culto a un santo o a una santa”) del Ayuntamiento de Zas.&nbsp;<strong>Berbia</strong>&nbsp;posiblemente sea de origen prerromano.&nbsp;<strong>Caberte</strong>&nbsp;podría ser una alteración de&nbsp;<em>Casberte &lt; Casa Berti</em>&nbsp;(<em>Berti</em>&nbsp;sería el genitivo de un nombre germánico&nbsp;<em>Bertus</em>).&nbsp;<strong>A Devesa</strong>&nbsp;procede del latín&nbsp;<em>defensa</em>; la función de las devesas en Galicia era producir madera para distintos fines.&nbsp;<strong>Rial</strong>&nbsp;procede de una palabra latina medieval,&nbsp;<em>regale</em>, derivada también del verbo latino&nbsp;<em>rigare</em>&nbsp;‘regar’ (posiblemente tal nombre se deba a un curso de agua para regar las fincas).</p>



<p>La iglesia parroquial cuenta con un bonito cruceiro, quizás de finales del siglo XVIII, que en el anverso muestra un Cristo crucificado con tres clavos y los brazos muy estirados, y en el reverso, una Inmaculada. Las características arquitectónicas del templo responden casi por completo al estilo barroco de la segunda mitad del siglo XVIII: tanto en la fachada, con su ventana lobulada, como en la hermosa torre-campanario –descentrada, que se alza en el lateral norte–. Su retablo mayor es de buena calidad artística y presenta imágenes de Santo Adrián, san Blas y san Roque; responde a las características del estilo neoclásico y se realizó a finales del siglo XVIII. Su autor tal vez fuera, asimismo, algún importante artista de Santiago. Además, cuenta con otros dos retablos, el de la Virgen del Rosario y el de San Antonio, sin olvidar la&nbsp;<strong>cruz parroquial</strong>, fechada en la segunda mitad del siglo XVI y seguramente obra de Jorge Cedeira o Mozo, importante orfebre compostelano.</p>
