{"id":28195,"date":"2025-08-27T08:56:43","date_gmt":"2025-08-27T06:56:43","guid":{"rendered":"https:\/\/concellodezas.gal\/?post_type=parroquias&#038;p=28195"},"modified":"2025-11-25T18:11:09","modified_gmt":"2025-11-25T17:11:09","slug":"vilar","status":"publish","type":"parroquias","link":"https:\/\/concellodezas.gal\/es\/parroquia\/vilar\/","title":{"rendered":"Vilar"},"content":{"rendered":"\n<p>En el Antiguo R\u00e9gimen pertenec\u00eda a la jurisdicci\u00f3n de Vimianzo, siendo los Lamas y m\u00e1s tarde los Caama\u00f1o de Romelle quienes ten\u00edan el derecho de presentaci\u00f3n del curato.<\/p>\n\n\n\n<p>Tiene una extensi\u00f3n de unos 6,7 km<sup>2<\/sup> y sus n\u00facleos de poblaci\u00f3n son Art\u00f3n, Pazos, Quint\u00e1ns, Saconde, Sandrexo y Vilar. Pazos y Sandrexo est\u00e1n compartidas con las parroquias de Tines y Treos (Vimianzo), respectivamente. Limita, por el N, con Bamiro (Vimianzo); por el S, con Loro\u00f1o (Zas) y Treos (Vimianzo); por el E, con Zas y Lamas; y por el O, con Tines. Su forma recuerda a la de un rect\u00e1ngulo.<\/p>\n\n\n\n<p>Es una parroquia en la que predominan las tierras llanas, con muy poca diferencia de altitud entre las cumbres y las partes m\u00e1s bajas \u2013unos 60 m\u2013. Est\u00e1 cruzada por el r\u00edo de Vilar, formado por la uni\u00f3n del de Xora y del Torrente, que desembocar\u00e1, cerca de Baio, en el r\u00edo Grande o do Porto.<\/p>\n\n\n\n<p>Geol\u00f3gicamente formar\u00eda parte del Complejo de Noia o Fosa Blastomilon\u00edtica y sus materiales se disponen en bandas orientadas de N a S siguiendo la direcci\u00f3n del plegamiento herc\u00ednico. Casi todos ellos tienen su origen en el per\u00edodo C\u00e1mbrico, salvo los sedimentarios de las m\u00e1rgenes de los r\u00edos.<\/p>\n\n\n\n<p>En cuanto a la demograf\u00eda, muestra los mismos s\u00edntomas que el resto de las parroquias del concello, con una p\u00e9rdida notable y constante de poblaci\u00f3n, sobre todo a partir de 1970: 16 vecinos (1607), 54 vc. y 228 hab. (1753), 50 vc. (1769), 46 vc. y 229 hab. (1836), 46 vc. y 249 hab. (1845), 373 hab. (1928), 76 vc. y 407 hab. (1965), 531 (1970), 313 (2000) y 217 (2016).<\/p>\n\n\n\n<p>Cuenta con tres top\u00f3nimos que son aut\u00e9nticas rarezas, puesto que son \u00fanicos en Galicia: Art\u00f3n, Saconde y Sandrexo.<\/p>\n\n\n\n<p>La iglesia parroquial presenta planta de sal\u00f3n. En el presbiterio y en la sacrist\u00eda se encuentran los elementos arquitect\u00f3nicos m\u00e1s interesantes, con b\u00f3vedas de ca\u00f1\u00f3n volteadas sobre pilastras. En el a\u00f1o 1729 se realizaron obras de ampliaci\u00f3n y la espada\u00f1a data de 1848.<\/p>\n\n\n\n<p>En el interior del templo hay tres retablos \u2013el mayor y dos laterales\u2013 muy sencillos, todos ellos obra de un escultor local, <em>Francisco Castro Agud\u00edn.<\/em><\/p>\n\n\n\n<p>En el retablo mayor, neocl\u00e1sico (entre 1809 y 1819), destacan las im\u00e1genes de san Pedro, san Roque y san Antonio. El retablo lateral N, tambi\u00e9n neocl\u00e1sico, est\u00e1 dedicado a la Virgen del Rosario (tambi\u00e9n de entre 1809 y 1819). El del lado S, dedicado a la Virgen de la Soledad, conserva elementos barroco-rococ\u00f3s (es de 1797). Los tres fueron obra de un escultor afincado en Sandrexo, aunque en una de las casas pertenecientes a la parroquia de Treos; se llamaba Francisco Castro Agud\u00edn, y fue un artista muy prol\u00edfico, pues realiz\u00f3, entre 1778 y 1820, retablos mayores y laterales para las iglesias de Vilar, Treos, Tines, Bamiro, Salto, Zas, Mira y G\u00e1ndara.<\/p>\n\n\n\n<p>Hasta la construcci\u00f3n de la carretera de Zas a Baio, Vilar era un punto importante en el camino real entre Santiago y la zona central de la Costa da Morte. Se cree que es posible que el antiguo puente de la aldea de Vilar pudiera ser, en origen, de \u00e9poca romana.<\/p>\n\n\n\n<p>En Pazos tiene su origen la familia hidalga de los Pazos, que se extendi\u00f3 por las Terras de Soneira y Nemancos emparent\u00e1ndose con otras importantes familias nobles de la zona.<\/p>\n\n\n\n<p>Aunque por circunstancias especiales naci\u00f3 en Madrid, un personaje muy importante de esta parroquia fue <strong>Jos\u00e9 L\u00f3pez P\u00e9rez<\/strong>, hijo de un sargento del ej\u00e9rcito espa\u00f1ol, natural de Art\u00f3n, que lleg\u00f3 a ser presidente del Centro Gallego de La Habana (1907) y cofundador de la Real Academia Galega (1906), tambi\u00e9n en La Habana. \u00c9l fue quien trajo los restos mortales de Manuel Curros Enr\u00edquez desde esa ciudad hasta A Coru\u00f1a (1908). Tan unido se sent\u00eda a Art\u00f3n \u2013pues aqu\u00ed pas\u00f3 parte de su infancia\u2013 que en este viaje de abril de 1908 visit\u00f3 el lugar con su padre, donde, seg\u00fan parece, fue recibido triunfalmente.<\/p>\n\n","protected":false},"featured_media":28194,"template":"","class_list":["post-28195","parroquias","type-parroquias","status-publish","has-post-thumbnail","hentry"],"_links":{"self":[{"href":"https:\/\/concellodezas.gal\/es\/wp-json\/wp\/v2\/parroquias\/28195","targetHints":{"allow":["GET"]}}],"collection":[{"href":"https:\/\/concellodezas.gal\/es\/wp-json\/wp\/v2\/parroquias"}],"about":[{"href":"https:\/\/concellodezas.gal\/es\/wp-json\/wp\/v2\/types\/parroquias"}],"version-history":[{"count":1,"href":"https:\/\/concellodezas.gal\/es\/wp-json\/wp\/v2\/parroquias\/28195\/revisions"}],"predecessor-version":[{"id":28196,"href":"https:\/\/concellodezas.gal\/es\/wp-json\/wp\/v2\/parroquias\/28195\/revisions\/28196"}],"wp:featuredmedia":[{"embeddable":true,"href":"https:\/\/concellodezas.gal\/es\/wp-json\/wp\/v2\/media\/28194"}],"wp:attachment":[{"href":"https:\/\/concellodezas.gal\/es\/wp-json\/wp\/v2\/media?parent=28195"}],"curies":[{"name":"wp","href":"https:\/\/api.w.org\/{rel}","templated":true}]}}

<p>En el Antiguo Régimen pertenecía a la jurisdicción de Vimianzo, siendo los Lamas y más tarde los Caamaño de Romelle quienes tenían el derecho de presentación del curato.</p>



<p>Tiene una extensión de unos 6,7 km<sup>2</sup> y sus núcleos de población son Artón, Pazos, Quintáns, Saconde, Sandrexo y Vilar. Pazos y Sandrexo están compartidas con las parroquias de Tines y Treos (Vimianzo), respectivamente. Limita, por el N, con Bamiro (Vimianzo); por el S, con Loroño (Zas) y Treos (Vimianzo); por el E, con Zas y Lamas; y por el O, con Tines. Su forma recuerda a la de un rectángulo.</p>



<p>Es una parroquia en la que predominan las tierras llanas, con muy poca diferencia de altitud entre las cumbres y las partes más bajas –unos 60 m–. Está cruzada por el río de Vilar, formado por la unión del de Xora y del Torrente, que desembocará, cerca de Baio, en el río Grande o do Porto.</p>



<p>Geológicamente formaría parte del Complejo de Noia o Fosa Blastomilonítica y sus materiales se disponen en bandas orientadas de N a S siguiendo la dirección del plegamiento hercínico. Casi todos ellos tienen su origen en el período Cámbrico, salvo los sedimentarios de las márgenes de los ríos.</p>



<p>En cuanto a la demografía, muestra los mismos síntomas que el resto de las parroquias del concello, con una pérdida notable y constante de población, sobre todo a partir de 1970: 16 vecinos (1607), 54 vc. y 228 hab. (1753), 50 vc. (1769), 46 vc. y 229 hab. (1836), 46 vc. y 249 hab. (1845), 373 hab. (1928), 76 vc. y 407 hab. (1965), 531 (1970), 313 (2000) y 217 (2016).</p>



<p>Cuenta con tres topónimos que son auténticas rarezas, puesto que son únicos en Galicia: Artón, Saconde y Sandrexo.</p>



<p>La iglesia parroquial presenta planta de salón. En el presbiterio y en la sacristía se encuentran los elementos arquitectónicos más interesantes, con bóvedas de cañón volteadas sobre pilastras. En el año 1729 se realizaron obras de ampliación y la espadaña data de 1848.</p>



<p>En el interior del templo hay tres retablos –el mayor y dos laterales– muy sencillos, todos ellos obra de un escultor local, <em>Francisco Castro Agudín.</em></p>



<p>En el retablo mayor, neoclásico (entre 1809 y 1819), destacan las imágenes de san Pedro, san Roque y san Antonio. El retablo lateral N, también neoclásico, está dedicado a la Virgen del Rosario (también de entre 1809 y 1819). El del lado S, dedicado a la Virgen de la Soledad, conserva elementos barroco-rococós (es de 1797). Los tres fueron obra de un escultor afincado en Sandrexo, aunque en una de las casas pertenecientes a la parroquia de Treos; se llamaba Francisco Castro Agudín, y fue un artista muy prolífico, pues realizó, entre 1778 y 1820, retablos mayores y laterales para las iglesias de Vilar, Treos, Tines, Bamiro, Salto, Zas, Mira y Gándara.</p>



<p>Hasta la construcción de la carretera de Zas a Baio, Vilar era un punto importante en el camino real entre Santiago y la zona central de la Costa da Morte. Se cree que es posible que el antiguo puente de la aldea de Vilar pudiera ser, en origen, de época romana.</p>



<p>En Pazos tiene su origen la familia hidalga de los Pazos, que se extendió por las Terras de Soneira y Nemancos emparentándose con otras importantes familias nobles de la zona.</p>



<p>Aunque por circunstancias especiales nació en Madrid, un personaje muy importante de esta parroquia fue <strong>José López Pérez</strong>, hijo de un sargento del ejército español, natural de Artón, que llegó a ser presidente del Centro Gallego de La Habana (1907) y cofundador de la Real Academia Galega (1906), también en La Habana. Él fue quien trajo los restos mortales de Manuel Curros Enríquez desde esa ciudad hasta A Coruña (1908). Tan unido se sentía a Artón –pues aquí pasó parte de su infancia– que en este viaje de abril de 1908 visitó el lugar con su padre, donde, según parece, fue recibido triunfalmente.</p>
