{"id":28154,"date":"2025-08-27T09:09:19","date_gmt":"2025-08-27T07:09:19","guid":{"rendered":"https:\/\/concellodezas.gal\/?post_type=parroquias&#038;p=28154"},"modified":"2025-11-25T14:09:14","modified_gmt":"2025-11-25T13:09:14","slug":"carreira","status":"publish","type":"parroquias","link":"https:\/\/concellodezas.gal\/es\/parroquia\/carreira\/","title":{"rendered":"Carreira"},"content":{"rendered":"\n<p>Situada en el tercio norte del concello por su borde oriental, limita con Santa Sabi\u00f1a (Santa Comba) (SE); G\u00e1ndara (N y NE); San Cremenzo (NO); Lamas (O) y Mira (S). Con Zas solo linda en un punto: a Pedra dos Cregos.<\/p>\n\n\n\n<p>Durante el Antiguo R\u00e9gimen pertenec\u00eda al dominio del Conde de Altamira y estaba adem\u00e1s bajo la jurisdicci\u00f3n real de Soneira.<\/p>\n\n\n\n<p>En su relieve se distinguen tres zonas: una estrecha franja llana en las cumbres de la Serra de Santiago, una fuerte pendiente hasta las dos aldeas y una zona aplanada que se corresponde con el Val de Soneira.<\/p>\n\n\n\n<p>Solo tiene dos n\u00facleos de poblaci\u00f3n \u2013Carreira y Pedramaior\u2013, que sumaban en 2016 182 habitantes (84 menos que en 2001). Ambos top\u00f3nimos parecen tener una explicaci\u00f3n clara: Carreira procede del lat\u00edn <em>Carraria<\/em> \u2018camino de carro\u2019, y Pedramaior puede hacer referencia a una piedra singular de gran tama\u00f1o.<\/p>\n\n\n\n<p>En la iglesia, a principios del s. XVII se fundaron dos altares dedicados a san Jorge y a san Silvestre que acabaron desapareciendo. En 1769 se realizan importantes obras en la fachada, protestadas por los vecinos por tener que pagarlas \u00edntegramente ellos, y en 1714 se reconstruye la capilla mayor y se hace una nueva sacrist\u00eda. En 1804 Ignacio Garc\u00eda, de Follente, hace el nicho de los dos retablos colaterales en la nave. En 1879 hubo otras importantes reformas y, por \u00faltimo, en 1966 sufri\u00f3 unas reformas de consideraci\u00f3n que eliminaron casi todos los vestigios arquitect\u00f3nicos anteriores.<\/p>\n\n\n\n<p>Cuando en 1998 se construyeron las actuales escaleras de acceso se desenterraron tres sarc\u00f3fagos de piedra de \u00e9poca sueva (siglo VI d. C.). Tambi\u00e9n se han localizado <em>t\u00e9gulas<\/em> romanas y un <em>ara<\/em> (hoy desaparecida) en A Agra das Cruces.<\/p>\n\n\n\n<p>Carreira es una parroquia que destaca por su asociacionismo. Es muy importante la labor llevada a cabo por la Asociaci\u00f3n O Santiagui\u00f1o en el desarrollo de la parroquia: recuperaci\u00f3n del cultivo del lino, construcci\u00f3n de una playa fluvial, cr\u00eda de caballos en el somonte de Pico de Meda, la fiesta de la playa, la rapa das bestas, etc. Tambi\u00e9n consigui\u00f3 un magn\u00edfico local social en una casa restaurada.<\/p>\n\n\n\n<p>Tan importante fue esa labor que lleg\u00f3 a ser el tema de una tesis doctoral de una antrop\u00f3loga canadiense de Newfoundland (Terranova), <em>Sharon R. Roseman<\/em>, que m\u00e1s tarde publicar\u00eda un libro con un amplio resumen en gallego: <em>O rexurdimento dunha base rural no concello de Zas. O Santiagui\u00f1o de Carreira<\/em> (Ed. Ba\u00eda, 2008).<\/p>\n\n\n\n<p>Destacamos y explicamos detalladamente c\u00f3mo fue el proceso de recuperaci\u00f3n del cultivo del lino, con todos los trabajos que requiere.<\/p>\n\n\n\n<p>Igualmente, se muestra una serie de textos hist\u00f3ricos relacionados con la parroquia con fechas de 1592, 1607, 1753, 1847 y 1928.<\/p>\n\n\n\n<p>Tambi\u00e9n se cita, como curiosidad, el caso de un cabazo de piedra de buena factura que fue jugado en una partida de cartas y perdido por un vecino de Fornelos (Baio), en 1847. El ganador envi\u00f3 una carreta para desmontarlo pieza a pieza y lo levant\u00f3 de nuevo en Carreira.<\/p>\n\n\n\n<p>No olvide pulsar el <strong>enlace<\/strong> al final de esta p\u00e1gina para acceder a una informaci\u00f3n M\u00c1S AMPLIA.<\/p>\n\n","protected":false},"featured_media":20903,"template":"","class_list":["post-28154","parroquias","type-parroquias","status-publish","has-post-thumbnail","hentry"],"_links":{"self":[{"href":"https:\/\/concellodezas.gal\/es\/wp-json\/wp\/v2\/parroquias\/28154","targetHints":{"allow":["GET"]}}],"collection":[{"href":"https:\/\/concellodezas.gal\/es\/wp-json\/wp\/v2\/parroquias"}],"about":[{"href":"https:\/\/concellodezas.gal\/es\/wp-json\/wp\/v2\/types\/parroquias"}],"version-history":[{"count":1,"href":"https:\/\/concellodezas.gal\/es\/wp-json\/wp\/v2\/parroquias\/28154\/revisions"}],"predecessor-version":[{"id":28155,"href":"https:\/\/concellodezas.gal\/es\/wp-json\/wp\/v2\/parroquias\/28154\/revisions\/28155"}],"wp:featuredmedia":[{"embeddable":true,"href":"https:\/\/concellodezas.gal\/es\/wp-json\/wp\/v2\/media\/20903"}],"wp:attachment":[{"href":"https:\/\/concellodezas.gal\/es\/wp-json\/wp\/v2\/media?parent=28154"}],"curies":[{"name":"wp","href":"https:\/\/api.w.org\/{rel}","templated":true}]}}

<p>Situada en el tercio norte del concello por su borde oriental, limita con Santa Sabiña (Santa Comba) (SE); Gándara (N y NE); San Cremenzo (NO); Lamas (O) y Mira (S). Con Zas solo linda en un punto: a Pedra dos Cregos.</p>



<p>Durante el Antiguo Régimen pertenecía al dominio del Conde de Altamira y estaba además bajo la jurisdicción real de Soneira.</p>



<p>En su relieve se distinguen tres zonas: una estrecha franja llana en las cumbres de la Serra de Santiago, una fuerte pendiente hasta las dos aldeas y una zona aplanada que se corresponde con el Val de Soneira.</p>



<p>Solo tiene dos núcleos de población –Carreira y Pedramaior–, que sumaban en 2016 182 habitantes (84 menos que en 2001). Ambos topónimos parecen tener una explicación clara: Carreira procede del latín <em>Carraria</em> ‘camino de carro’, y Pedramaior puede hacer referencia a una piedra singular de gran tamaño.</p>



<p>En la iglesia, a principios del s. XVII se fundaron dos altares dedicados a san Jorge y a san Silvestre que acabaron desapareciendo. En 1769 se realizan importantes obras en la fachada, protestadas por los vecinos por tener que pagarlas íntegramente ellos, y en 1714 se reconstruye la capilla mayor y se hace una nueva sacristía. En 1804 Ignacio García, de Follente, hace el nicho de los dos retablos colaterales en la nave. En 1879 hubo otras importantes reformas y, por último, en 1966 sufrió unas reformas de consideración que eliminaron casi todos los vestigios arquitectónicos anteriores.</p>



<p>Cuando en 1998 se construyeron las actuales escaleras de acceso se desenterraron tres sarcófagos de piedra de época sueva (siglo VI d. C.). También se han localizado <em>tégulas</em> romanas y un <em>ara</em> (hoy desaparecida) en A Agra das Cruces.</p>



<p>Carreira es una parroquia que destaca por su asociacionismo. Es muy importante la labor llevada a cabo por la Asociación O Santiaguiño en el desarrollo de la parroquia: recuperación del cultivo del lino, construcción de una playa fluvial, cría de caballos en el somonte de Pico de Meda, la fiesta de la playa, la rapa das bestas, etc. También consiguió un magnífico local social en una casa restaurada.</p>



<p>Tan importante fue esa labor que llegó a ser el tema de una tesis doctoral de una antropóloga canadiense de Newfoundland (Terranova), <em>Sharon R. Roseman</em>, que más tarde publicaría un libro con un amplio resumen en gallego: <em>O rexurdimento dunha base rural no concello de Zas. O Santiaguiño de Carreira</em> (Ed. Baía, 2008).</p>



<p>Destacamos y explicamos detalladamente cómo fue el proceso de recuperación del cultivo del lino, con todos los trabajos que requiere.</p>



<p>Igualmente, se muestra una serie de textos históricos relacionados con la parroquia con fechas de 1592, 1607, 1753, 1847 y 1928.</p>



<p>También se cita, como curiosidad, el caso de un cabazo de piedra de buena factura que fue jugado en una partida de cartas y perdido por un vecino de Fornelos (Baio), en 1847. El ganador envió una carreta para desmontarlo pieza a pieza y lo levantó de nuevo en Carreira.</p>



<p>No olvide pulsar el <strong>enlace</strong> al final de esta página para acceder a una información MÁS AMPLIA.</p>
