{"id":28149,"date":"2025-08-27T09:20:47","date_gmt":"2025-08-27T07:20:47","guid":{"rendered":"https:\/\/concellodezas.gal\/?post_type=parroquias&#038;p=28149"},"modified":"2025-11-25T14:05:16","modified_gmt":"2025-11-25T13:05:16","slug":"gandara","status":"publish","type":"parroquias","link":"https:\/\/concellodezas.gal\/es\/parroquia\/gandara\/","title":{"rendered":"G\u00e1ndara"},"content":{"rendered":"\n<p>G\u00e1ndara se sit\u00faa en el extremo NO del concello de Zas. Limita con parroquias de 3 concellos distintos: Nant\u00f3n (por el N y NE, Cabana de Berganti\u00f1os); Cuns (por el E, Coristanco) y Santa Sabi\u00f1a (por el SE, Santa Comba). Dentro de su propio concello limita con Carreira y San Cremenzo.<\/p>\n\n\n\n<p>Es la tercera parroquia de Zas por su extensi\u00f3n, tan solo por detr\u00e1s de Mu\u00ed\u00f1o y San Marti\u00f1o. Durante el Antiguo R\u00e9gimen formaba parte de la jurisdicci\u00f3n se\u00f1orial de Vimianzo y era acumulativa a la jurisdicci\u00f3n real de Soneira.<\/p>\n\n\n\n<p>En su relieve se distinguen tres partes bien diferenciadas:<\/p>\n\n\n\n<ol class=\"wp-block-list\">\n<li>La parte oriental, situada al este del macizo de Pico de Meda, formada por un valle triangular relativamente encajado en el que se asientan los n\u00facleos de Vilar Ramilo, Parga y Budi\u00e1n.<\/li>\n\n\n\n<li>Una alineaci\u00f3n monta\u00f1osa en el centro que va de S a N y que la divide en dos partes casi iguales. En la cumbre de Pico de Meda \u2013entre G\u00e1ndara y Carreira\u2013 se alcanzan las mayores altitudes de toda la zona (566 m).<\/li>\n\n\n\n<li>Por \u00faltimo, la parte occidental, predominantemente llana, que formar\u00eda parte del llamado Val de Soneira. En esta parte occidental se encuentran los dem\u00e1s n\u00facleos de poblaci\u00f3n.<\/li>\n<\/ol>\n\n\n\n<p>Su principal curso de agua es el r\u00edo do Sisto \u2013que nace en la parroquia xalleira de Santa Sabi\u00f1a y ser\u00e1 el aporte principal que formar\u00e1 el r\u00edo do Porto o Grande\u2013. De este r\u00edo cabe destacar la zona de O Rabi\u00f1oso, con una hermosa cascada y varios molinos y, muy cerca, las vistas que hay desde Pico de Meda. Realmente son dos lugares (O Rabi\u00f1oso y Pico de Meda) que uno no puede dejar de ver si visita la parroquia.<\/p>\n\n\n\n<p>La iglesia tiene una base estructural de \u00e9poca rom\u00e1nica, de la que solo queda la puerta principal rematada en una hermosa doble arcada (uno de los pocos ejemplos del rom\u00e1nico del s. XII que se pueden ver en Zas). Sufri\u00f3 reformas entre 1930 y 1935 y entre 1961 y 1967 que afectaron en parte a su aspecto. En el a\u00f1o 1860 un rayo derrib\u00f3 la fachada y la espada\u00f1a, que fue reconstruida con excelente gusto por Jos\u00e9 Touceda en 1862.<\/p>\n\n\n\n<p>La capilla del lado N, fundada entre 1678 y 1709, estuvo dedicada a Santa Margarida. En su exterior se encuentra el escudo nobiliario de los hidalgos fundadores. La capilla del lado sur estuvo dedicada al Santo Nombre de Jes\u00fas.<\/p>\n\n\n\n<p>Cuenta con dos interesantes cruceiros: el procesional, que se encuentra a unos cientos de metros de la fachada y conserva en su base la fecha de 1720, y otro situado en O Sisto, que muestra unos signos extra\u00f1os en su fuste.<\/p>\n\n\n\n<p>Cuenta con un importante patrimonio arqueol\u00f3gico: unas 14 m\u00e1moas; dos hermosos y relativamente bien conservados castros, el de Vilaest\u00e9vez y el do Bico da Cruz ou das Cortellas; y tres puntos en los que se encontraron restos romanos, entre los que destaca A Agra da Cruz, no muy lejos de la iglesia, donde, a la vista de los restos hallados, es posible situar la existencia de una villa romana en el s. II o III d. C.<\/p>\n\n\n\n<p>Tambi\u00e9n quedan los cimientos de lo que ser\u00edan unas torres medievales \u2013Torres do Bo\u00e9n ou de Surribado\u2013 que, seg\u00fan algunos documentos, pudieron pertenecer al conde Diego P\u00e9rez Sarmiento.<\/p>\n\n\n\n<p>Por \u00faltimo, se\u00f1alar lo interesantes que son unos s\u00edmbolos, hasta ahora no bien estudiados, que hay en el interior del cabazo u h\u00f3rreo de Trelles ou do cura, en las piedras que conforman el suelo.<\/p>\n\n\n\n<p>Sus fiestas principales son el \u00faltimo domingo de mayo (As Dores) y el 15 de agosto (A Asunci\u00f3n). Otras fiestas menores ser\u00edan san Antonio (el lunes posterior a As Dores); san Sebasti\u00e1n (20 de enero); san Isidro (15 de mayo); san Roque (16 de agosto) y el Rosario (\u00faltimo domingo de septiembre).<\/p>\n","protected":false},"featured_media":21040,"template":"","class_list":["post-28149","parroquias","type-parroquias","status-publish","has-post-thumbnail","hentry"],"_links":{"self":[{"href":"https:\/\/concellodezas.gal\/es\/wp-json\/wp\/v2\/parroquias\/28149","targetHints":{"allow":["GET"]}}],"collection":[{"href":"https:\/\/concellodezas.gal\/es\/wp-json\/wp\/v2\/parroquias"}],"about":[{"href":"https:\/\/concellodezas.gal\/es\/wp-json\/wp\/v2\/types\/parroquias"}],"version-history":[{"count":1,"href":"https:\/\/concellodezas.gal\/es\/wp-json\/wp\/v2\/parroquias\/28149\/revisions"}],"predecessor-version":[{"id":28151,"href":"https:\/\/concellodezas.gal\/es\/wp-json\/wp\/v2\/parroquias\/28149\/revisions\/28151"}],"wp:featuredmedia":[{"embeddable":true,"href":"https:\/\/concellodezas.gal\/es\/wp-json\/wp\/v2\/media\/21040"}],"wp:attachment":[{"href":"https:\/\/concellodezas.gal\/es\/wp-json\/wp\/v2\/media?parent=28149"}],"curies":[{"name":"wp","href":"https:\/\/api.w.org\/{rel}","templated":true}]}}

Gándara

<p>Gándara se sitúa en el extremo NO del concello de Zas. Limita con parroquias de 3 concellos distintos: Nantón (por el N y NE, Cabana de Bergantiños); Cuns (por el E, Coristanco) y Santa Sabiña (por el SE, Santa Comba). Dentro de su propio concello limita con Carreira y San Cremenzo.</p>



<p>Es la tercera parroquia de Zas por su extensión, tan solo por detrás de Muíño y San Martiño. Durante el Antiguo Régimen formaba parte de la jurisdicción señorial de Vimianzo y era acumulativa a la jurisdicción real de Soneira.</p>



<p>En su relieve se distinguen tres partes bien diferenciadas:</p>



<ol class="wp-block-list">
<li>La parte oriental, situada al este del macizo de Pico de Meda, formada por un valle triangular relativamente encajado en el que se asientan los núcleos de Vilar Ramilo, Parga y Budián.</li>



<li>Una alineación montañosa en el centro que va de S a N y que la divide en dos partes casi iguales. En la cumbre de Pico de Meda –entre Gándara y Carreira– se alcanzan las mayores altitudes de toda la zona (566 m).</li>



<li>Por último, la parte occidental, predominantemente llana, que formaría parte del llamado Val de Soneira. En esta parte occidental se encuentran los demás núcleos de población.</li>
</ol>



<p>Su principal curso de agua es el río do Sisto –que nace en la parroquia xalleira de Santa Sabiña y será el aporte principal que formará el río do Porto o Grande–. De este río cabe destacar la zona de O Rabiñoso, con una hermosa cascada y varios molinos y, muy cerca, las vistas que hay desde Pico de Meda. Realmente son dos lugares (O Rabiñoso y Pico de Meda) que uno no puede dejar de ver si visita la parroquia.</p>



<p>La iglesia tiene una base estructural de época románica, de la que solo queda la puerta principal rematada en una hermosa doble arcada (uno de los pocos ejemplos del románico del s. XII que se pueden ver en Zas). Sufrió reformas entre 1930 y 1935 y entre 1961 y 1967 que afectaron en parte a su aspecto. En el año 1860 un rayo derribó la fachada y la espadaña, que fue reconstruida con excelente gusto por José Touceda en 1862.</p>



<p>La capilla del lado N, fundada entre 1678 y 1709, estuvo dedicada a Santa Margarida. En su exterior se encuentra el escudo nobiliario de los hidalgos fundadores. La capilla del lado sur estuvo dedicada al Santo Nombre de Jesús.</p>



<p>Cuenta con dos interesantes cruceiros: el procesional, que se encuentra a unos cientos de metros de la fachada y conserva en su base la fecha de 1720, y otro situado en O Sisto, que muestra unos signos extraños en su fuste.</p>



<p>Cuenta con un importante patrimonio arqueológico: unas 14 mámoas; dos hermosos y relativamente bien conservados castros, el de Vilaestévez y el do Bico da Cruz ou das Cortellas; y tres puntos en los que se encontraron restos romanos, entre los que destaca A Agra da Cruz, no muy lejos de la iglesia, donde, a la vista de los restos hallados, es posible situar la existencia de una villa romana en el s. II o III d. C.</p>



<p>También quedan los cimientos de lo que serían unas torres medievales –Torres do Boén ou de Surribado– que, según algunos documentos, pudieron pertenecer al conde Diego Pérez Sarmiento.</p>



<p>Por último, señalar lo interesantes que son unos símbolos, hasta ahora no bien estudiados, que hay en el interior del cabazo u hórreo de Trelles ou do cura, en las piedras que conforman el suelo.</p>



<p>Sus fiestas principales son el último domingo de mayo (As Dores) y el 15 de agosto (A Asunción). Otras fiestas menores serían san Antonio (el lunes posterior a As Dores); san Sebastián (20 de enero); san Isidro (15 de mayo); san Roque (16 de agosto) y el Rosario (último domingo de septiembre).</p>
