{"id":28142,"date":"2025-08-27T10:48:02","date_gmt":"2025-08-27T08:48:02","guid":{"rendered":"https:\/\/concellodezas.gal\/?post_type=parroquias&#038;p=28142"},"modified":"2025-11-25T13:47:49","modified_gmt":"2025-11-25T12:47:49","slug":"mira","status":"publish","type":"parroquias","link":"https:\/\/concellodezas.gal\/es\/parroquia\/mira\/","title":{"rendered":"Mira"},"content":{"rendered":"\n<p>Situada en el borde occidental de la Serra de Santiago donde, cerca de la ermita de San Roque, nace el r\u00edo de Mira, uno de los formadores del r\u00edo do Porto o Grande.<\/p>\n\n\n\n<p>Poco antes de 1867 incorpor\u00f3 a su territorio la peque\u00f1a parroquia anexa de Follente que, no obstante, sigui\u00f3 teniendo actividad religiosa hasta los a\u00f1os 60 del siglo XX. Ambas pertenec\u00edan al dominio del Conde de Altamira y eran acumulativas a la jurisdicci\u00f3n real de Soneira.<\/p>\n\n\n\n<p>Limita por el N y NE con la de Carreira; por el S, SO y O con la de Zas y por el E con la de Santa Sabi\u00f1a (Santa Comba). En un solo punto confluyen cuatro parroquias: Carreira, Mira, Zas y Lamas.<\/p>\n\n\n\n<p>En su relieve se distinguen tres zonas diferenciadas: la alta y amesetada l\u00ednea de cumbres de la sierra de Pico de Meda, los fuertes desniveles hacia el O de este monte y las tierras llanas del valle de Soneira, al O.<\/p>\n\n\n\n<p>Son siete sus n\u00facleos de poblaci\u00f3n, que agrupan a 210 habitantes (94 menos que en 2001).<\/p>\n\n\n\n<p><strong>Mira<\/strong> es un top\u00f3nimo antiqu\u00edsimo, procedente de la palabra prerromana *<em>miro<\/em> o *<em>mir<\/em> \u2018curso de agua, r\u00edo\u2019; <strong>Gontalde, Rosende y Follente<\/strong> aludir\u00edan al nombre de antiguos poseedores probablemente medievales: <em>Guntaldo, Ronosindi o Rodosindi y Fulgentii;<\/em> <strong>Teixid\u00f3n<\/strong> a un lugar con tejos (\u00e1rboles) y <strong>Ventoselo<\/strong> y <strong>A Costa<\/strong> tendr\u00edan un significado claro.<\/p>\n\n\n\n<p>Entre 1730 y 1736 est\u00e1 documentada la presencia de dos canteros de Mora\u00f1a (Pontevedra) en la construcci\u00f3n de la nave de la iglesia: Silvestre y Afonso Diz. La fachada es de finales del siglo XVIII. Entre 1949 y 1960 \u2013y, m\u00e1s adelante, entre 1972 y 1980\u2013 hubo muchas reformas arquitect\u00f3nicas.<\/p>\n\n\n\n<p>El retablo mayor fue, tras estas obras, trasladado a la capilla lateral S, obra de Francisco Castro Agud\u00edn, artista de Sandrexo, en 1790. Entre sus im\u00e1genes destacan: la Anunciaci\u00f3n, la Inmaculada, santa B\u00e1rbara, san Roque y santo Eutelo.<\/p>\n\n\n\n<p>En un campo ajardinado que hay frente a la fachada de la iglesia se alza un hermoso cruceiro, probablemente barroco del siglo XVIII.<\/p>\n\n\n\n<p>La antigua iglesia de Follente es de peque\u00f1o tama\u00f1o y apenas tiene inter\u00e9s arquitect\u00f3nico. Hoy no se utiliza. La que s\u00ed se utiliza es la capilla de San Roque do Monte (San Roque do Monte Coroado, seg\u00fan documentos hist\u00f3ricos), que celebra una multitudinaria fiesta de meriendas el \u00faltimo s\u00e1bado de agosto. V\u00e9anse las continuas advertencias del Arzobispado por los excesos culinarios que se comet\u00edan en siglos pasados en las pitanzas que organizaban sus cofrades.<\/p>\n\n\n\n<p>Conviene recordar que en el lugar de Gontalde hubo una feria llamada Feira Nova que en 1753 a\u00fan no exist\u00eda pero que en 1798 se intent\u00f3 suprimir; eso quiere decir que fue creada en ese per\u00edodo intermedio. Finalmente fue trasladada a Zas en 1904.<\/p>\n\n\n\n<p>En Follente hubo un antiguo pazo hoy transformado en una casona con un escudo nobiliario en el sillar del lado N, donde est\u00e1n representadas las familias hidalgas de los Figueroa, de los Leis y de los Caama\u00f1o.<\/p>\n\n\n\n<p>Quiz\u00e1s el hecho hist\u00f3rico m\u00e1s importante acaecido en la parroquia sea que en esta casa-pazo fue donde se aloj\u00f3 el famoso cart\u00f3grafo y matem\u00e1tico Domingo Font\u00e1n, en diciembre de 1823, pues Follente fue uno de los primeros lugares escogidos para la elaboraci\u00f3n de su magno mapa \u201c<em>Carta Geom\u00e9trica del Reino de Galicia<\/em>\u201d, terminado en 1834 y editado en Par\u00eds en 1845.<\/p>\n\n\n\n<p>Ser\u00eda interesante que por parte de la administraci\u00f3n se dejase constancia f\u00edsica de este hecho, realizado por una de las pocas personas que est\u00e1 enterrada en el Pante\u00f3n de Galegos Ilustres en Santiago.<\/p>\n\n","protected":false},"featured_media":21155,"template":"","class_list":["post-28142","parroquias","type-parroquias","status-publish","has-post-thumbnail","hentry"],"_links":{"self":[{"href":"https:\/\/concellodezas.gal\/es\/wp-json\/wp\/v2\/parroquias\/28142","targetHints":{"allow":["GET"]}}],"collection":[{"href":"https:\/\/concellodezas.gal\/es\/wp-json\/wp\/v2\/parroquias"}],"about":[{"href":"https:\/\/concellodezas.gal\/es\/wp-json\/wp\/v2\/types\/parroquias"}],"version-history":[{"count":1,"href":"https:\/\/concellodezas.gal\/es\/wp-json\/wp\/v2\/parroquias\/28142\/revisions"}],"predecessor-version":[{"id":28143,"href":"https:\/\/concellodezas.gal\/es\/wp-json\/wp\/v2\/parroquias\/28142\/revisions\/28143"}],"wp:featuredmedia":[{"embeddable":true,"href":"https:\/\/concellodezas.gal\/es\/wp-json\/wp\/v2\/media\/21155"}],"wp:attachment":[{"href":"https:\/\/concellodezas.gal\/es\/wp-json\/wp\/v2\/media?parent=28142"}],"curies":[{"name":"wp","href":"https:\/\/api.w.org\/{rel}","templated":true}]}}

<p>Situada en el borde occidental de la Serra de Santiago donde, cerca de la ermita de San Roque, nace el río de Mira, uno de los formadores del río do Porto o Grande.</p>



<p>Poco antes de 1867 incorporó a su territorio la pequeña parroquia anexa de Follente que, no obstante, siguió teniendo actividad religiosa hasta los años 60 del siglo XX. Ambas pertenecían al dominio del Conde de Altamira y eran acumulativas a la jurisdicción real de Soneira.</p>



<p>Limita por el N y NE con la de Carreira; por el S, SO y O con la de Zas y por el E con la de Santa Sabiña (Santa Comba). En un solo punto confluyen cuatro parroquias: Carreira, Mira, Zas y Lamas.</p>



<p>En su relieve se distinguen tres zonas diferenciadas: la alta y amesetada línea de cumbres de la sierra de Pico de Meda, los fuertes desniveles hacia el O de este monte y las tierras llanas del valle de Soneira, al O.</p>



<p>Son siete sus núcleos de población, que agrupan a 210 habitantes (94 menos que en 2001).</p>



<p><strong>Mira</strong> es un topónimo antiquísimo, procedente de la palabra prerromana *<em>miro</em> o *<em>mir</em> ‘curso de agua, río’; <strong>Gontalde, Rosende y Follente</strong> aludirían al nombre de antiguos poseedores probablemente medievales: <em>Guntaldo, Ronosindi o Rodosindi y Fulgentii;</em> <strong>Teixidón</strong> a un lugar con tejos (árboles) y <strong>Ventoselo</strong> y <strong>A Costa</strong> tendrían un significado claro.</p>



<p>Entre 1730 y 1736 está documentada la presencia de dos canteros de Moraña (Pontevedra) en la construcción de la nave de la iglesia: Silvestre y Afonso Diz. La fachada es de finales del siglo XVIII. Entre 1949 y 1960 –y, más adelante, entre 1972 y 1980– hubo muchas reformas arquitectónicas.</p>



<p>El retablo mayor fue, tras estas obras, trasladado a la capilla lateral S, obra de Francisco Castro Agudín, artista de Sandrexo, en 1790. Entre sus imágenes destacan: la Anunciación, la Inmaculada, santa Bárbara, san Roque y santo Eutelo.</p>



<p>En un campo ajardinado que hay frente a la fachada de la iglesia se alza un hermoso cruceiro, probablemente barroco del siglo XVIII.</p>



<p>La antigua iglesia de Follente es de pequeño tamaño y apenas tiene interés arquitectónico. Hoy no se utiliza. La que sí se utiliza es la capilla de San Roque do Monte (San Roque do Monte Coroado, según documentos históricos), que celebra una multitudinaria fiesta de meriendas el último sábado de agosto. Véanse las continuas advertencias del Arzobispado por los excesos culinarios que se cometían en siglos pasados en las pitanzas que organizaban sus cofrades.</p>



<p>Conviene recordar que en el lugar de Gontalde hubo una feria llamada Feira Nova que en 1753 aún no existía pero que en 1798 se intentó suprimir; eso quiere decir que fue creada en ese período intermedio. Finalmente fue trasladada a Zas en 1904.</p>



<p>En Follente hubo un antiguo pazo hoy transformado en una casona con un escudo nobiliario en el sillar del lado N, donde están representadas las familias hidalgas de los Figueroa, de los Leis y de los Caamaño.</p>



<p>Quizás el hecho histórico más importante acaecido en la parroquia sea que en esta casa-pazo fue donde se alojó el famoso cartógrafo y matemático Domingo Fontán, en diciembre de 1823, pues Follente fue uno de los primeros lugares escogidos para la elaboración de su magno mapa “<em>Carta Geométrica del Reino de Galicia</em>”, terminado en 1834 y editado en París en 1845.</p>



<p>Sería interesante que por parte de la administración se dejase constancia física de este hecho, realizado por una de las pocas personas que está enterrada en el Panteón de Galegos Ilustres en Santiago.</p>
