{"id":28138,"date":"2025-08-27T11:02:21","date_gmt":"2025-08-27T09:02:21","guid":{"rendered":"https:\/\/concellodezas.gal\/?post_type=parroquias&#038;p=28138"},"modified":"2025-11-25T13:27:24","modified_gmt":"2025-11-25T12:27:24","slug":"zas","status":"publish","type":"parroquias","link":"https:\/\/concellodezas.gal\/es\/parroquia\/zas\/","title":{"rendered":"Zas"},"content":{"rendered":"\n<p>Cuando se constituyeron los primeros ayuntamientos en 1820, la parroquia de Zas era la capital de uno de los tres (Allo, Mu\u00ed\u00f1o y Zas) que conformar\u00edan el actual territorio municipal a partir de 1836.<\/p>\n\n\n\n<p>Durante el Antiguo R\u00e9gimen perteneci\u00f3 a la jurisdicci\u00f3n de Soneira (que era de dominio real), acumulativa a la de Vimianzo, en la que los presenteiros eran los Caama\u00f1o de Romelle.<\/p>\n\n\n\n<p>Tiene aproximadamente unos 10,2 km<sup>2<\/sup>&nbsp;y es la parroquia del concello que limita con el mayor n\u00famero de ellas. En el paraje conocido como A Pedra dos Cregos hay un punto en el que confluyen cuatro: Carreira, por el NE; Lamas, por el NO; Mira, por el E y por el N, adem\u00e1s de la propia de Zas. A muy poca distancia, hacia el N, est\u00e1 tambi\u00e9n San Cremenzo de Pazos, pero sin llegar a tocarla. Por el O tiene un peque\u00f1o tramo que linda con la de Vilar. Por el SE estar\u00edan Santo Adri\u00e1n do Castro y San Marti\u00f1o de Meanos. Por el E est\u00e1n las parroquias de Santa Sabi\u00f1a, en un tramo muy corto, y C\u00edcere, pertenecientes al concello de Santa Comba.<\/p>\n\n\n\n<p>Dada su forma alargada \u2013desde el concello de Santa Comba hasta la parroquia de Lamas\u2013, presenta formas de relieve variadas: zonas llanas a considerable altura, en los l\u00edmites con Santa Comba; pendientes relativamente acusadas hasta Vilar do Mato, y tierras bajas y llanas en la parte central y occidental.<\/p>\n\n\n\n<p>Est\u00e1 drenada por el r\u00edo de Zas \u2013afluente del r\u00edo do Porto (o r\u00edo Grande) por la izquierda\u2013 y por el peque\u00f1o regato de Follente.<\/p>\n\n\n\n<p>Geol\u00f3gicamente presenta formas y estructuras orientadas de N a S siguiendo la direcci\u00f3n del plegamiento Herc\u00ednico, aunque la mayor\u00eda de las tierras del territorio parroquial ser\u00edan del Prec\u00e1mbrico o del C\u00e1mbrico. Todo este conjunto formar\u00eda parte del Complejo de Noia o Fosa Blastomilon\u00edtica.<\/p>\n\n\n\n<p>Cuenta con tan solo tres aldeas: A Toxa, Vilar do Mato y Zas. Su evoluci\u00f3n demogr\u00e1fica fue la siguiente: 11 vecinos en 1607, 46 vecinos y 159 hab. en 1753, 43 vecinos en 1769, 24 vec. y 120 hab. (1836), 26 vec. y 128 hab. (1845), 439 hab. (1928), 636 hab. (1970), 558 hab. (1981), 487 hab. (1991), 497 hab. (2001), 517 hab. (2006), 525 hab. (2011), 471 hab. (2014), 461 hab. (2015) y 451 hab. (2016).<\/p>\n\n\n\n<p>Presenta un crecimiento continuo desde 1900 hasta 1960; en los a\u00f1os posteriores a 1960, despu\u00e9s de un peque\u00f1o descenso hasta 1991, consigue estabilizarse y, incluso, en 2012 ten\u00eda m\u00e1s habitantes que a comienzos de este siglo. Solo en los cuatro \u00faltimos a\u00f1os comenz\u00f3 claramente a perder poblaci\u00f3n.<\/p>\n\n\n\n<p>Respecto al nombre de la parroquia y del concello, se cre\u00eda que pod\u00eda proceder del germ\u00e1nico *SALA \u2018pazo, residencia principal\u2019, pero en la actualidad hay quienes piensan que puede proceder del lat\u00edn *SALIX, en su forma derivada SALICE (sauce).<\/p>\n\n\n\n<p>La iglesia parroquial, de 1540, sufri\u00f3 reformas en 1618 \u2013bajo la direcci\u00f3n de <em>J\u00e1come F\u00e9rnandez<\/em>, maestro de obras de la catedral de Santiago\u2013 y tambi\u00e9n en 1791, 1815, 1838, 1848 y 1987. El campanario data de 1893. Presenta planta de sal\u00f3n formada por una capilla mayor cuadrangular y una nave rectangular. Fue mandada edificar por el noble \u00c1lvaro N\u00fa\u00f1ez de Lamas y conserva los sepulcros de piedra tanto de \u00e9l como de su madre.<\/p>\n\n\n\n<p>Destacan el altar mayor \u2013que cuenta con las im\u00e1genes de <em>Santo Andr\u00e9, Santa B\u00e1rbara y san Brais<\/em>\u2013, de estilo neocl\u00e1sico tard\u00edo, y el retablo de piedra de la Virgen del Carmen, obra del artista de Sandrexo <em>Francisco Castro Agud\u00edn<\/em>, que a\u00fan conserva alg\u00fan rasgo barroco pero que es predominantemente neocl\u00e1sico.<\/p>\n\n\n\n<p>Tuvieron mucha importancia en ella la familia noble de los Lamas, originaria de la parroquia hom\u00f3nima, que mand\u00f3 edificar la iglesia, constituy\u00f3 los mayorazgos de Sas y Brandomil y acab\u00f3 emparentando con los Caama\u00f1o de Romelle, que pasaron a ser los presenteiros.<\/p>\n\n\n\n<p>En la zona sureste del atrio hay un cruceiro de hermosas trazas con las figuras de Cristo y la Virgen del Carmen con el Ni\u00f1o en brazos; las figuras fueron esculpidas por Francisco Rodeiro, escultor compostelano, en 1857.<\/p>\n\n\n\n<p>En el llamado Campo do Carme se asienta la Casa do Concello, que se inaugur\u00f3 en 1951, despu\u00e9s de unos cien a\u00f1os de tr\u00e1mites. Imita la estructura de las Torres do Allo y es una de las m\u00e1s hermosas de toda la Costa da Morte. El maestro cantero que la construy\u00f3 fue <em>Severino Abelenda Gra\u00ed\u00f1o<\/em>.<\/p>\n\n\n\n<p>En las primeras d\u00e9cadas del siglo XX cont\u00f3 con dos ferias: la que se traslad\u00f3 desde A Santa (Mu\u00ed\u00f1o) y la que se traslad\u00f3 desde Gontalde (Mira), que perdur\u00f3 en el tiempo bastante m\u00e1s que la primera.<\/p>\n\n\n\n<p>Como personaje local destacado hay que mencionar a Manuel Mar\u00eda Pose de Prado, de Vilar do Mato, emigrado muy joven a la Argentina, donde hizo una cuantiosa fortuna que leg\u00f3 despu\u00e9s a obras ben\u00e9ficas, incluso para la creaci\u00f3n de un Colegio Mercantil en Zas que nunca lleg\u00f3 a funcionar.<\/p>\n\n\n\n<p>No debemos olvidar la Festa da Carballeira, romer\u00eda folk conocida en toda Galicia por la calidad de los m\u00fasicos que act\u00faan en ella y que ya va por sus 34 ediciones.<\/p>\n\n","protected":false},"featured_media":21224,"template":"","class_list":["post-28138","parroquias","type-parroquias","status-publish","has-post-thumbnail","hentry"],"_links":{"self":[{"href":"https:\/\/concellodezas.gal\/es\/wp-json\/wp\/v2\/parroquias\/28138","targetHints":{"allow":["GET"]}}],"collection":[{"href":"https:\/\/concellodezas.gal\/es\/wp-json\/wp\/v2\/parroquias"}],"about":[{"href":"https:\/\/concellodezas.gal\/es\/wp-json\/wp\/v2\/types\/parroquias"}],"version-history":[{"count":1,"href":"https:\/\/concellodezas.gal\/es\/wp-json\/wp\/v2\/parroquias\/28138\/revisions"}],"predecessor-version":[{"id":28139,"href":"https:\/\/concellodezas.gal\/es\/wp-json\/wp\/v2\/parroquias\/28138\/revisions\/28139"}],"wp:featuredmedia":[{"embeddable":true,"href":"https:\/\/concellodezas.gal\/es\/wp-json\/wp\/v2\/media\/21224"}],"wp:attachment":[{"href":"https:\/\/concellodezas.gal\/es\/wp-json\/wp\/v2\/media?parent=28138"}],"curies":[{"name":"wp","href":"https:\/\/api.w.org\/{rel}","templated":true}]}}

<p>Cuando se constituyeron los primeros ayuntamientos en 1820, la parroquia de Zas era la capital de uno de los tres (Allo, Muíño y Zas) que conformarían el actual territorio municipal a partir de 1836.</p>



<p>Durante el Antiguo Régimen perteneció a la jurisdicción de Soneira (que era de dominio real), acumulativa a la de Vimianzo, en la que los presenteiros eran los Caamaño de Romelle.</p>



<p>Tiene aproximadamente unos 10,2 km<sup>2</sup>&nbsp;y es la parroquia del concello que limita con el mayor número de ellas. En el paraje conocido como A Pedra dos Cregos hay un punto en el que confluyen cuatro: Carreira, por el NE; Lamas, por el NO; Mira, por el E y por el N, además de la propia de Zas. A muy poca distancia, hacia el N, está también San Cremenzo de Pazos, pero sin llegar a tocarla. Por el O tiene un pequeño tramo que linda con la de Vilar. Por el SE estarían Santo Adrián do Castro y San Martiño de Meanos. Por el E están las parroquias de Santa Sabiña, en un tramo muy corto, y Cícere, pertenecientes al concello de Santa Comba.</p>



<p>Dada su forma alargada –desde el concello de Santa Comba hasta la parroquia de Lamas–, presenta formas de relieve variadas: zonas llanas a considerable altura, en los límites con Santa Comba; pendientes relativamente acusadas hasta Vilar do Mato, y tierras bajas y llanas en la parte central y occidental.</p>



<p>Está drenada por el río de Zas –afluente del río do Porto (o río Grande) por la izquierda– y por el pequeño regato de Follente.</p>



<p>Geológicamente presenta formas y estructuras orientadas de N a S siguiendo la dirección del plegamiento Hercínico, aunque la mayoría de las tierras del territorio parroquial serían del Precámbrico o del Cámbrico. Todo este conjunto formaría parte del Complejo de Noia o Fosa Blastomilonítica.</p>



<p>Cuenta con tan solo tres aldeas: A Toxa, Vilar do Mato y Zas. Su evolución demográfica fue la siguiente: 11 vecinos en 1607, 46 vecinos y 159 hab. en 1753, 43 vecinos en 1769, 24 vec. y 120 hab. (1836), 26 vec. y 128 hab. (1845), 439 hab. (1928), 636 hab. (1970), 558 hab. (1981), 487 hab. (1991), 497 hab. (2001), 517 hab. (2006), 525 hab. (2011), 471 hab. (2014), 461 hab. (2015) y 451 hab. (2016).</p>



<p>Presenta un crecimiento continuo desde 1900 hasta 1960; en los años posteriores a 1960, después de un pequeño descenso hasta 1991, consigue estabilizarse y, incluso, en 2012 tenía más habitantes que a comienzos de este siglo. Solo en los cuatro últimos años comenzó claramente a perder población.</p>



<p>Respecto al nombre de la parroquia y del concello, se creía que podía proceder del germánico *SALA ‘pazo, residencia principal’, pero en la actualidad hay quienes piensan que puede proceder del latín *SALIX, en su forma derivada SALICE (sauce).</p>



<p>La iglesia parroquial, de 1540, sufrió reformas en 1618 –bajo la dirección de <em>Jácome Férnandez</em>, maestro de obras de la catedral de Santiago– y también en 1791, 1815, 1838, 1848 y 1987. El campanario data de 1893. Presenta planta de salón formada por una capilla mayor cuadrangular y una nave rectangular. Fue mandada edificar por el noble Álvaro Núñez de Lamas y conserva los sepulcros de piedra tanto de él como de su madre.</p>



<p>Destacan el altar mayor –que cuenta con las imágenes de <em>Santo André, Santa Bárbara y san Brais</em>–, de estilo neoclásico tardío, y el retablo de piedra de la Virgen del Carmen, obra del artista de Sandrexo <em>Francisco Castro Agudín</em>, que aún conserva algún rasgo barroco pero que es predominantemente neoclásico.</p>



<p>Tuvieron mucha importancia en ella la familia noble de los Lamas, originaria de la parroquia homónima, que mandó edificar la iglesia, constituyó los mayorazgos de Sas y Brandomil y acabó emparentando con los Caamaño de Romelle, que pasaron a ser los presenteiros.</p>



<p>En la zona sureste del atrio hay un cruceiro de hermosas trazas con las figuras de Cristo y la Virgen del Carmen con el Niño en brazos; las figuras fueron esculpidas por Francisco Rodeiro, escultor compostelano, en 1857.</p>



<p>En el llamado Campo do Carme se asienta la Casa do Concello, que se inauguró en 1951, después de unos cien años de trámites. Imita la estructura de las Torres do Allo y es una de las más hermosas de toda la Costa da Morte. El maestro cantero que la construyó fue <em>Severino Abelenda Graíño</em>.</p>



<p>En las primeras décadas del siglo XX contó con dos ferias: la que se trasladó desde A Santa (Muíño) y la que se trasladó desde Gontalde (Mira), que perduró en el tiempo bastante más que la primera.</p>



<p>Como personaje local destacado hay que mencionar a Manuel María Pose de Prado, de Vilar do Mato, emigrado muy joven a la Argentina, donde hizo una cuantiosa fortuna que legó después a obras benéficas, incluso para la creación de un Colegio Mercantil en Zas que nunca llegó a funcionar.</p>



<p>No debemos olvidar la Festa da Carballeira, romería folk conocida en toda Galicia por la calidad de los músicos que actúan en ella y que ya va por sus 34 ediciones.</p>
