{"id":28134,"date":"2025-08-27T11:18:41","date_gmt":"2025-08-27T09:18:41","guid":{"rendered":"https:\/\/concellodezas.gal\/?post_type=parroquias&#038;p=28134"},"modified":"2025-11-25T13:10:06","modified_gmt":"2025-11-25T12:10:06","slug":"lamas","status":"publish","type":"parroquias","link":"https:\/\/concellodezas.gal\/es\/parroquia\/lamas\/","title":{"rendered":"Lamas"},"content":{"rendered":"\n<p>Forma parte del grupo de parroquias situadas en la zona noroccidental del concello de Zas, configuradas en torno al valle medio del r\u00edo do Porto o Grande. Su geograf\u00eda es la t\u00edpica de la zona central de la Terra de Soneira: una superficie muy llana regada por las aguas suaves del r\u00edo de Zas o de Lamas (direcci\u00f3n sur-norte), ya en su tramo final.<\/p>\n\n\n\n<p>Linda en tramos m\u00e1s o menos largos con 7 parroquias del concello de Zas (Baio y O Allo, por el N; San Cremenzo y Carreira, por el E; Mira, en un solo punto: la Pedra dos Cregos, por el SE; Zas, por el S y SO, y Vilar, por el S y SE) y una del concello de Vimianzo: Bamiro (por el O).<\/p>\n\n\n\n<p>Tiene una superficie de unos 7,1 km<sup>2<\/sup>, muy similar a otras parroquias del concello como O Allo, Brandomil, Brando\u00f1as o Santa S\u00eda (todas ellas rondan los 7 km<sup>2<\/sup>).<\/p>\n\n\n\n<p>Estuvo unida a Baio hasta el a\u00f1o 1793, siendo Lamas la parroquia matriz. En el Antiguo R\u00e9gimen formaba parte de la jurisdicci\u00f3n de Vimianzo, del se\u00f1or\u00edo del conde de Altamira.<\/p>\n\n\n\n<p>En lo que respecta a su relieve, hay que destacar lo llano que es. Presenta formas totalmente aplanadas, salvo en los l\u00edmites, donde hay peque\u00f1as lomas que la separan de las parroquias de Vilar y Bamiro, por el O, y San Cremenzo, por el E. En ambos casos se trata de elevaciones de muy poca entidad, algo m\u00e1s altas estas \u00faltimas, pero que apenas se alzan unos cuantos metros m\u00e1s que la parte central de la parroquia. Casi la totalidad de su territorio est\u00e1 formada por un valle de fondo muy plano donde los desniveles son imperceptibles.<\/p>\n\n\n\n<p>Su principal curso de agua es el <strong>r\u00edo de Zas<\/strong> o <strong>de Lamas<\/strong> \u2013que nace en la parroquia de San Marti\u00f1o de Meanos\u2013 y ser\u00e1 uno de los aportes m\u00e1s importantes del r\u00edo do Porto. Es su afluente m\u00e1s largo (16,4 km). Se trata de un r\u00edo eminentemente de llanura, con tan solo peque\u00f1os desniveles en la zona de Pedra Vix\u00eda antes de unirse al cauce principal, ya en tierras de Baio. Por esta zona, en su margen derecha, se encuentra el <strong>dolmen de Pedra Moura de Pedra Vix\u00eda<\/strong>, en un lamentable estado de conservaci\u00f3n; siendo como es el monumento megal\u00edtico m\u00e1s conocido del concello de Zas despu\u00e9s de la Arca da Piosa, merecer\u00eda m\u00e1s atenci\u00f3n oficial, facilitando sus accesos y limpi\u00e1ndolo de maleza.<\/p>\n\n\n\n<p>De la <strong>iglesia parroquial de Santa Mar\u00eda de Lamas<\/strong>, lo m\u00e1s destacable es la capilla mayor, g\u00f3tica del s. XVI, cubierta por una hermosa b\u00f3veda estrellada con nervaduras muy trabajadas que se cruzan en una clave central y cuatro secundarias. Llama tambi\u00e9n la atenci\u00f3n el majestuoso <strong>arco apuntado<\/strong>, tambi\u00e9n g\u00f3tico y del siglo XVI, que comunica la capilla mayor con la nave.<\/p>\n\n\n\n<p>La <strong>reconstrucci\u00f3n de la nave<\/strong> del templo en el siglo XVIII cost\u00f3 hierro y harina, pues los vecinos no estaban muy de acuerdo con los mandatos del visitador del arzobispado y el p\u00e1rroco tuvo que acudir a un notario para amenazarlos por escrito con penas de excomuni\u00f3n \u201cy prisi\u00f3n de sus personas y otros apremios\u201d si no acced\u00edan a colaborar en las obras prestando sus servicios. Llama la atenci\u00f3n la osad\u00eda de estos feligreses, teniendo en cuenta el poder absoluto que ten\u00eda la Iglesia en la \u00e9poca; fueron muy atrevidos, desde luego. Las \u00f3rdenes de reconstrucci\u00f3n se dieron en 1721, pero hasta 1734 no se iniciaron, concluy\u00e9ndose en 1743. De esta \u00e9poca son las esculturas de piedra de la fachada y el crucero del atrio, de fuste largo, obra de Xo\u00e1n Mart\u00ednez, cantero y tallista de Borneiro. El retablo mayor del interior \u2013de estilo barroco-rococ\u00f3\u2013 fue realizado en 1773 por un hijo suyo, tambi\u00e9n escultor, llamado Ignacio, residente en Troitosende (A Ba\u00f1a).<\/p>\n\n\n\n<p>Esta parroquia fue el hogar natal de una importante <strong>familia hidalga<\/strong> gallega que tom\u00f3 el nombre de la propia feligres\u00eda: los <strong>Lamas<\/strong>. Seg\u00fan los genealogistas, la casa hidalga de los Lamas era de las primeras y mejores del Reino de Galicia, con un origen que se remontaba a principios del s. XVI. Como ya indicamos, uno de sus miembros, \u00c1lvaro N\u00fa\u00f1ez de Lamas, fue quien mand\u00f3 construir, algunos a\u00f1os antes de 1540, el templo parroquial de Zas.<\/p>\n","protected":false},"featured_media":21234,"template":"","class_list":["post-28134","parroquias","type-parroquias","status-publish","has-post-thumbnail","hentry"],"_links":{"self":[{"href":"https:\/\/concellodezas.gal\/es\/wp-json\/wp\/v2\/parroquias\/28134","targetHints":{"allow":["GET"]}}],"collection":[{"href":"https:\/\/concellodezas.gal\/es\/wp-json\/wp\/v2\/parroquias"}],"about":[{"href":"https:\/\/concellodezas.gal\/es\/wp-json\/wp\/v2\/types\/parroquias"}],"version-history":[{"count":1,"href":"https:\/\/concellodezas.gal\/es\/wp-json\/wp\/v2\/parroquias\/28134\/revisions"}],"predecessor-version":[{"id":28135,"href":"https:\/\/concellodezas.gal\/es\/wp-json\/wp\/v2\/parroquias\/28134\/revisions\/28135"}],"wp:featuredmedia":[{"embeddable":true,"href":"https:\/\/concellodezas.gal\/es\/wp-json\/wp\/v2\/media\/21234"}],"wp:attachment":[{"href":"https:\/\/concellodezas.gal\/es\/wp-json\/wp\/v2\/media?parent=28134"}],"curies":[{"name":"wp","href":"https:\/\/api.w.org\/{rel}","templated":true}]}}

<p>Forma parte del grupo de parroquias situadas en la zona noroccidental del concello de Zas, configuradas en torno al valle medio del río do Porto o Grande. Su geografía es la típica de la zona central de la Terra de Soneira: una superficie muy llana regada por las aguas suaves del río de Zas o de Lamas (dirección sur-norte), ya en su tramo final.</p>



<p>Linda en tramos más o menos largos con 7 parroquias del concello de Zas (Baio y O Allo, por el N; San Cremenzo y Carreira, por el E; Mira, en un solo punto: la Pedra dos Cregos, por el SE; Zas, por el S y SO, y Vilar, por el S y SE) y una del concello de Vimianzo: Bamiro (por el O).</p>



<p>Tiene una superficie de unos 7,1 km<sup>2</sup>, muy similar a otras parroquias del concello como O Allo, Brandomil, Brandoñas o Santa Sía (todas ellas rondan los 7 km<sup>2</sup>).</p>



<p>Estuvo unida a Baio hasta el año 1793, siendo Lamas la parroquia matriz. En el Antiguo Régimen formaba parte de la jurisdicción de Vimianzo, del señorío del conde de Altamira.</p>



<p>En lo que respecta a su relieve, hay que destacar lo llano que es. Presenta formas totalmente aplanadas, salvo en los límites, donde hay pequeñas lomas que la separan de las parroquias de Vilar y Bamiro, por el O, y San Cremenzo, por el E. En ambos casos se trata de elevaciones de muy poca entidad, algo más altas estas últimas, pero que apenas se alzan unos cuantos metros más que la parte central de la parroquia. Casi la totalidad de su territorio está formada por un valle de fondo muy plano donde los desniveles son imperceptibles.</p>



<p>Su principal curso de agua es el <strong>río de Zas</strong> o <strong>de Lamas</strong> –que nace en la parroquia de San Martiño de Meanos– y será uno de los aportes más importantes del río do Porto. Es su afluente más largo (16,4 km). Se trata de un río eminentemente de llanura, con tan solo pequeños desniveles en la zona de Pedra Vixía antes de unirse al cauce principal, ya en tierras de Baio. Por esta zona, en su margen derecha, se encuentra el <strong>dolmen de Pedra Moura de Pedra Vixía</strong>, en un lamentable estado de conservación; siendo como es el monumento megalítico más conocido del concello de Zas después de la Arca da Piosa, merecería más atención oficial, facilitando sus accesos y limpiándolo de maleza.</p>



<p>De la <strong>iglesia parroquial de Santa María de Lamas</strong>, lo más destacable es la capilla mayor, gótica del s. XVI, cubierta por una hermosa bóveda estrellada con nervaduras muy trabajadas que se cruzan en una clave central y cuatro secundarias. Llama también la atención el majestuoso <strong>arco apuntado</strong>, también gótico y del siglo XVI, que comunica la capilla mayor con la nave.</p>



<p>La <strong>reconstrucción de la nave</strong> del templo en el siglo XVIII costó hierro y harina, pues los vecinos no estaban muy de acuerdo con los mandatos del visitador del arzobispado y el párroco tuvo que acudir a un notario para amenazarlos por escrito con penas de excomunión “y prisión de sus personas y otros apremios” si no accedían a colaborar en las obras prestando sus servicios. Llama la atención la osadía de estos feligreses, teniendo en cuenta el poder absoluto que tenía la Iglesia en la época; fueron muy atrevidos, desde luego. Las órdenes de reconstrucción se dieron en 1721, pero hasta 1734 no se iniciaron, concluyéndose en 1743. De esta época son las esculturas de piedra de la fachada y el crucero del atrio, de fuste largo, obra de Xoán Martínez, cantero y tallista de Borneiro. El retablo mayor del interior –de estilo barroco-rococó– fue realizado en 1773 por un hijo suyo, también escultor, llamado Ignacio, residente en Troitosende (A Baña).</p>



<p>Esta parroquia fue el hogar natal de una importante <strong>familia hidalga</strong> gallega que tomó el nombre de la propia feligresía: los <strong>Lamas</strong>. Según los genealogistas, la casa hidalga de los Lamas era de las primeras y mejores del Reino de Galicia, con un origen que se remontaba a principios del s. XVI. Como ya indicamos, uno de sus miembros, Álvaro Núñez de Lamas, fue quien mandó construir, algunos años antes de 1540, el templo parroquial de Zas.</p>
