{"id":28130,"date":"2025-08-27T11:42:10","date_gmt":"2025-08-27T09:42:10","guid":{"rendered":"https:\/\/concellodezas.gal\/?post_type=parroquias&#038;p=28130"},"modified":"2025-11-25T13:03:55","modified_gmt":"2025-11-25T12:03:55","slug":"baio","status":"publish","type":"parroquias","link":"https:\/\/concellodezas.gal\/es\/parroquia\/baio\/","title":{"rendered":"Baio"},"content":{"rendered":"\n<p><strong>Baio<\/strong>, como parroquia m\u00e1s poblada del concello de Zas, es el lugar de origen de numerosos personajes, algunos de ellos muy importantes dentro de la cultura gallega. Por eso, la informaci\u00f3n relativa a esta parroquia que se env\u00eda para incluirla en la secci\u00f3n \u201cZas polo mi\u00fado\u201d de la p\u00e1gina web del concello de Zas, dada su extensi\u00f3n, se ha decidido dividirla en dos partes, de acuerdo con el sumario que figura expuesto m\u00e1s arriba, para facilitar su comprensi\u00f3n y asimilar su importancia.<\/p>\n\n\n\n<p>En esta primera parte ir\u00edan todos los aspectos generales de la parroquia: geograf\u00eda, geolog\u00eda, demograf\u00eda, textos y referencias hist\u00f3ricas, ciertos aspectos de inter\u00e9s o curiosidades, etc.<\/p>\n\n\n\n<p>Para una segunda parte quedar\u00eda el estudio de las manifestaciones art\u00edsticas de las dos iglesias, personajes de Baio, fiestas e inventario de bienes de su patrimonio art\u00edstico y arqueol\u00f3gico.<\/p>\n\n\n\n<p>En lo que respecta a la <strong>geograf\u00eda<\/strong>, destacamos que est\u00e1 situada en el extremo noroeste del concello de Zas. La aldea de Fornelos es la que se sit\u00faa m\u00e1s al oeste de todas las del concello y la segunda de las que est\u00e1n m\u00e1s al norte. Limita con parroquias de tres concellos: Borneiro (Cabana de Berganti\u00f1os), Sarces y Nande (Laxe), Salto y Bamiro (Vimianzo) y con las de Lamas y O Allo, dentro del propio concello de Zas. Su extensi\u00f3n es de unos 8,8 km<sup>2<\/sup>. Consta de las entidades de poblaci\u00f3n de Agreanas\/A Bra\u00f1a, Baio, Baio Pequeno, A Cacharosa y Fornelos; \u00faltimamente tambi\u00e9n se habla de los n\u00facleos menores de Campo do Rollo, O Chamber\u00edn y Su a Agra.<\/p>\n\n\n\n<p>En su territorio predominan las zonas llanas, aunque en su parte oriental, en los l\u00edmites con la parroquia do Allo, hay algunas elevaciones de poca entidad. Una gran parte de su superficie se corresponde con el valle del r\u00edo do Porto y del regato de Fornelos. El r\u00edo do Porto entra en la parroquia procedente de la do Allo y, despu\u00e9s de poco m\u00e1s de un kil\u00f3metro, sirve de l\u00edmite con las de Lamas, Bamiro y Salto durante otros 3,8 km. En este tramo el r\u00edo principal recibe, por la izquierda, los aportes de los r\u00edos de Zas y de Vilar. El peque\u00f1o regato de Fornelos discurre casi \u00edntegramente dentro de la parroquia.<\/p>\n\n\n\n<p>Geol\u00f3gicamente forma parte de la Unidad Malpica\u2013Tui y, litol\u00f3gicamente, presenta una cierta uniformidad sobre la base de ortogneis con anf\u00edbol, granodioritas biot\u00edticas o esquistos y paragneises de \u00e9poca Herc\u00ednica o tardiherc\u00ednica. En los valles de los r\u00edos Porto y Fornelos hay materiales sedimentarios del Cuaternario.<\/p>\n\n\n\n<p>En lo que respecta a sus <strong>nombres de lugar<\/strong>, el origen etimol\u00f3gico del propio nombre de la parroquia, <strong>Baio<\/strong>, es bastante discutido y se barajan varias propuestas: nombre de un poseedor romano (<em>Badius<\/em>) o lugar de vado de un r\u00edo (<em>vadu<\/em>), al que se le habr\u00eda a\u00f1adido una \u201ci\u201d epent\u00e9tica. Durante muchos a\u00f1os hubo alternancia entre el uso de la \u201cb\u201d y la \u201cv\u201d o de la \u201ci\u201d y la \u201cy\u201d. Los otros nombres de lugar parecen tener un origen mucho m\u00e1s claro. El documento m\u00e1s antiguo del que tenemos constancia en el que aparece el nombre de <strong>Bayo<\/strong> data de 1452.<\/p>\n\n\n\n<p>Se realiza, igualmente, un estudio pormenorizado de un foro: el <strong><em>Foro das Facendeyras<\/em><\/strong>, que estuvo en vigor entre 1498 y 1901, por el cual los vecinos de la parroquia estaban obligados a pagar unas rentas que fueron variando a lo largo del tiempo no sin antes haber perdido varios pleitos.<\/p>\n\n\n\n<p>Asimismo, en el texto <em>in extenso<\/em> se da cuenta de los textos hist\u00f3ricos que hablan de la parroquia, desde los servicios de car\u00e1cter feudal con el conde de Altamira, la descripci\u00f3n de Jer\u00f3nimo del Hoyo (1607), toda la informaci\u00f3n que aparece en el Catastro de Ensenada (1753) o lo que nos cuentan sobre ella Pascual Madoz (ca. 1847) o Carr\u00e9 Aldao (ca. 1928).<\/p>\n\n\n\n<p>Interesante, por curiosa, es la historia de Jos\u00e9 Miguel L\u00f3pez, vinculeiro de la casa do Bao en Fornelos, cuya ludopat\u00eda a mediados del siglo XIX lo dej\u00f3 totalmente arruinado tras perder todos sus bienes, incluso un h\u00f3rreo de piedra, que fue trasladado a Carreira, seg\u00fan nos cuenta Ram\u00f3n Romar, un descendiente suyo.<\/p>\n\n\n\n<p>En el progreso de la parroquia tuvo mucho que ver la mejora de las comunicaciones con la construcci\u00f3n o reforma de los puentes existentes de Lodoso (1897) y de Baio (1852\/53). Importancia tuvo tambi\u00e9n el hecho de ser cruce de carreteras de la Costa da Morte con las ciudades de A Coru\u00f1a y Santiago. Otro de los motores del despegue de la parroquia fue la feria, llamada de Baio pero que, desde siempre hasta \u00e9pocas muy recientes, se celebr\u00f3 en A Piroga (Bamiro, Vimianzo).<\/p>\n\n\n\n<p>Igualmente interesante fue la existencia de un campamento militar junto al puente de Lodoso entre los a\u00f1os 1943 y 1944 para controlar un posible desembarco aliado en alg\u00fan punto de la Costa da Morte durante la 2\u00aa Guerra Mundial.<\/p>\n\n\n\n<p>Finalmente, hacemos referencia a la primera huelga general en la historia de la parroquia, el 14 de mayo de 1990, a ra\u00edz del enfrentamiento con los vecinos de Zas por la ubicaci\u00f3n del instituto de ense\u00f1anza media, que finalmente quedar\u00eda en Baio. Otro hecho a destacar ser\u00eda una de las mayores manifestaciones (30 de abril de 2011) que ha habido en la Costa da Morte, en este caso de car\u00e1cter comarcal o supracomarcal, solicitando que no se anulase la concesi\u00f3n de la estaci\u00f3n de ITV para O Allo.<\/p>\n\n\n\n<p>En la segunda parte hablaremos de las dos iglesias, antigua y nueva, de los numerosos personajes nacidos en la parroquia y del listado de bienes de su patrimonio art\u00edstico y arqueol\u00f3gico.<\/p>\n\n\n\n<p>En la segunda parte de la parroquia de Baio ofrecemos informaci\u00f3n detallada sobre las dos iglesias de Baio, la vieja y la nueva, as\u00ed como sobre notables personajes, agrupaciones culturales, deportivas y vecinales e incluso sobre las fiestas parroquiales.<\/p>\n\n\n\n<p>La iglesia antigua es de estilo barroco, construida entre 1730 y 1741, excepto la espada\u00f1a, que data de 1843. En su interior destaca el retablo mayor, barroco, del a\u00f1o 1734.<\/p>\n\n\n\n<p>La nueva fue construida entre 1982 y 1985 por el arquitecto madrile\u00f1o Jos\u00e9 Luis Fern\u00e1ndez del Amo, en terrenos donados por el arzobispo Maximino Romero Lema, cuya tumba se encuentra en el interior del templo.<\/p>\n\n\n\n<p>Esta parroquia se caracteriza por la gran cantidad de personajes que nacieron en ella o que estuvieron vinculados a ella:<\/p>\n\n\n\n<ul class=\"wp-block-list\">\n<li><strong>Agust\u00edn Mart\u00ednez Ribera<\/strong> (principios s. XIX), retablista y escultor.<\/li>\n\n\n\n<li><strong>Manuel Mart\u00ednez Pose<\/strong> (1858-1935), maestro de capilla y organista de la catedral de Tui.<\/li>\n\n\n\n<li><strong>Enrique Labarta Pose<\/strong> (1863-1925), poeta festivo y narrador de cuentos.<\/li>\n\n\n\n<li><strong>Teodoro Morgade<\/strong> (1915-1935), poeta intimista muerto en la flor de la juventud.<\/li>\n\n\n\n<li><strong>Xos\u00e9 Collazo Mart\u00ednez<\/strong> (1880-1962), cantero y poeta emigrado en Buenos Aires (Argentina).<\/li>\n\n\n\n<li><strong>Roberto Veloso<\/strong>, cofundador de las Mocedades Galeguistas de Buenos Aires.<\/li>\n\n\n\n<li><strong>Carmen Balboa L\u00f3pez<\/strong>, represaliada por el franquismo por ser hermana de quien era, fue maestra de Bamiro (de 1961 a 1973) y despu\u00e9s del grupo escolar Labarta Pose de Baio.<\/li>\n\n\n\n<li><strong>Xos\u00e9 Romero Lema (1901-1927)<\/strong>, galleguista y amigo del poeta Manuel Antonio.<\/li>\n\n\n\n<li><strong>Francisco Romero Lema (1903-1972)<\/strong>, cronista local, estudioso de la obra de Labarta e importante lexic\u00f3grafo.<\/li>\n\n\n\n<li><strong>Maximino Romero Lema (1911-1996)<\/strong>, arzobispo, alta jerarqu\u00eda en el Vaticano con el papa Pablo VI e Hijo Predilecto de Baio por su filantrop\u00eda.<\/li>\n\n\n\n<li><strong>Ux\u00edo Romero Pose (1949-2007)<\/strong>, obispo auxiliar de Madrid y prestigioso investigador de la historia de la Iglesia.<\/li>\n\n\n\n<li><strong>Ovidio Vidal R\u00edos (1912-2007)<\/strong>, general del Ej\u00e9rcito e ilustre endocrin\u00f3logo.<\/li>\n\n\n\n<li><strong>Jorge Mira P\u00e9rez<\/strong> (1968), catedr\u00e1tico de Electromagnetismo de la USC e importante divulgador de la ciencia en los medios de comunicaci\u00f3n.<\/li>\n\n\n\n<li><strong>Ricardo Garc\u00eda Mira<\/strong> (A Coru\u00f1a, 1956), catedr\u00e1tico de Psicolog\u00eda Social de la UDC y diputado en el Congreso de los Diputados.<\/li>\n\n\n\n<li><strong>Jos\u00e9 Santos Reyes<\/strong> (Baio, 1966), catedr\u00e1tico de Ciencias de la Computaci\u00f3n e Intelixencia Artificial de la UDC.<\/li>\n\n\n\n<li><strong>Pepe de Vali\u00f1a (1943-2004)<\/strong>, destacado animador cultural y vecinal, a quien se deben muchas iniciativas.<\/li>\n<\/ul>\n\n\n\n<p>Se habla tambi\u00e9n de las actividades de la extinta A.C. <strong>Labarta Pose<\/strong>, del coro <strong>Xan Mella<\/strong>, de la <strong>A.C. Adro<\/strong>, del grupo de teatro <strong>Badius<\/strong>, de las AA. VV. <strong>Tabeir\u00f3n<\/strong> y <strong>A Fonte<\/strong>. Asimismo se hace un resumen de las 55 temporadas del <strong>C.D. Baio<\/strong> y de las actividades de la <strong>A.D. Su a Agra<\/strong>, sin olvidar la popular <strong>Festa da Carballeira<\/strong> y los recientes premios <strong>Fouci\u00f1o \u2013 Festival de Cinema<\/strong>.<\/p>\n\n\n\n<p>Con esta segunda entrega de la parroquia de Baio damos por terminado el estudio detallado de cada una de las 16 parroquias del concello de Zas. Esperamos que haya sido de utilidad como material de consulta o para satisfacer curiosidades y que permita a los habitantes de nuestro concello conocer un poco mejor su territorio.<\/p>\n","protected":false},"featured_media":27062,"template":"","class_list":["post-28130","parroquias","type-parroquias","status-publish","has-post-thumbnail","hentry"],"_links":{"self":[{"href":"https:\/\/concellodezas.gal\/es\/wp-json\/wp\/v2\/parroquias\/28130","targetHints":{"allow":["GET"]}}],"collection":[{"href":"https:\/\/concellodezas.gal\/es\/wp-json\/wp\/v2\/parroquias"}],"about":[{"href":"https:\/\/concellodezas.gal\/es\/wp-json\/wp\/v2\/types\/parroquias"}],"version-history":[{"count":1,"href":"https:\/\/concellodezas.gal\/es\/wp-json\/wp\/v2\/parroquias\/28130\/revisions"}],"predecessor-version":[{"id":28131,"href":"https:\/\/concellodezas.gal\/es\/wp-json\/wp\/v2\/parroquias\/28130\/revisions\/28131"}],"wp:featuredmedia":[{"embeddable":true,"href":"https:\/\/concellodezas.gal\/es\/wp-json\/wp\/v2\/media\/27062"}],"wp:attachment":[{"href":"https:\/\/concellodezas.gal\/es\/wp-json\/wp\/v2\/media?parent=28130"}],"curies":[{"name":"wp","href":"https:\/\/api.w.org\/{rel}","templated":true}]}}

<p><strong>Baio</strong>, como parroquia más poblada del concello de Zas, es el lugar de origen de numerosos personajes, algunos de ellos muy importantes dentro de la cultura gallega. Por eso, la información relativa a esta parroquia que se envía para incluirla en la sección “Zas polo miúdo” de la página web del concello de Zas, dada su extensión, se ha decidido dividirla en dos partes, de acuerdo con el sumario que figura expuesto más arriba, para facilitar su comprensión y asimilar su importancia.</p>



<p>En esta primera parte irían todos los aspectos generales de la parroquia: geografía, geología, demografía, textos y referencias históricas, ciertos aspectos de interés o curiosidades, etc.</p>



<p>Para una segunda parte quedaría el estudio de las manifestaciones artísticas de las dos iglesias, personajes de Baio, fiestas e inventario de bienes de su patrimonio artístico y arqueológico.</p>



<p>En lo que respecta a la <strong>geografía</strong>, destacamos que está situada en el extremo noroeste del concello de Zas. La aldea de Fornelos es la que se sitúa más al oeste de todas las del concello y la segunda de las que están más al norte. Limita con parroquias de tres concellos: Borneiro (Cabana de Bergantiños), Sarces y Nande (Laxe), Salto y Bamiro (Vimianzo) y con las de Lamas y O Allo, dentro del propio concello de Zas. Su extensión es de unos 8,8 km<sup>2</sup>. Consta de las entidades de población de Agreanas/A Braña, Baio, Baio Pequeno, A Cacharosa y Fornelos; últimamente también se habla de los núcleos menores de Campo do Rollo, O Chamberín y Su a Agra.</p>



<p>En su territorio predominan las zonas llanas, aunque en su parte oriental, en los límites con la parroquia do Allo, hay algunas elevaciones de poca entidad. Una gran parte de su superficie se corresponde con el valle del río do Porto y del regato de Fornelos. El río do Porto entra en la parroquia procedente de la do Allo y, después de poco más de un kilómetro, sirve de límite con las de Lamas, Bamiro y Salto durante otros 3,8 km. En este tramo el río principal recibe, por la izquierda, los aportes de los ríos de Zas y de Vilar. El pequeño regato de Fornelos discurre casi íntegramente dentro de la parroquia.</p>



<p>Geológicamente forma parte de la Unidad Malpica–Tui y, litológicamente, presenta una cierta uniformidad sobre la base de ortogneis con anfíbol, granodioritas biotíticas o esquistos y paragneises de época Hercínica o tardihercínica. En los valles de los ríos Porto y Fornelos hay materiales sedimentarios del Cuaternario.</p>



<p>En lo que respecta a sus <strong>nombres de lugar</strong>, el origen etimológico del propio nombre de la parroquia, <strong>Baio</strong>, es bastante discutido y se barajan varias propuestas: nombre de un poseedor romano (<em>Badius</em>) o lugar de vado de un río (<em>vadu</em>), al que se le habría añadido una “i” epentética. Durante muchos años hubo alternancia entre el uso de la “b” y la “v” o de la “i” y la “y”. Los otros nombres de lugar parecen tener un origen mucho más claro. El documento más antiguo del que tenemos constancia en el que aparece el nombre de <strong>Bayo</strong> data de 1452.</p>



<p>Se realiza, igualmente, un estudio pormenorizado de un foro: el <strong><em>Foro das Facendeyras</em></strong>, que estuvo en vigor entre 1498 y 1901, por el cual los vecinos de la parroquia estaban obligados a pagar unas rentas que fueron variando a lo largo del tiempo no sin antes haber perdido varios pleitos.</p>



<p>Asimismo, en el texto <em>in extenso</em> se da cuenta de los textos históricos que hablan de la parroquia, desde los servicios de carácter feudal con el conde de Altamira, la descripción de Jerónimo del Hoyo (1607), toda la información que aparece en el Catastro de Ensenada (1753) o lo que nos cuentan sobre ella Pascual Madoz (ca. 1847) o Carré Aldao (ca. 1928).</p>



<p>Interesante, por curiosa, es la historia de José Miguel López, vinculeiro de la casa do Bao en Fornelos, cuya ludopatía a mediados del siglo XIX lo dejó totalmente arruinado tras perder todos sus bienes, incluso un hórreo de piedra, que fue trasladado a Carreira, según nos cuenta Ramón Romar, un descendiente suyo.</p>



<p>En el progreso de la parroquia tuvo mucho que ver la mejora de las comunicaciones con la construcción o reforma de los puentes existentes de Lodoso (1897) y de Baio (1852/53). Importancia tuvo también el hecho de ser cruce de carreteras de la Costa da Morte con las ciudades de A Coruña y Santiago. Otro de los motores del despegue de la parroquia fue la feria, llamada de Baio pero que, desde siempre hasta épocas muy recientes, se celebró en A Piroga (Bamiro, Vimianzo).</p>



<p>Igualmente interesante fue la existencia de un campamento militar junto al puente de Lodoso entre los años 1943 y 1944 para controlar un posible desembarco aliado en algún punto de la Costa da Morte durante la 2ª Guerra Mundial.</p>



<p>Finalmente, hacemos referencia a la primera huelga general en la historia de la parroquia, el 14 de mayo de 1990, a raíz del enfrentamiento con los vecinos de Zas por la ubicación del instituto de enseñanza media, que finalmente quedaría en Baio. Otro hecho a destacar sería una de las mayores manifestaciones (30 de abril de 2011) que ha habido en la Costa da Morte, en este caso de carácter comarcal o supracomarcal, solicitando que no se anulase la concesión de la estación de ITV para O Allo.</p>



<p>En la segunda parte hablaremos de las dos iglesias, antigua y nueva, de los numerosos personajes nacidos en la parroquia y del listado de bienes de su patrimonio artístico y arqueológico.</p>



<p>En la segunda parte de la parroquia de Baio ofrecemos información detallada sobre las dos iglesias de Baio, la vieja y la nueva, así como sobre notables personajes, agrupaciones culturales, deportivas y vecinales e incluso sobre las fiestas parroquiales.</p>



<p>La iglesia antigua es de estilo barroco, construida entre 1730 y 1741, excepto la espadaña, que data de 1843. En su interior destaca el retablo mayor, barroco, del año 1734.</p>



<p>La nueva fue construida entre 1982 y 1985 por el arquitecto madrileño José Luis Fernández del Amo, en terrenos donados por el arzobispo Maximino Romero Lema, cuya tumba se encuentra en el interior del templo.</p>



<p>Esta parroquia se caracteriza por la gran cantidad de personajes que nacieron en ella o que estuvieron vinculados a ella:</p>



<ul class="wp-block-list">
<li><strong>Agustín Martínez Ribera</strong> (principios s. XIX), retablista y escultor.</li>



<li><strong>Manuel Martínez Pose</strong> (1858-1935), maestro de capilla y organista de la catedral de Tui.</li>



<li><strong>Enrique Labarta Pose</strong> (1863-1925), poeta festivo y narrador de cuentos.</li>



<li><strong>Teodoro Morgade</strong> (1915-1935), poeta intimista muerto en la flor de la juventud.</li>



<li><strong>Xosé Collazo Martínez</strong> (1880-1962), cantero y poeta emigrado en Buenos Aires (Argentina).</li>



<li><strong>Roberto Veloso</strong>, cofundador de las Mocedades Galeguistas de Buenos Aires.</li>



<li><strong>Carmen Balboa López</strong>, represaliada por el franquismo por ser hermana de quien era, fue maestra de Bamiro (de 1961 a 1973) y después del grupo escolar Labarta Pose de Baio.</li>



<li><strong>Xosé Romero Lema (1901-1927)</strong>, galleguista y amigo del poeta Manuel Antonio.</li>



<li><strong>Francisco Romero Lema (1903-1972)</strong>, cronista local, estudioso de la obra de Labarta e importante lexicógrafo.</li>



<li><strong>Maximino Romero Lema (1911-1996)</strong>, arzobispo, alta jerarquía en el Vaticano con el papa Pablo VI e Hijo Predilecto de Baio por su filantropía.</li>



<li><strong>Uxío Romero Pose (1949-2007)</strong>, obispo auxiliar de Madrid y prestigioso investigador de la historia de la Iglesia.</li>



<li><strong>Ovidio Vidal Ríos (1912-2007)</strong>, general del Ejército e ilustre endocrinólogo.</li>



<li><strong>Jorge Mira Pérez</strong> (1968), catedrático de Electromagnetismo de la USC e importante divulgador de la ciencia en los medios de comunicación.</li>



<li><strong>Ricardo García Mira</strong> (A Coruña, 1956), catedrático de Psicología Social de la UDC y diputado en el Congreso de los Diputados.</li>



<li><strong>José Santos Reyes</strong> (Baio, 1966), catedrático de Ciencias de la Computación e Intelixencia Artificial de la UDC.</li>



<li><strong>Pepe de Valiña (1943-2004)</strong>, destacado animador cultural y vecinal, a quien se deben muchas iniciativas.</li>
</ul>



<p>Se habla también de las actividades de la extinta A.C. <strong>Labarta Pose</strong>, del coro <strong>Xan Mella</strong>, de la <strong>A.C. Adro</strong>, del grupo de teatro <strong>Badius</strong>, de las AA. VV. <strong>Tabeirón</strong> y <strong>A Fonte</strong>. Asimismo se hace un resumen de las 55 temporadas del <strong>C.D. Baio</strong> y de las actividades de la <strong>A.D. Su a Agra</strong>, sin olvidar la popular <strong>Festa da Carballeira</strong> y los recientes premios <strong>Fouciño – Festival de Cinema</strong>.</p>



<p>Con esta segunda entrega de la parroquia de Baio damos por terminado el estudio detallado de cada una de las 16 parroquias del concello de Zas. Esperamos que haya sido de utilidad como material de consulta o para satisfacer curiosidades y que permita a los habitantes de nuestro concello conocer un poco mejor su territorio.</p>
