{"id":28126,"date":"2025-08-27T11:50:07","date_gmt":"2025-08-27T09:50:07","guid":{"rendered":"https:\/\/concellodezas.gal\/?post_type=parroquias&#038;p=28126"},"modified":"2025-11-25T12:52:59","modified_gmt":"2025-11-25T11:52:59","slug":"o-allo","status":"publish","type":"parroquias","link":"https:\/\/concellodezas.gal\/es\/parroquia\/o-allo\/","title":{"rendered":"O Allo"},"content":{"rendered":"\n<p>O Allo es, sin duda, la parroquia de <strong>mayor inter\u00e9s art\u00edstico y monumental<\/strong> de todo el concello de Zas, del mismo modo que Brandomil era la de mayor inter\u00e9s arqueol\u00f3gico. Para dar tiempo a que se aprecie todo el valor que tiene, decidimos hacer la publicaci\u00f3n para \u201cZas polo mi\u00fado\u201d en <strong>dos partes<\/strong> en base al Sumario expuesto arriba.<\/p>\n\n\n\n<p>Esta <strong>primera parte<\/strong> la dedicamos, por lo tanto, a su geograf\u00eda, toponimia y, c\u00f3mo no, a la historia de las Torres do Allo, el monumento por el que es conocida en toda Galicia.<\/p>\n\n\n\n<p>En lo que respecta a la <strong>geograf\u00eda<\/strong>, destacamos que est\u00e1 situada en el extremo norte del concello de Zas, siendo su extremo noroeste el punto m\u00e1s septentrional. Limita con las parroquias de Anos, Cesullas y Borneiro (en el concello de Cabana de Berganti\u00f1os) y San Cremenzo, Lamas y Baio (en el de Zas). Su extensi\u00f3n es de unos 7 km<sup>2<\/sup> y es parroquia anexa de San Cremenzo de Pazos.<\/p>\n\n\n\n<p>En su territorio predominan las pendientes, aunque en su parte meridional cuenta con superficies aplanadas. En el fondo del valle del r\u00edo Esmor\u00eds \u2013que pertenece a la cuenca del Anll\u00f3ns\u2013 se encuentra la cota m\u00e1s baja de todo el concello: 110 m. Por su borde meridional discurre el r\u00edo do Porto, el r\u00edo Grande de la Terra de Soneira. En los aproximadamente 4 km que discurre por los l\u00edmites o por el interior de la parroquia acumula un desnivel de unos 10 m.<\/p>\n\n\n\n<p>Geol\u00f3gicamente forma parte de la Unidad Malpica\u2013Tui y, litol\u00f3gicamente, es la que presenta mayor uniformidad de todas las del concello, sobre la base de ortogneis biot\u00edtico, esquistos y paragneises.<\/p>\n\n\n\n<p>En cuanto a sus <strong>nombres de lugar<\/strong>, el origen etimol\u00f3gico del propio nombre de la parroquia, O Allo, es bastante discutido, y se barajan hasta cuatro propuestas. Los otros nombres de lugar nacieron en el siglo XVII, a partir de casas que los Rioboo construyeron para sus colonos. A Cebola debi\u00f3 de ser un top\u00f3nimo \u201creplicante\u201d, festivo, del ya existente O Allo.<\/p>\n\n\n\n<p>Las <strong>Torres do Allo<\/strong> est\u00e1n consideradas \u201cel primer pazo gallego\u201d, y siempre se pens\u00f3 que se hab\u00edan construido en su totalidad a finales del siglo XV\u2013principios del XVI, pues su estructura \u2013un cuerpo rectangular central y dos torres cuadradas a cada lado\u2013, as\u00ed como los elementos decorativos de ambas torres, casi id\u00e9nticos, eran propios de esta \u00e9poca. Pero todo cambi\u00f3 con las recientes investigaciones del profesor J. \u00c1. S\u00e1nchez Garc\u00eda, que tuvo acceso al archivo de los Rioboo y descubri\u00f3 que de la \u00e9poca primitiva solo era la torre norte, y que la sur era una copia casi id\u00e9ntica construida en la segunda mitad del siglo XVII, casi 200 a\u00f1os despu\u00e9s. Gui\u00e1ndonos por la monograf\u00eda de este investigador (<em>Torres do Allo<\/em>, 2001), elaboramos un cuadro cronol\u00f3gico con los hechos m\u00e1s sobresalientes de los sucesivos se\u00f1ores do Allo, sobre todo de aquellos dos que realizaron las obras m\u00e1s importantes (v\u00e9anse en el enlace).<\/p>\n\n\n\n<p>Terminamos la primera parte con un cuadro esquem\u00e1tico de los se\u00f1ores que las poseyeron, los Rioboo, desde el siglo XV hasta que en 1998 las compr\u00f3 la Deputaci\u00f3n da Coru\u00f1a y las restaur\u00f3. Las visitas guiadas y, sobre todo, las teatralizadas, organizadas por el Concello de Zas, incrementaron como nunca el n\u00famero de visitas.<\/p>\n\n\n\n<p>En la segunda parte hablaremos de la iglesia y de otros elementos singulares de esta feligres\u00eda, verdadera \u201cjoya de la corona\u201d del concello, as\u00ed como de personajes famosos que la habitaron.<\/p>\n\n\n\n<p>En esta segunda parte se tratan aspectos que quedaron pendientes de la primera, como son: el an\u00e1lisis de la iglesia parroquial, la her\u00e1ldica y otros elementos singulares de la parroquia; personajes relacionados con la parroquia, la estancia en su ni\u00f1ez del poeta de las Vanguardias Manuel Antonio; las diatribas entre el cura ilustrado Antonio de Rioboo Seixas y Diego Cernadas de Castro \u2013cura de Fruime\u2013; el pol\u00edgono industrial do Allo, las fiestas parroquiales o el inventario de bienes del patrimonio.<\/p>\n\n\n\n<p>La iglesia parroquial empieza a edificarse hacia 1561 siendo se\u00f1or do Allo G\u00f3mez Rioboo Villardefrancos o Vello. Presenta una fachada-retablo de estilo renacentista en forma de arco triunfal dividido en tres paneles, separados por columnas, siendo el central el m\u00e1s ancho y flanqueado por columnas de fuste estriado. A un lado y otro est\u00e1n las figuras de Ad\u00e1n y Eva. Sobre la puerta, sentado en su c\u00e1tedra, est\u00e1 san Pedro. Completan la iconograf\u00eda el arc\u00e1ngel Gabriel y la Virgen Mar\u00eda. Encima de la puerta lateral sur hay un busto de san Pablo. Fue objeto de obras o reformas en 1644, 1702, 1741, 1892\/98, 1943, 1944, 1945\/49, 1985 y 1989.<\/p>\n\n\n\n<p>Cuenta con 6 escudos de armas entre la iglesia parroquial y las Torres, en los que figuran las familias que se ense\u00f1orearon de este coto. Un s\u00e9ptimo escudo, existente en Xerne, est\u00e1 hoy depositado en el pazo de Daneiro.<\/p>\n\n\n\n<p>Dos elementos singulares contribuyen a realzar la importancia de esta parroquia: el cruceiro nuevo del atrio de la iglesia, de 2013, y el nuevo cementerio parroquial (2006), este \u00faltimo con un dise\u00f1o y unos materiales que lo hacen \u00fanico en la zona.<\/p>\n\n\n\n<p>Dada la abundancia de agua no es de extra\u00f1ar la existencia de molinos \u2013cuatro de ellos ya existentes en 1753\u2013, principalmente junto al puente de Casti\u00f1eira y los del Regueiro do Allo. Los primeros muy relacionados con los propietarios de las Torres y los \u00faltimos, tambi\u00e9n llamados molinos de baruto, que estuvieron en funcionamiento hasta no hace muchos a\u00f1os, eran un elemento etnogr\u00e1fico de primera magnitud.<\/p>\n\n\n\n<p>Sigue, a continuaci\u00f3n, la visi\u00f3n que nos dejaron de la parroquia textos hist\u00f3ricos de los a\u00f1os 1607, 1753, hacia 1847 o hacia 1928.<\/p>\n\n\n\n<p>Antonio de Rioboo e Seixas es autor de numerosas obras hist\u00f3ricas, entre las que destaca <em>La Barca m\u00e1s prodigiosa. Poema historial sagrado de la antig\u00fcedad, invenci\u00f3n y milagros de el c\u00e9lebre Santuario de N. S. de la Barca, colocado en los confines del Puerto de Mug\u00eda en el Reyno de Galicia<\/em>. Lleg\u00f3 a formar parte de la Real Academia de la Historia. Es muy conocido su enfrentamiento dial\u00e9ctico con Diego Cernadas de Castro, a resultas del cual surg\u00eda aquella famosa glosa que comienza \u201cAi do Allo, ai do Allo\u2026\u201d<\/p>\n\n\n\n<p>Otro personaje de capital importancia relacionado con la parroquia fue el insigne naturalista V\u00edctor L\u00f3pez Seoane, propietario consorte de las Torres por su matrimonio con Francisca de Rioboo. Se cree que fue \u00e9l quien plant\u00f3 o mand\u00f3 plantar los robles y falsos pl\u00e1tanos que hay en las dos v\u00edas de acceso a las Torres.<\/p>\n\n\n\n<p>Conviene rese\u00f1ar tambi\u00e9n que entre 1901 y 1916 fue maestra en la escuela do Allo Pura S\u00e1nchez, madre del poeta de las Vanguardias Manuel Antonio P\u00e9rez S\u00e1nchez, poeta que mantendr\u00eda una intensa relaci\u00f3n de amistad con otros j\u00f3venes contempor\u00e1neos suyos de Baio.<\/p>\n\n\n\n<p>Cuenta O Allo con un pol\u00edgono industrial: el de \u201cOs Mu\u00ed\u00f1os\u201d, plenamente consolidado y en fase de expansi\u00f3n, siendo el \u00fanico del concello de Zas. Cabe destacar, entre las empresas instaladas en \u00e9l, la de la ITV, conseguida despu\u00e9s de no pocas dificultades y de una fuerte presi\u00f3n social.<\/p>\n","protected":false},"featured_media":28125,"template":"","class_list":["post-28126","parroquias","type-parroquias","status-publish","has-post-thumbnail","hentry"],"_links":{"self":[{"href":"https:\/\/concellodezas.gal\/es\/wp-json\/wp\/v2\/parroquias\/28126","targetHints":{"allow":["GET"]}}],"collection":[{"href":"https:\/\/concellodezas.gal\/es\/wp-json\/wp\/v2\/parroquias"}],"about":[{"href":"https:\/\/concellodezas.gal\/es\/wp-json\/wp\/v2\/types\/parroquias"}],"version-history":[{"count":1,"href":"https:\/\/concellodezas.gal\/es\/wp-json\/wp\/v2\/parroquias\/28126\/revisions"}],"predecessor-version":[{"id":28127,"href":"https:\/\/concellodezas.gal\/es\/wp-json\/wp\/v2\/parroquias\/28126\/revisions\/28127"}],"wp:featuredmedia":[{"embeddable":true,"href":"https:\/\/concellodezas.gal\/es\/wp-json\/wp\/v2\/media\/28125"}],"wp:attachment":[{"href":"https:\/\/concellodezas.gal\/es\/wp-json\/wp\/v2\/media?parent=28126"}],"curies":[{"name":"wp","href":"https:\/\/api.w.org\/{rel}","templated":true}]}}

<p>O Allo es, sin duda, la parroquia de <strong>mayor interés artístico y monumental</strong> de todo el concello de Zas, del mismo modo que Brandomil era la de mayor interés arqueológico. Para dar tiempo a que se aprecie todo el valor que tiene, decidimos hacer la publicación para “Zas polo miúdo” en <strong>dos partes</strong> en base al Sumario expuesto arriba.</p>



<p>Esta <strong>primera parte</strong> la dedicamos, por lo tanto, a su geografía, toponimia y, cómo no, a la historia de las Torres do Allo, el monumento por el que es conocida en toda Galicia.</p>



<p>En lo que respecta a la <strong>geografía</strong>, destacamos que está situada en el extremo norte del concello de Zas, siendo su extremo noroeste el punto más septentrional. Limita con las parroquias de Anos, Cesullas y Borneiro (en el concello de Cabana de Bergantiños) y San Cremenzo, Lamas y Baio (en el de Zas). Su extensión es de unos 7 km<sup>2</sup> y es parroquia anexa de San Cremenzo de Pazos.</p>



<p>En su territorio predominan las pendientes, aunque en su parte meridional cuenta con superficies aplanadas. En el fondo del valle del río Esmorís –que pertenece a la cuenca del Anllóns– se encuentra la cota más baja de todo el concello: 110 m. Por su borde meridional discurre el río do Porto, el río Grande de la Terra de Soneira. En los aproximadamente 4 km que discurre por los límites o por el interior de la parroquia acumula un desnivel de unos 10 m.</p>



<p>Geológicamente forma parte de la Unidad Malpica–Tui y, litológicamente, es la que presenta mayor uniformidad de todas las del concello, sobre la base de ortogneis biotítico, esquistos y paragneises.</p>



<p>En cuanto a sus <strong>nombres de lugar</strong>, el origen etimológico del propio nombre de la parroquia, O Allo, es bastante discutido, y se barajan hasta cuatro propuestas. Los otros nombres de lugar nacieron en el siglo XVII, a partir de casas que los Rioboo construyeron para sus colonos. A Cebola debió de ser un topónimo “replicante”, festivo, del ya existente O Allo.</p>



<p>Las <strong>Torres do Allo</strong> están consideradas “el primer pazo gallego”, y siempre se pensó que se habían construido en su totalidad a finales del siglo XV–principios del XVI, pues su estructura –un cuerpo rectangular central y dos torres cuadradas a cada lado–, así como los elementos decorativos de ambas torres, casi idénticos, eran propios de esta época. Pero todo cambió con las recientes investigaciones del profesor J. Á. Sánchez García, que tuvo acceso al archivo de los Rioboo y descubrió que de la época primitiva solo era la torre norte, y que la sur era una copia casi idéntica construida en la segunda mitad del siglo XVII, casi 200 años después. Guiándonos por la monografía de este investigador (<em>Torres do Allo</em>, 2001), elaboramos un cuadro cronológico con los hechos más sobresalientes de los sucesivos señores do Allo, sobre todo de aquellos dos que realizaron las obras más importantes (véanse en el enlace).</p>



<p>Terminamos la primera parte con un cuadro esquemático de los señores que las poseyeron, los Rioboo, desde el siglo XV hasta que en 1998 las compró la Deputación da Coruña y las restauró. Las visitas guiadas y, sobre todo, las teatralizadas, organizadas por el Concello de Zas, incrementaron como nunca el número de visitas.</p>



<p>En la segunda parte hablaremos de la iglesia y de otros elementos singulares de esta feligresía, verdadera “joya de la corona” del concello, así como de personajes famosos que la habitaron.</p>



<p>En esta segunda parte se tratan aspectos que quedaron pendientes de la primera, como son: el análisis de la iglesia parroquial, la heráldica y otros elementos singulares de la parroquia; personajes relacionados con la parroquia, la estancia en su niñez del poeta de las Vanguardias Manuel Antonio; las diatribas entre el cura ilustrado Antonio de Rioboo Seixas y Diego Cernadas de Castro –cura de Fruime–; el polígono industrial do Allo, las fiestas parroquiales o el inventario de bienes del patrimonio.</p>



<p>La iglesia parroquial empieza a edificarse hacia 1561 siendo señor do Allo Gómez Rioboo Villardefrancos o Vello. Presenta una fachada-retablo de estilo renacentista en forma de arco triunfal dividido en tres paneles, separados por columnas, siendo el central el más ancho y flanqueado por columnas de fuste estriado. A un lado y otro están las figuras de Adán y Eva. Sobre la puerta, sentado en su cátedra, está san Pedro. Completan la iconografía el arcángel Gabriel y la Virgen María. Encima de la puerta lateral sur hay un busto de san Pablo. Fue objeto de obras o reformas en 1644, 1702, 1741, 1892/98, 1943, 1944, 1945/49, 1985 y 1989.</p>



<p>Cuenta con 6 escudos de armas entre la iglesia parroquial y las Torres, en los que figuran las familias que se enseñorearon de este coto. Un séptimo escudo, existente en Xerne, está hoy depositado en el pazo de Daneiro.</p>



<p>Dos elementos singulares contribuyen a realzar la importancia de esta parroquia: el cruceiro nuevo del atrio de la iglesia, de 2013, y el nuevo cementerio parroquial (2006), este último con un diseño y unos materiales que lo hacen único en la zona.</p>



<p>Dada la abundancia de agua no es de extrañar la existencia de molinos –cuatro de ellos ya existentes en 1753–, principalmente junto al puente de Castiñeira y los del Regueiro do Allo. Los primeros muy relacionados con los propietarios de las Torres y los últimos, también llamados molinos de baruto, que estuvieron en funcionamiento hasta no hace muchos años, eran un elemento etnográfico de primera magnitud.</p>



<p>Sigue, a continuación, la visión que nos dejaron de la parroquia textos históricos de los años 1607, 1753, hacia 1847 o hacia 1928.</p>



<p>Antonio de Rioboo e Seixas es autor de numerosas obras históricas, entre las que destaca <em>La Barca más prodigiosa. Poema historial sagrado de la antigüedad, invención y milagros de el célebre Santuario de N. S. de la Barca, colocado en los confines del Puerto de Mugía en el Reyno de Galicia</em>. Llegó a formar parte de la Real Academia de la Historia. Es muy conocido su enfrentamiento dialéctico con Diego Cernadas de Castro, a resultas del cual surgía aquella famosa glosa que comienza “Ai do Allo, ai do Allo…”</p>



<p>Otro personaje de capital importancia relacionado con la parroquia fue el insigne naturalista Víctor López Seoane, propietario consorte de las Torres por su matrimonio con Francisca de Rioboo. Se cree que fue él quien plantó o mandó plantar los robles y falsos plátanos que hay en las dos vías de acceso a las Torres.</p>



<p>Conviene reseñar también que entre 1901 y 1916 fue maestra en la escuela do Allo Pura Sánchez, madre del poeta de las Vanguardias Manuel Antonio Pérez Sánchez, poeta que mantendría una intensa relación de amistad con otros jóvenes contemporáneos suyos de Baio.</p>



<p>Cuenta O Allo con un polígono industrial: el de “Os Muíños”, plenamente consolidado y en fase de expansión, siendo el único del concello de Zas. Cabe destacar, entre las empresas instaladas en él, la de la ITV, conseguida después de no pocas dificultades y de una fuerte presión social.</p>
