{"id":28304,"date":"2025-09-23T11:46:47","date_gmt":"2025-09-23T09:46:47","guid":{"rendered":"https:\/\/concellodezas.gal\/post\/dolmen-pedra-vixia\/"},"modified":"2025-09-23T11:46:47","modified_gmt":"2025-09-23T09:46:47","slug":"dolmen-pedra-vixia","status":"publish","type":"contido","link":"https:\/\/concellodezas.gal\/es\/post\/dolmen-pedra-vixia\/","title":{"rendered":"Dolmen Pedra Vix\u00eda"},"content":{"rendered":"<p>El dolmen de Pedra Vix\u00eda se localiza en un espacio natural de gran belleza, cerca del \u00e1rea recreativa que lleva el mismo nombre. Erguido sobre una m\u00e1xima, destaca por la disposici\u00f3n irregular de sus piedras, que muestran un desplazamiento con respecto a su estructura original, lo que dificulta su lectura arqueol\u00f3gica. A\u00fan as\u00ed, se conservan siete a\u00f1os en posici\u00f3n vertical y fragmentos de la antigua cubierta.  <\/p>\n<p>Este enclave combina el atractivo hist\u00f3rico con el natural, ya que se encuentra rodeado de vegetaci\u00f3n aut\u00f3ctona y es punto de paso de rutas de senderismo. El visitante puede descubrir aqu\u00ed un ejemplo del megalitismo gallego en un ambiente que invita al reposo y a la contemplaci\u00f3n. <\/p>\n","protected":false},"excerpt":{"rendered":"<p>El Dolmen Pedra Vix\u00eda es un yacimiento megal\u00edtico \u00fanico rodeado de naturaleza en Zas.<\/p>\n","protected":false},"featured_media":4822,"template":"","categorias-contido":[553,559],"class_list":["post-28304","contido","type-contido","status-publish","has-post-thumbnail","hentry","categorias-contido-arqueologia","categorias-contido-megalitismo"],"_links":{"self":[{"href":"https:\/\/concellodezas.gal\/es\/wp-json\/wp\/v2\/contido\/28304","targetHints":{"allow":["GET"]}}],"collection":[{"href":"https:\/\/concellodezas.gal\/es\/wp-json\/wp\/v2\/contido"}],"about":[{"href":"https:\/\/concellodezas.gal\/es\/wp-json\/wp\/v2\/types\/contido"}],"wp:featuredmedia":[{"embeddable":true,"href":"https:\/\/concellodezas.gal\/es\/wp-json\/wp\/v2\/media\/4822"}],"wp:attachment":[{"href":"https:\/\/concellodezas.gal\/es\/wp-json\/wp\/v2\/media?parent=28304"}],"wp:term":[{"taxonomy":"categorias-contido","embeddable":true,"href":"https:\/\/concellodezas.gal\/es\/wp-json\/wp\/v2\/categorias-contido?post=28304"}],"curies":[{"name":"wp","href":"https:\/\/api.w.org\/{rel}","templated":true}]}}

Dolmen Pedra Vixía

<p>El dolmen de Pedra Vixía se localiza en un espacio natural de gran belleza, cerca del área recreativa que lleva el mismo nombre. Erguido sobre una máxima, destaca por la disposición irregular de sus piedras, que muestran un desplazamiento con respecto a su estructura original, lo que dificulta su lectura arqueológica. Aún así, se conservan siete años en posición vertical y fragmentos de la antigua cubierta.  </p>
<p>Este enclave combina el atractivo histórico con el natural, ya que se encuentra rodeado de vegetación autóctona y es punto de paso de rutas de senderismo. El visitante puede descubrir aquí un ejemplo del megalitismo gallego en un ambiente que invita al reposo y a la contemplación. </p>

<p>El Dolmen Pedra Vixía es un yacimiento megalítico único rodeado de naturaleza en Zas.</p>
