{"id":27952,"date":"2025-09-30T12:26:51","date_gmt":"2025-09-30T10:26:51","guid":{"rendered":"https:\/\/concellodezas.gal\/?post_type=contido&#038;p=27952"},"modified":"2025-11-25T07:07:12","modified_gmt":"2025-11-25T06:07:12","slug":"merendero-monte-de-san-roque","status":"publish","type":"contido","link":"https:\/\/concellodezas.gal\/es\/post\/merendero-monte-de-san-roque\/","title":{"rendered":"Merendero Monte de San Roque"},"content":{"rendered":"\n<p>Bajo los robles del Monte de San Roque, encontrar\u00e1s mesas, parrillas y papeleras en un entorno natural perfecto para relajarse. La sombra, el aire fresco y las vistas de los alrededores hacen de este lugar de merienda un cl\u00e1sico para un d\u00eda de relax en Zas.<\/p>\n\n\n\n<p>Es un lugar estupendo para llevar un picnic y combinarlo con una tranquila caminata por la monta\u00f1a. Si te gusta el turismo lento, aqu\u00ed tienes un plan sencillo y aut\u00e9ntico en el coraz\u00f3n de la Costa da Morte interior.<\/p>\n","protected":false},"excerpt":{"rendered":"<p>Bajo los robles del Monte de San Roque, encontrar\u00e1s mesas, parrillas y papeleras en un entorno natural perfecto para relajarse. La sombra, el aire fresco y las vistas de los alrededores hacen de este lugar de merienda un cl\u00e1sico para un d\u00eda de relax en Zas. Es un lugar estupendo para llevar un picnic y [&hellip;]<\/p>\n","protected":false},"featured_media":25532,"template":"","categorias-contido":[533],"class_list":["post-27952","contido","type-contido","status-publish","has-post-thumbnail","hentry","categorias-contido-merendero"],"_links":{"self":[{"href":"https:\/\/concellodezas.gal\/es\/wp-json\/wp\/v2\/contido\/27952","targetHints":{"allow":["GET"]}}],"collection":[{"href":"https:\/\/concellodezas.gal\/es\/wp-json\/wp\/v2\/contido"}],"about":[{"href":"https:\/\/concellodezas.gal\/es\/wp-json\/wp\/v2\/types\/contido"}],"wp:featuredmedia":[{"embeddable":true,"href":"https:\/\/concellodezas.gal\/es\/wp-json\/wp\/v2\/media\/25532"}],"wp:attachment":[{"href":"https:\/\/concellodezas.gal\/es\/wp-json\/wp\/v2\/media?parent=27952"}],"wp:term":[{"taxonomy":"categorias-contido","embeddable":true,"href":"https:\/\/concellodezas.gal\/es\/wp-json\/wp\/v2\/categorias-contido?post=27952"}],"curies":[{"name":"wp","href":"https:\/\/api.w.org\/{rel}","templated":true}]}}

<p>Bajo los robles del Monte de San Roque, encontrarás mesas, parrillas y papeleras en un entorno natural perfecto para relajarse. La sombra, el aire fresco y las vistas de los alrededores hacen de este lugar de merienda un clásico para un día de relax en Zas.</p>



<p>Es un lugar estupendo para llevar un picnic y combinarlo con una tranquila caminata por la montaña. Si te gusta el turismo lento, aquí tienes un plan sencillo y auténtico en el corazón de la Costa da Morte interior.</p>

<p>Bajo los robles del Monte de San Roque, encontrarás mesas, parrillas y papeleras en un entorno natural perfecto para relajarse. La sombra, el aire fresco y las vistas de los alrededores hacen de este lugar de merienda un clásico para un día de relax en Zas. Es un lugar estupendo para llevar un picnic y [&hellip;]</p>
