{"id":30791,"date":"2026-05-02T09:02:26","date_gmt":"2026-05-02T07:02:26","guid":{"rendered":"https:\/\/concellodezas.gal\/?post_type=axenda&#038;p=30791"},"modified":"2026-05-02T09:03:50","modified_gmt":"2026-05-02T07:03:50","slug":"exposicion-cores-da-alma","status":"publish","type":"axenda","link":"https:\/\/concellodezas.gal\/es\/axenda\/exposicion-cores-da-alma\/","title":{"rendered":"Exposici\u00f3n \u2018Cores da alma\u2019"},"content":{"rendered":"\n<p>O Concello de Zas acoller\u00e1 a partir do vindeiro luns, 4 de maio, a exposici\u00f3n \u2018Cores da alma\u2019, unha mostra do artista catal\u00e1n Jos\u00e9 Maynat na que tam\u00e9n participa o seu fillo, Josep Maynat, con cinco acuarelas.<\/p>\n\n\n\n<p>A exposici\u00f3n prop\u00f3n un percorrido art\u00edstico no que a cor \u00e9 a gran protagonista, dando lugar a obras nas que os tons cobran vida e se fusionan coa arte das letras, creando unha experiencia est\u00e9tica singular.&nbsp;<\/p>\n","protected":false},"featured_media":30787,"template":"","categorias-axenda":[],"class_list":["post-30791","axenda","type-axenda","status-publish","has-post-thumbnail","hentry"],"_links":{"self":[{"href":"https:\/\/concellodezas.gal\/es\/wp-json\/wp\/v2\/axenda\/30791","targetHints":{"allow":["GET"]}}],"collection":[{"href":"https:\/\/concellodezas.gal\/es\/wp-json\/wp\/v2\/axenda"}],"about":[{"href":"https:\/\/concellodezas.gal\/es\/wp-json\/wp\/v2\/types\/axenda"}],"version-history":[{"count":1,"href":"https:\/\/concellodezas.gal\/es\/wp-json\/wp\/v2\/axenda\/30791\/revisions"}],"predecessor-version":[{"id":30792,"href":"https:\/\/concellodezas.gal\/es\/wp-json\/wp\/v2\/axenda\/30791\/revisions\/30792"}],"wp:featuredmedia":[{"embeddable":true,"href":"https:\/\/concellodezas.gal\/es\/wp-json\/wp\/v2\/media\/30787"}],"wp:attachment":[{"href":"https:\/\/concellodezas.gal\/es\/wp-json\/wp\/v2\/media?parent=30791"}],"wp:term":[{"taxonomy":"categorias-axenda","embeddable":true,"href":"https:\/\/concellodezas.gal\/es\/wp-json\/wp\/v2\/categorias-axenda?post=30791"}],"curies":[{"name":"wp","href":"https:\/\/api.w.org\/{rel}","templated":true}]}}

Exposición ‘Cores da alma’

<p>O Concello de Zas acollerá a partir do vindeiro luns, 4 de maio, a exposición ‘Cores da alma’, unha mostra do artista catalán José Maynat na que tamén participa o seu fillo, Josep Maynat, con cinco acuarelas.</p>



<p>A exposición propón un percorrido artístico no que a cor é a gran protagonista, dando lugar a obras nas que os tons cobran vida e se fusionan coa arte das letras, creando unha experiencia estética singular.&nbsp;</p>
