{"id":27735,"date":"2025-09-26T11:34:14","date_gmt":"2025-09-26T09:34:14","guid":{"rendered":"https:\/\/concellodezas.gal\/programas\/early-childhood-care-service\/"},"modified":"2025-11-24T13:29:52","modified_gmt":"2025-11-24T12:29:52","slug":"early-childhood-care-service","status":"publish","type":"programas","link":"https:\/\/concellodezas.gal\/en\/programs\/early-childhood-care-service\/","title":{"rendered":"Early Childhood Care Service"},"content":{"rendered":"\n<p><strong>What is Early Childhood Care?<\/strong><\/p>\n\n<p>Early childhood care is understood as a set of interventions aimed at children aged 0 to 6 years.<\/p>\n\n<p>Its objective is to respond as soon as possible to the transitory or permanent needs of children with developmental disorders or at risk of suffering from them. The key is that the sooner possible difficulties are detected, the results of professional care can be better. <\/p>\n\n<p><strong>Who is Early Childhood Care for?<\/strong><\/p>\n\n<p>The Early Childhood Care Service is for children from 0 to 6 years old with developmental disorders or at risk of suffering from them, families and their environment employed in the Municipalities of Dumbr\u00eda, Camari\u00f1as, Carnota, Cee, Corcubi\u00f3n, Fisterra, Mazaricos, Mux\u00eda, Zas and Vimianzo.<\/p>\n\n<p><strong>Who Can Report a Suspected Developmental Disorder in a Child?<\/strong><\/p>\n\n<p>Families themselves, nursery schools, community social services or other instances that deal with the child and the family.<\/p>\n\n<p>If the suspect is outside the family, they should be informed so that they can go to the pediatric service.<\/p>\n\n<p><strong>Where should I go for more information?<\/strong><\/p>\n\n<ul class=\"wp-block-list\">\n<li>To the paediatric service that will be derived, if you consider, to the AT unit.<\/li>\n\n\n\n<li>To the social services of the municipalities of Dumbr\u00eda, Camari\u00f1as, Carnota, Cee, Corcubi\u00f3n, Fisterra, Mazaricos, Mux\u00eda, Vimianzo and Zas.<\/li>\n\n\n\n<li>To the guidance service of the educational center in which the child is enrolled<\/li>\n\n\n\n<li>At the service of the grouping of the municipalities indicated above of the Care Service<\/li>\n<\/ul>\n\n<p><strong>Contact of the Costa da Morte Early Care Service<\/strong><\/p>\n\n<ul class=\"wp-block-list\">\n<li>Pedra Maior, n\u00ba 97 O \u00c9zaro \u2013 Dumbr\u00eda (696 55 77 82)<\/li>\n\n\n\n<li>Fisterre, 12-1\u00ba. Vimianzo (669 51 40 76) <\/li>\n\n\n\n<li><a href=\"mailto:atenciontemprana@satcostadamorte.org\">atenciontemprana@satcostadamorte.org<\/a><\/li>\n<\/ul>\n","protected":false},"featured_media":27736,"template":"","class_list":["post-27735","programas","type-programas","status-publish","has-post-thumbnail","hentry"],"_links":{"self":[{"href":"https:\/\/concellodezas.gal\/en\/wp-json\/wp\/v2\/programas\/27735","targetHints":{"allow":["GET"]}}],"collection":[{"href":"https:\/\/concellodezas.gal\/en\/wp-json\/wp\/v2\/programas"}],"about":[{"href":"https:\/\/concellodezas.gal\/en\/wp-json\/wp\/v2\/types\/programas"}],"wp:featuredmedia":[{"embeddable":true,"href":"https:\/\/concellodezas.gal\/en\/wp-json\/wp\/v2\/media\/27736"}],"wp:attachment":[{"href":"https:\/\/concellodezas.gal\/en\/wp-json\/wp\/v2\/media?parent=27735"}],"curies":[{"name":"wp","href":"https:\/\/api.w.org\/{rel}","templated":true}]}}

<p><strong>What is Early Childhood Care?</strong></p>

<p>Early childhood care is understood as a set of interventions aimed at children aged 0 to 6 years.</p>

<p>Its objective is to respond as soon as possible to the transitory or permanent needs of children with developmental disorders or at risk of suffering from them. The key is that the sooner possible difficulties are detected, the results of professional care can be better. </p>

<p><strong>Who is Early Childhood Care for?</strong></p>

<p>The Early Childhood Care Service is for children from 0 to 6 years old with developmental disorders or at risk of suffering from them, families and their environment employed in the Municipalities of Dumbría, Camariñas, Carnota, Cee, Corcubión, Fisterra, Mazaricos, Muxía, Zas and Vimianzo.</p>

<p><strong>Who Can Report a Suspected Developmental Disorder in a Child?</strong></p>

<p>Families themselves, nursery schools, community social services or other instances that deal with the child and the family.</p>

<p>If the suspect is outside the family, they should be informed so that they can go to the pediatric service.</p>

<p><strong>Where should I go for more information?</strong></p>

<ul class="wp-block-list">
<li>To the paediatric service that will be derived, if you consider, to the AT unit.</li>



<li>To the social services of the municipalities of Dumbría, Camariñas, Carnota, Cee, Corcubión, Fisterra, Mazaricos, Muxía, Vimianzo and Zas.</li>



<li>To the guidance service of the educational center in which the child is enrolled</li>



<li>At the service of the grouping of the municipalities indicated above of the Care Service</li>
</ul>

<p><strong>Contact of the Costa da Morte Early Care Service</strong></p>

<ul class="wp-block-list">
<li>Pedra Maior, nº 97 O Ézaro – Dumbría (696 55 77 82)</li>



<li>Fisterre, 12-1º. Vimianzo (669 51 40 76) </li>



<li><a href="mailto:atenciontemprana@satcostadamorte.org">atenciontemprana@satcostadamorte.org</a></li>
</ul>
