{"id":28193,"date":"2025-08-27T08:56:43","date_gmt":"2025-08-27T06:56:43","guid":{"rendered":"https:\/\/concellodezas.gal\/?post_type=parroquias&#038;p=28193"},"modified":"2025-11-25T18:14:19","modified_gmt":"2025-11-25T17:14:19","slug":"vilar","status":"publish","type":"parroquias","link":"https:\/\/concellodezas.gal\/en\/parrish\/vilar\/","title":{"rendered":"Vilar"},"content":{"rendered":"\n<p>During the Ancien Regime it belonged to the jurisdiction of Vimianzo, with the Lamas and later the Caama\u00f1o de Romelle holding the right of presentation to the parish benefice.<\/p>\n\n\n\n<p>It covers an area of about 6.7 km<sup>2<\/sup> and its population centres are Art\u00f3n, Pazos, Quint\u00e1ns, Saconde, Sandrexo and Vilar. Pazos and Sandrexo are shared with the parishes of Tines and Treos (Vimianzo), respectively. It borders, to the N, with Bamiro (Vimianzo); to the S, with Loro\u00f1o (Zas) and Treos (Vimianzo); to the E, with Zas and Lamas; and to the W, with Tines. Its outline is reminiscent of a rectangle.<\/p>\n\n\n\n<p>This is a parish where flat lands predominate, with very little difference in height between the highest points and the lowest \u2013 around 60 m. It is crossed by the r\u00edo de Vilar, formed by the confluence of the Xora and Torrente streams, which will flow, near Baio, into the r\u00edo Grande or do Porto.<\/p>\n\n\n\n<p>Geologically it forms part of the Noia Complex or Blastomylonitic Trough and its materials are arranged in bands running N\u2013S, following the direction of the Hercynian folding. Almost all of them date from the Cambrian period, except for the sedimentary deposits along the riverbanks.<\/p>\n\n\n\n<p>As for demographics, it shows the same trends as the rest of the parishes in the concello, with a notable and continuous loss of inhabitants, especially from 1970 onwards: 16 households (1607), 54 households and 228 inhabitants (1753), 50 households (1769), 46 households and 229 inhabitants (1836), 46 households and 249 inhabitants (1845), 373 inhabitants (1928), 76 households and 407 inhabitants (1965), 531 (1970), 313 (2000) and 217 (2016).<\/p>\n\n\n\n<p>It has three place names which are true curiosities, as they are unique in Galicia: Art\u00f3n, Saconde and Sandrexo.<\/p>\n\n\n\n<p>The parish church has a hall-church ground plan. In the chancel and in the sacristy we find the most interesting architectural elements, with barrel vaults springing from pilasters. In 1729 extension works were carried out, and the belfry dates from 1848.<\/p>\n\n\n\n<p>Inside the church there are three very simple altarpieces \u2013 the main one and two side altarpieces \u2013 all the work of a local sculptor, <em>Francisco Castro Agud\u00edn.<\/em><\/p>\n\n\n\n<p>On the main neoclassical altarpiece (from between 1809 and 1819), the images of Saint Peter, Saint Roch and Saint Anthony stand out. The north side altarpiece, also neoclassical, is dedicated to Our Lady of the Rosary (also from between 1809 and 1819). The one on the south side, dedicated to Our Lady of Solitude, preserves Baroque\u2013Rococo features (this one from 1797). All three were the work of a sculptor based in Sandrexo, though in one of the houses belonging to the parish of Treos. His name was Francisco Castro Agud\u00edn, and he was a very prolific artist, producing, between 1778 and 1820, main and side altarpieces for the churches of Vilar, Treos, Tines, Bamiro, Salto, Zas, Mira and G\u00e1ndara.<\/p>\n\n\n\n<p>Until the construction of the road from Zas to Baio, Vilar was an important point on the royal road between Santiago and the central area of the Costa da Morte. It is thought that the old bridge in the village of Vilar may originally have been Roman.<\/p>\n\n\n\n<p>The noble Pazos family, which later spread through the lands of Soneira and Nemancos and intermarried with other important noble families in the area, has its origin in Pazos.<\/p>\n\n\n\n<p>Although, due to special circumstances, he was born in Madrid, a very important figure for this parish was <strong>Jos\u00e9 L\u00f3pez P\u00e9rez<\/strong>, son of a sergeant in the Spanish army originally from Art\u00f3n, who became president of the Centro Gallego de La Habana (1907) and co-founder of the Real Academia Galega (1906), also in Havana. He was the one who brought the mortal remains of Manuel Curros Enr\u00edquez from that city to A Coru\u00f1a (1908). He felt so closely linked to Art\u00f3n \u2013 as he had spent part of his childhood here \u2013 that on this trip in April 1908 he visited the village with his father, where he was reportedly received in triumph.<\/p>\n\n","protected":false},"featured_media":28191,"template":"","class_list":["post-28193","parroquias","type-parroquias","status-publish","has-post-thumbnail","hentry"],"_links":{"self":[{"href":"https:\/\/concellodezas.gal\/en\/wp-json\/wp\/v2\/parroquias\/28193","targetHints":{"allow":["GET"]}}],"collection":[{"href":"https:\/\/concellodezas.gal\/en\/wp-json\/wp\/v2\/parroquias"}],"about":[{"href":"https:\/\/concellodezas.gal\/en\/wp-json\/wp\/v2\/types\/parroquias"}],"version-history":[{"count":1,"href":"https:\/\/concellodezas.gal\/en\/wp-json\/wp\/v2\/parroquias\/28193\/revisions"}],"predecessor-version":[{"id":28197,"href":"https:\/\/concellodezas.gal\/en\/wp-json\/wp\/v2\/parroquias\/28193\/revisions\/28197"}],"wp:featuredmedia":[{"embeddable":true,"href":"https:\/\/concellodezas.gal\/en\/wp-json\/wp\/v2\/media\/28191"}],"wp:attachment":[{"href":"https:\/\/concellodezas.gal\/en\/wp-json\/wp\/v2\/media?parent=28193"}],"curies":[{"name":"wp","href":"https:\/\/api.w.org\/{rel}","templated":true}]}}

<p>During the Ancien Regime it belonged to the jurisdiction of Vimianzo, with the Lamas and later the Caamaño de Romelle holding the right of presentation to the parish benefice.</p>



<p>It covers an area of about 6.7 km<sup>2</sup> and its population centres are Artón, Pazos, Quintáns, Saconde, Sandrexo and Vilar. Pazos and Sandrexo are shared with the parishes of Tines and Treos (Vimianzo), respectively. It borders, to the N, with Bamiro (Vimianzo); to the S, with Loroño (Zas) and Treos (Vimianzo); to the E, with Zas and Lamas; and to the W, with Tines. Its outline is reminiscent of a rectangle.</p>



<p>This is a parish where flat lands predominate, with very little difference in height between the highest points and the lowest – around 60 m. It is crossed by the río de Vilar, formed by the confluence of the Xora and Torrente streams, which will flow, near Baio, into the río Grande or do Porto.</p>



<p>Geologically it forms part of the Noia Complex or Blastomylonitic Trough and its materials are arranged in bands running N–S, following the direction of the Hercynian folding. Almost all of them date from the Cambrian period, except for the sedimentary deposits along the riverbanks.</p>



<p>As for demographics, it shows the same trends as the rest of the parishes in the concello, with a notable and continuous loss of inhabitants, especially from 1970 onwards: 16 households (1607), 54 households and 228 inhabitants (1753), 50 households (1769), 46 households and 229 inhabitants (1836), 46 households and 249 inhabitants (1845), 373 inhabitants (1928), 76 households and 407 inhabitants (1965), 531 (1970), 313 (2000) and 217 (2016).</p>



<p>It has three place names which are true curiosities, as they are unique in Galicia: Artón, Saconde and Sandrexo.</p>



<p>The parish church has a hall-church ground plan. In the chancel and in the sacristy we find the most interesting architectural elements, with barrel vaults springing from pilasters. In 1729 extension works were carried out, and the belfry dates from 1848.</p>



<p>Inside the church there are three very simple altarpieces – the main one and two side altarpieces – all the work of a local sculptor, <em>Francisco Castro Agudín.</em></p>



<p>On the main neoclassical altarpiece (from between 1809 and 1819), the images of Saint Peter, Saint Roch and Saint Anthony stand out. The north side altarpiece, also neoclassical, is dedicated to Our Lady of the Rosary (also from between 1809 and 1819). The one on the south side, dedicated to Our Lady of Solitude, preserves Baroque–Rococo features (this one from 1797). All three were the work of a sculptor based in Sandrexo, though in one of the houses belonging to the parish of Treos. His name was Francisco Castro Agudín, and he was a very prolific artist, producing, between 1778 and 1820, main and side altarpieces for the churches of Vilar, Treos, Tines, Bamiro, Salto, Zas, Mira and Gándara.</p>



<p>Until the construction of the road from Zas to Baio, Vilar was an important point on the royal road between Santiago and the central area of the Costa da Morte. It is thought that the old bridge in the village of Vilar may originally have been Roman.</p>



<p>The noble Pazos family, which later spread through the lands of Soneira and Nemancos and intermarried with other important noble families in the area, has its origin in Pazos.</p>



<p>Although, due to special circumstances, he was born in Madrid, a very important figure for this parish was <strong>José López Pérez</strong>, son of a sergeant in the Spanish army originally from Artón, who became president of the Centro Gallego de La Habana (1907) and co-founder of the Real Academia Galega (1906), also in Havana. He was the one who brought the mortal remains of Manuel Curros Enríquez from that city to A Coruña (1908). He felt so closely linked to Artón – as he had spent part of his childhood here – that on this trip in April 1908 he visited the village with his father, where he was reportedly received in triumph.</p>
