{"id":28136,"date":"2025-08-27T11:02:21","date_gmt":"2025-08-27T09:02:21","guid":{"rendered":"https:\/\/concellodezas.gal\/?post_type=parroquias&#038;p=28136"},"modified":"2025-11-25T13:26:17","modified_gmt":"2025-11-25T12:26:17","slug":"zas","status":"publish","type":"parroquias","link":"https:\/\/concellodezas.gal\/en\/parrish\/zas\/","title":{"rendered":"Zas"},"content":{"rendered":"\n<p>When the first municipalities were established in 1820, the parish of Zas was the capital of one of the three (Allo, Mu\u00ed\u00f1o and Zas) that would form the current municipal territory from 1836 onwards.<\/p>\n\n\n\n<p>During the Ancien Regime it belonged to the jurisdiction of Soneira (which was under royal domain), in addition to that of Vimianzo, in which the <em>presenteiros<\/em> were the Caama\u00f1o de Romelle family.<\/p>\n\n\n\n<p>It covers approximately 10.2 km<sup>2<\/sup>&nbsp;and is the parish in the concello that borders the largest number of others. In the spot known as A Pedra dos Cregos there is a point where four parishes meet: Carreira, to the NE; Lamas, to the NW; Mira, to the E and to the N, in addition to Zas itself. Very close by, to the N, lies San Cremenzo de Pazos, although without actually touching it. To the W it has a short stretch bordering the parish of Vilar. To the SE are Santo Adri\u00e1n do Castro and San Marti\u00f1o de Meanos. To the E are the parishes of Santa Sabi\u00f1a, along a very short stretch, and C\u00edcere, both belonging to the concello of Santa Comba.<\/p>\n\n\n\n<p>Because of its elongated shape \u2013 from the concello of Santa Comba to the parish of Lamas \u2013 it displays a varied relief: level areas at considerable height on the boundary with Santa Comba; relatively steep slopes down to Vilar do Mato; and low, flat land in the central and western sectors.<\/p>\n\n\n\n<p>It is drained by the r\u00edo de Zas \u2013 a left-bank tributary of the r\u00edo do Porto (or r\u00edo Grande) \u2013 and by the small Follente stream.<\/p>\n\n\n\n<p>Geologically, it shows landforms and structures oriented from N to S, following the direction of the Hercynian folding, although most of the parish territory would be Precambrian or Cambrian in age. All of this forms part of the Noia Complex or Blastomylonitic Trough.<\/p>\n\n\n\n<p>There are only three villages: A Toxa, Vilar do Mato and Zas. Its demographic evolution has been as follows: 11 households in 1607; 46 households and 159 inhabitants in 1753; 43 households in 1769; 24 households and 120 inhabitants (1836); 26 households and 128 inhabitants (1845); 439 inhabitants (1928); 636 (1970); 558 (1981); 487 (1991); 497 (2001); 517 (2006); 525 (2011); 471 (2014); 461 (2015) and 451 inhabitants (2016).<\/p>\n\n\n\n<p>There was continuous growth from 1900 to 1960; in the years after 1960, after a slight drop until 1991, the population stabilised and in 2012 it even had more inhabitants than at the beginning of this century. Only in the last four years has it clearly begun to lose population.<\/p>\n\n\n\n<p>As for the name of the parish and the concello, it was thought that it might come from the Germanic *SALA, meaning \u2018manor house, principal residence\u2019, but at present some believe that it may come from the Latin *SALIX, in its derived form SALICE (willow).<\/p>\n\n\n\n<p>The parish church, dating from 1540, was altered in 1618 \u2013 under the direction of <em>J\u00e1come F\u00e9rnandez<\/em>, master builder of Santiago Cathedral \u2013 and again in 1791, 1815, 1838, 1848 and 1987. The belfry dates from 1893. The ground plan is that of a hall church, with a square main chapel and a rectangular nave. It was commissioned by the nobleman \u00c1lvaro N\u00fa\u00f1ez de Lamas, and the stone tombs of both him and his mother are preserved.<\/p>\n\n\n\n<p>Noteworthy features include the main altar \u2013 which contains the images of <em>Santo Andr\u00e9, Santa B\u00e1rbara and Saint Blaise (san Brais)<\/em> \u2013 in a late Neoclassical style, and the stone altarpiece of Our Lady of Mount Carmel, the work of the artist from Sandrexo <em>Francisco Castro Agud\u00edn<\/em>, which still retains some Baroque traits but is predominantly Neoclassical.<\/p>\n\n\n\n<p>The noble Lamas family, originally from the parish of the same name, played a major role here: they ordered the construction of the church, founded the entails (majorats) of Sas and Brandomil and eventually became related by marriage to the Caama\u00f1o de Romelle family, who went on to be the <em>presenteiros<\/em>.<\/p>\n\n\n\n<p>In the south-eastern part of the churchyard there is a finely crafted stone cross (<em>cruceiro<\/em>) with the figures of Christ and Our Lady of Mount Carmel holding the Child; the figures were carved by Francisco Rodeiro, a sculptor from Santiago de Compostela, in 1857.<\/p>\n\n\n\n<p>In the so-called Campo do Carme stands the Casa do Concello (Town Hall), which was opened in 1951 after around a hundred years of formalities. It imitates the structure of the Torres do Allo and is one of the most beautiful in the whole Costa da Morte. The master stonemason who built it was <em>Severino Abelenda Gra\u00ed\u00f1o<\/em>.<\/p>\n\n\n\n<p>In the early decades of the 20th century it had two fairs: the one moved from A Santa (Mu\u00ed\u00f1o) and the one transferred from Gontalde (Mira), the latter lasting significantly longer than the former.<\/p>\n\n\n\n<p>Among the local figures of note we should mention Manuel Mar\u00eda Pose de Prado, from Vilar do Mato, who emigrated at a very young age to Argentina, where he amassed a considerable fortune that he later left to charitable works, including the creation of a Commercial College in Zas that never actually came into being.<\/p>\n\n\n\n<p>We should not forget the Festa da Carballeira, a folk pilgrimage festival known throughout Galicia for the quality of the musicians who perform there and which has already reached its 34th edition.<\/p>\n","protected":false},"featured_media":21223,"template":"","class_list":["post-28136","parroquias","type-parroquias","status-publish","has-post-thumbnail","hentry"],"_links":{"self":[{"href":"https:\/\/concellodezas.gal\/en\/wp-json\/wp\/v2\/parroquias\/28136","targetHints":{"allow":["GET"]}}],"collection":[{"href":"https:\/\/concellodezas.gal\/en\/wp-json\/wp\/v2\/parroquias"}],"about":[{"href":"https:\/\/concellodezas.gal\/en\/wp-json\/wp\/v2\/types\/parroquias"}],"version-history":[{"count":1,"href":"https:\/\/concellodezas.gal\/en\/wp-json\/wp\/v2\/parroquias\/28136\/revisions"}],"predecessor-version":[{"id":28137,"href":"https:\/\/concellodezas.gal\/en\/wp-json\/wp\/v2\/parroquias\/28136\/revisions\/28137"}],"wp:featuredmedia":[{"embeddable":true,"href":"https:\/\/concellodezas.gal\/en\/wp-json\/wp\/v2\/media\/21223"}],"wp:attachment":[{"href":"https:\/\/concellodezas.gal\/en\/wp-json\/wp\/v2\/media?parent=28136"}],"curies":[{"name":"wp","href":"https:\/\/api.w.org\/{rel}","templated":true}]}}

<p>When the first municipalities were established in 1820, the parish of Zas was the capital of one of the three (Allo, Muíño and Zas) that would form the current municipal territory from 1836 onwards.</p>



<p>During the Ancien Regime it belonged to the jurisdiction of Soneira (which was under royal domain), in addition to that of Vimianzo, in which the <em>presenteiros</em> were the Caamaño de Romelle family.</p>



<p>It covers approximately 10.2 km<sup>2</sup>&nbsp;and is the parish in the concello that borders the largest number of others. In the spot known as A Pedra dos Cregos there is a point where four parishes meet: Carreira, to the NE; Lamas, to the NW; Mira, to the E and to the N, in addition to Zas itself. Very close by, to the N, lies San Cremenzo de Pazos, although without actually touching it. To the W it has a short stretch bordering the parish of Vilar. To the SE are Santo Adrián do Castro and San Martiño de Meanos. To the E are the parishes of Santa Sabiña, along a very short stretch, and Cícere, both belonging to the concello of Santa Comba.</p>



<p>Because of its elongated shape – from the concello of Santa Comba to the parish of Lamas – it displays a varied relief: level areas at considerable height on the boundary with Santa Comba; relatively steep slopes down to Vilar do Mato; and low, flat land in the central and western sectors.</p>



<p>It is drained by the río de Zas – a left-bank tributary of the río do Porto (or río Grande) – and by the small Follente stream.</p>



<p>Geologically, it shows landforms and structures oriented from N to S, following the direction of the Hercynian folding, although most of the parish territory would be Precambrian or Cambrian in age. All of this forms part of the Noia Complex or Blastomylonitic Trough.</p>



<p>There are only three villages: A Toxa, Vilar do Mato and Zas. Its demographic evolution has been as follows: 11 households in 1607; 46 households and 159 inhabitants in 1753; 43 households in 1769; 24 households and 120 inhabitants (1836); 26 households and 128 inhabitants (1845); 439 inhabitants (1928); 636 (1970); 558 (1981); 487 (1991); 497 (2001); 517 (2006); 525 (2011); 471 (2014); 461 (2015) and 451 inhabitants (2016).</p>



<p>There was continuous growth from 1900 to 1960; in the years after 1960, after a slight drop until 1991, the population stabilised and in 2012 it even had more inhabitants than at the beginning of this century. Only in the last four years has it clearly begun to lose population.</p>



<p>As for the name of the parish and the concello, it was thought that it might come from the Germanic *SALA, meaning ‘manor house, principal residence’, but at present some believe that it may come from the Latin *SALIX, in its derived form SALICE (willow).</p>



<p>The parish church, dating from 1540, was altered in 1618 – under the direction of <em>Jácome Férnandez</em>, master builder of Santiago Cathedral – and again in 1791, 1815, 1838, 1848 and 1987. The belfry dates from 1893. The ground plan is that of a hall church, with a square main chapel and a rectangular nave. It was commissioned by the nobleman Álvaro Núñez de Lamas, and the stone tombs of both him and his mother are preserved.</p>



<p>Noteworthy features include the main altar – which contains the images of <em>Santo André, Santa Bárbara and Saint Blaise (san Brais)</em> – in a late Neoclassical style, and the stone altarpiece of Our Lady of Mount Carmel, the work of the artist from Sandrexo <em>Francisco Castro Agudín</em>, which still retains some Baroque traits but is predominantly Neoclassical.</p>



<p>The noble Lamas family, originally from the parish of the same name, played a major role here: they ordered the construction of the church, founded the entails (majorats) of Sas and Brandomil and eventually became related by marriage to the Caamaño de Romelle family, who went on to be the <em>presenteiros</em>.</p>



<p>In the south-eastern part of the churchyard there is a finely crafted stone cross (<em>cruceiro</em>) with the figures of Christ and Our Lady of Mount Carmel holding the Child; the figures were carved by Francisco Rodeiro, a sculptor from Santiago de Compostela, in 1857.</p>



<p>In the so-called Campo do Carme stands the Casa do Concello (Town Hall), which was opened in 1951 after around a hundred years of formalities. It imitates the structure of the Torres do Allo and is one of the most beautiful in the whole Costa da Morte. The master stonemason who built it was <em>Severino Abelenda Graíño</em>.</p>



<p>In the early decades of the 20th century it had two fairs: the one moved from A Santa (Muíño) and the one transferred from Gontalde (Mira), the latter lasting significantly longer than the former.</p>



<p>Among the local figures of note we should mention Manuel María Pose de Prado, from Vilar do Mato, who emigrated at a very young age to Argentina, where he amassed a considerable fortune that he later left to charitable works, including the creation of a Commercial College in Zas that never actually came into being.</p>



<p>We should not forget the Festa da Carballeira, a folk pilgrimage festival known throughout Galicia for the quality of the musicians who perform there and which has already reached its 34th edition.</p>
