{"id":30264,"date":"2026-01-28T11:01:59","date_gmt":"2026-01-28T10:01:59","guid":{"rendered":"https:\/\/concellodezas.gal\/?post_type=axenda&#038;p=30264"},"modified":"2026-01-28T11:02:00","modified_gmt":"2026-01-28T10:02:00","slug":"contacontos-teatral-cores-e-persoas","status":"publish","type":"axenda","link":"https:\/\/concellodezas.gal\/en\/axenda\/contacontos-teatral-cores-e-persoas\/","title":{"rendered":"Contacontos teatral &#8216;Cores e Persoas&#8217;"},"content":{"rendered":"\n<p>Espect\u00e1culo infantil \u201cCores e Persoas\u201d, da compa\u00f1\u00eda Trinketrinke Teatro. Unha divertida sesi\u00f3n de contacontos teatral pensada para o p\u00fablico familiar.<\/p>\n\n\n\n<p><\/p>\n","protected":false},"featured_media":30265,"template":"","categorias-axenda":[453,455],"class_list":["post-30264","axenda","type-axenda","status-publish","has-post-thumbnail","hentry","categorias-axenda-literatura","categorias-axenda-teatro"],"_links":{"self":[{"href":"https:\/\/concellodezas.gal\/en\/wp-json\/wp\/v2\/axenda\/30264","targetHints":{"allow":["GET"]}}],"collection":[{"href":"https:\/\/concellodezas.gal\/en\/wp-json\/wp\/v2\/axenda"}],"about":[{"href":"https:\/\/concellodezas.gal\/en\/wp-json\/wp\/v2\/types\/axenda"}],"version-history":[{"count":1,"href":"https:\/\/concellodezas.gal\/en\/wp-json\/wp\/v2\/axenda\/30264\/revisions"}],"predecessor-version":[{"id":30266,"href":"https:\/\/concellodezas.gal\/en\/wp-json\/wp\/v2\/axenda\/30264\/revisions\/30266"}],"wp:featuredmedia":[{"embeddable":true,"href":"https:\/\/concellodezas.gal\/en\/wp-json\/wp\/v2\/media\/30265"}],"wp:attachment":[{"href":"https:\/\/concellodezas.gal\/en\/wp-json\/wp\/v2\/media?parent=30264"}],"wp:term":[{"taxonomy":"categorias-axenda","embeddable":true,"href":"https:\/\/concellodezas.gal\/en\/wp-json\/wp\/v2\/categorias-axenda?post=30264"}],"curies":[{"name":"wp","href":"https:\/\/api.w.org\/{rel}","templated":true}]}}

<p>Espectáculo infantil “Cores e Persoas”, da compañía Trinketrinke Teatro. Unha divertida sesión de contacontos teatral pensada para o público familiar.</p>



<p></p>
